000
CXUS55 KPUB 011210
CF6LXV
PRELIMINARY LOCAL CLIMATOLOGICAL DATA (WS FORM: F-6)
STATION: LEADVILLE CO
MONTH: JUNE
YEAR: 2022
LATITUDE: 39 15 N
LONGITUDE: 106 18 W
TEMPERATURE IN F: :PCPN: SNOW: WIND :SUNSHINE: SKY :PK WND
================================================================================
1 2 3 4 5 6A 6B 7 8 9 10 11 12 13 14 15 16 17 18
12Z AVG MX 2MIN
DY MAX MIN AVG DEP HDD CDD WTR SNW DPTH SPD SPD DIR MIN PSBL S-S WX SPD DR
================================================================================
1 60 33 47 1 18 0 0.07 M M 6.5 20 230 M M 6 1 35 270
2 64 35 50 3 15 0 0.00 M M 4.7 18 300 M M 3 12 27 320
3 65 34 50 3 15 0 0.00 M M 5.9 26 280 M M 5 39 290
4 67 27 47 0 18 0 0.00 M M 6.9 21 300 M M 2 28 310
5 64 36 50 2 15 0 0.00 M M 7.5 21 300 M M 4 31 300
6 67 33 50 2 15 0 T M M 8.6 31 20 M M 5 44 30
7 66 32 49 1 16 0 0.00 M M 8.1 23 300 M M 1 40 240
8 70 31 51 3 14 0 0.00 M M 7.1 22 310 M M 0 34 310
9 71 37 54 5 11 0 T M M 8.4 28 290 M M 3 43 280
10 76 36 56 7 9 0 0.00 M M 8.6 25 300 M M 1 8 38 300
11 77 38 58 9 7 0 0.00 M M 6.5 21 300 M M 1 33 300
12 73 39 56 7 9 0 0.00 M M 8.9 25 180 M M 3 35 280
13 74 49 62 12 3 0 0.00 M M 12.4 35 230 M M 2 8 56 180
14 63 36 50 0 15 0 T M M 9.2 25 200 M M 4 38 280
15 70 33 52 2 13 0 0.00 M M 9.7 21 360 M M 0 30 350
16 77 27 52 2 13 0 0.00 M M 5.8 26 190 M M 1 35 180
17 72 40 56 5 9 0 T M M 5.3 30 210 M M 3 3 53 200
18 66 46 56 5 9 0 0.15 M M 6.0 28 190 M M 8 13 40 190
19 60 39 50 -1 15 0 0.15 M M 6.9 26 180 M M 5 1 37 230
20 63 35 49 -2 16 0 T M M 9.3 28 250 M M 2 41 280
21 70 27 49 -3 16 0 0.00 M M 6.6 20 190 M M 1 31 180
22 65 29 47 -5 18 0 0.00 M M 6.9 25 180 M M 1 32 200
23 70 31 51 -1 14 0 0.04 M M 7.2 23 190 M M 3 13 29 190
24 67 34 51 -1 14 0 T M M 7.1 23 310 M M 2 3 34 300
25 67 31 49 -3 16 0 T M M 7.7 20 180 M M 5 27 40
26 56 38 47 -5 18 0 0.26 M M 5.1 20 190 M M 8 1 25 190
27 70 33 52 -1 13 0 T M M 6.1 21 30 M M 2 3 32 40
28 69 33 51 -2 14 0 0.01 M M 4.9 21 30 M M 1 3 34 50
29 74 35 55 2 10 0 T M M 8.7 21 10 M M 2 3 34 270
30 63 44 54 1 11 0 0.32 M M 4.8 20 360 M M 7 13 30 360
================================================================================
SM 2036 1051 399 0 1.00 M 217.4 M 91
================================================================================
AV 67.9 35.0 7.2 FASTST M M 3 MAX(MPH)
MISC ----> 35 230 56 180
================================================================================
NOTES:
# LAST OF SEVERAL OCCURRENCES
COLUMN 17 PEAK WIND IN M.P.H.
PRELIMINARY LOCAL CLIMATOLOGICAL DATA (WS FORM: F-6) , PAGE 2
STATION: LEADVILLE CO
MONTH: JUNE
YEAR: 2022
LATITUDE: 39 15 N
LONGITUDE: 106 18 W
[TEMPERATURE DATA] [PRECIPITATION DATA] SYMBOLS USED IN COLUMN 16
AVERAGE MONTHLY: 51.5 TOTAL FOR MONTH: 1.00 1 = FOG OR MIST
DPTR FM NORMAL: 1.4 DPTR FM NORMAL: 0.18 2 = FOG REDUCING VISIBILITY
HIGHEST: 77 ON 16,11 GRTST 24HR 0.32 ON 30-30 TO 1/4 MILE OR LESS
LOWEST: 27 ON 21,16 3 = THUNDER
SNOW, ICE PELLETS, HAIL 4 = ICE PELLETS
TOTAL MONTH: M 5 = HAIL
GRTST 24HR M ON M 6 = FREEZING RAIN OR DRIZZLE
GRTST DEPTH: M ON M 7 = DUSTSTORM OR SANDSTORM:
VSBY 1/2 MILE OR LESS
8 = SMOKE OR HAZE
[NO. OF DAYS WITH] [WEATHER - DAYS WITH] 9 = BLOWING SNOW
X = TORNADO
MAX 32 OR BELOW: 0 0.01 INCH OR MORE: 7
MAX 90 OR ABOVE: 0 0.10 INCH OR MORE: 4
MIN 32 OR BELOW: 8 0.50 INCH OR MORE: 0
MIN 0 OR BELOW: 0 1.00 INCH OR MORE: 0
[HDD (BASE 65) ]
TOTAL THIS MO. 399 CLEAR (SCALE 0-3) 19
DPTR FM NORMAL -48 PTCLDY (SCALE 4-7) 10
TOTAL FM JUL 1 10573 CLOUDY (SCALE 8-10) 1
DPTR FM NORMAL -488
[CDD (BASE 65) ]
TOTAL THIS MO. 0
DPTR FM NORMAL 0 [PRESSURE DATA]
TOTAL FM JAN 1 0 HIGHEST SLP M ON M
DPTR FM NORMAL 0 LOWEST SLP 29.40 ON 13
[REMARKS]
#FINAL-06-22#