000
CXUS55 KPUB 011310
CF6LXV
PRELIMINARY LOCAL CLIMATOLOGICAL DATA (WS FORM: F-6)
STATION: LEADVILLE CO
MONTH: JANUARY
YEAR: 2022
LATITUDE: 39 15 N
LONGITUDE: 106 18 W
TEMPERATURE IN F: :PCPN: SNOW: WIND :SUNSHINE: SKY :PK WND
================================================================================
1 2 3 4 5 6A 6B 7 8 9 10 11 12 13 14 15 16 17 18
12Z AVG MX 2MIN
DY MAX MIN AVG DEP HDD CDD WTR SNW DPTH SPD SPD DIR MIN PSBL S-S WX SPD DR
================================================================================
1 11 -11 0 -17 65 0 0.06 M M 10.4 24 10 M M 7 189 35 10
2 29 -13 8 -9 57 0 0.00 M M 6.8 17 20 M M 0 23 20
3 38 -2 18 1 47 0 0.00 M M 5.5 14 350 M M 0 22 360
4 26 14 20 3 45 0 T M M 12.6 28 300 M M 6 8 44 320
5 26 17 22 5 43 0 0.12 M M 17.2 30 290 M M 10 53 290
6 37 23 30 13 35 0 0.16 M M 11.6 33 300 M M M 57 300
7 46 23 35 18 30 0 0.00 M M 8.8 21 360 M M 0 34 10
8 36 -3 17 0 48 0 0.03 M M 8.1 24 10 M M 4 128 33 10
9 29 -7 11 -6 54 0 0.00 M M 7.2 16 300 M M 0 21 300
10 37 -3 17 0 48 0 0.00 M M 4.8 12 180 M M 0 15 170
11 38 4 21 4 44 0 0.00 M M 7.5 14 310 M M 0 19 340
12 38 9 24 7 41 0 0.00 M M 8.1 17 360 M M 0 25 340
13 50 11 31 14 34 0 0.00 M M 5.0 12 70 M M 1 16 40
14 32 11 22 5 43 0 0.01 M M 11.7 23 20 M M 8 1 36 10
15 37 2 20 3 45 0 0.00 M M 10.3 25 20 M M 0 33 10
16 40 8 24 7 41 0 0.00 M M 7.0 18 300 M M 0 27 360
17 41 8 25 8 40 0 0.00 M M 7.5 17 300 M M 0 23 310
18 37 9 23 6 42 0 0.00 M M 7.2 16 310 M M 3 24 350
19 31 3 17 0 48 0 0.00 M M 8.0 15 310 M M 2 21 290
20 26 -2 12 -5 53 0 0.00 M M 8.3 21 310 M M 5 28 300
21 27 13 20 3 45 0 0.08 M M 8.8 20 20 M M 10 1 26 360
22 32 4 18 1 47 0 0.00 M M 6.0 15 310 M M 4 20 330
23 38 -3 18 1 47 0 0.00 M M 7.1 17 310 M M 0 26 330
24 30 2 16 -1 49 0 0.00 M M 5.9 18 300 M M 3 26 300
25 21 1 11 -6 54 0 0.06 M M 5.9 20 190 M M 9 12 26 200
26 25 -10 8 -9 57 0 0.00 M M 7.5 17 320 M M 1 23 330
27 19 -7 6 -11 59 0 0.20 M M 5.6 14 180 M M 7 128 18 340
28 31 -10 11 -6 54 0 0.00 M M 7.9 14 350 M M 0 20 360
29 43 -1 21 4 44 0 0.00 M M 6.9 14 40 M M 0 18 60
30 45 -3 21 4 44 0 0.00 M M 5.8 14 10 M M 0 20 360
31 38 2 20 3 45 0 0.00 M M 9.5 24 280 M M 0 40 310
================================================================================
SM 1034 89 1448 0 0.72 M 250.5 M 80
================================================================================
AV 33.4 2.9 8.1 FASTST M M 3 MAX(MPH)
MISC ----> 33 300 57 300
================================================================================
NOTES:
# LAST OF SEVERAL OCCURRENCES
COLUMN 17 PEAK WIND IN M.P.H.
PRELIMINARY LOCAL CLIMATOLOGICAL DATA (WS FORM: F-6) , PAGE 2
STATION: LEADVILLE CO
MONTH: JANUARY
YEAR: 2022
LATITUDE: 39 15 N
LONGITUDE: 106 18 W
[TEMPERATURE DATA] [PRECIPITATION DATA] SYMBOLS USED IN COLUMN 16
AVERAGE MONTHLY: 18.1 TOTAL FOR MONTH: 0.72 1 = FOG OR MIST
DPTR FM NORMAL: 1.0 DPTR FM NORMAL: -0.27 2 = FOG REDUCING VISIBILITY
HIGHEST: 50 ON 13 GRTST 24HR 0.38 ON 31- 1 TO 1/4 MILE OR LESS
LOWEST: -13 ON 2 3 = THUNDER
SNOW, ICE PELLETS, HAIL 4 = ICE PELLETS
TOTAL MONTH: M 5 = HAIL
GRTST 24HR M ON M 6 = FREEZING RAIN OR DRIZZLE
GRTST DEPTH: M ON M 7 = DUSTSTORM OR SANDSTORM:
VSBY 1/2 MILE OR LESS
8 = SMOKE OR HAZE
[NO. OF DAYS WITH] [WEATHER - DAYS WITH] 9 = BLOWING SNOW
X = TORNADO
MAX 32 OR BELOW: 15 0.01 INCH OR MORE: 8
MAX 90 OR ABOVE: 0 0.10 INCH OR MORE: 3
MIN 32 OR BELOW: 31 0.50 INCH OR MORE: 0
MIN 0 OR BELOW: 13 1.00 INCH OR MORE: 0
[HDD (BASE 65) ]
TOTAL THIS MO. 1448 CLEAR (SCALE 0-3) 19
DPTR FM NORMAL -38 PTCLDY (SCALE 4-7) 8
TOTAL FM JUL 1 5703 CLOUDY (SCALE 8-10) 4
DPTR FM NORMAL -582
[CDD (BASE 65) ]
TOTAL THIS MO. 0
DPTR FM NORMAL 0 [PRESSURE DATA]
TOTAL FM JAN 1 0 HIGHEST SLP 30.85 ON 10
DPTR FM NORMAL 0 LOWEST SLP 29.38 ON 1
[REMARKS]
#FINAL-01-22#