000
CXUS55 KPUB 011310
CF6LXV
PRELIMINARY LOCAL CLIMATOLOGICAL DATA (WS FORM: F-6)
STATION: LEADVILLE CO
MONTH: JANUARY
YEAR: 2024
LATITUDE: 39 15 N
LONGITUDE: 106 18 W
TEMPERATURE IN F: :PCPN: SNOW: WIND :SUNSHINE: SKY :PK WND
================================================================================
1 2 3 4 5 6A 6B 7 8 9 10 11 12 13 14 15 16 17 18
12Z AVG MX 2MIN
DY MAX MIN AVG DEP HDD CDD WTR SNW DPTH SPD SPD DIR MIN PSBL S-S WX SPD DR
================================================================================
1 39 4 22 5 43 0 0.00 M M 3.2 13 20 M M 2 16 30
2 36 -1 18 1 47 0 0.00 M M 4.3 14 320 M M 0 21 340
3 32 0 16 -1 49 0 0.00 M M 4.6 13 180 M M 0 16 170
4 26 12 19 2 46 0 T M M 4.1 16 360 M M 9 8 21 10
5 23 4 14 -3 51 0 0.02 M M 7.8 17 10 M M 9 18 24 360
6 18 -3 8 -9 57 0 0.03 M M 7.0 20 310 M M 4 1 26 310
7 16 -2 7 -10 58 0 T M M 4.0 16 200 M M 6 1 21 210
8 16 -4 6 -11 59 0 0.00 M M 11.5 24 350 M M 5 8 35 340
9 26 -6 10 -7 55 0 0.02 M M 10.4 26 300 M M 7 8 41 290
10 19 7 13 -4 52 0 0.11 M M 11.1 33 290 M M 9 18 52 290
11 12 0 6 -11 59 0 0.11 M M 7.6 21 310 M M 10 18 31 300
12 13 1 7 -10 58 0 0.13 M M 15.8 35 300 M M 10 8 58 300
13 18 10 14 -3 51 0 0.11 M M 16.7 40 300 M M 10 1289 65 310
14 27 15 21 4 44 0 0.64 M M 10.0 26 280 M M 10 12 38 300
15 19 0 10 -7 55 0 0.11 M M 15.4 36 300 M M 10 18 52 310
16 21 1 11 -6 54 0 T M M 11.4 22 10 M M 5 8 40 10
17 28 17 23 6 42 0 0.20 M M 9.6 18 320 M M 8 128 32 360
18 31 8 20 3 45 0 0.12 M M 10.4 26 300 M M 6 1 42 320
19 36 5 21 4 44 0 0.00 M M 7.6 16 310 M M 5 23 10
20 40 10 25 8 40 0 0.00 M M 3.7 13 270 M M 2 18 280
21 37 16 27 10 38 0 0.02 M M 4.0 12 20 M M 8 1 20 360
22 37 12 25 8 40 0 T M M 3.2 14 350 M M 8 1 19 360
23 31 12 22 5 43 0 T M M 3.0 12 200 M M 9 1 14 220
24 33 6 20 3 45 0 T M M 3.6 17 300 M M 8 22 310
25 33 8 21 4 44 0 0.01 M M 3.9 12 350 M M 8 18 17 350
26 32 4 18 1 47 0 T M M 6.0 14 310 M M 6 18 20 310
27 35 3 19 2 46 0 0.00 M M 7.0 14 350 M M 2 20 30
28 46 14 30 13 35 0 0.00 M M 8.3 14 30 M M 0 18 340
29 44 16 30 13 35 0 0.00 M M 4.8 16 360 M M 3 23 360
30 48 7 28 11 37 0 0.00 M M 4.6 13 300 M M 0 17 320
31 48 9 29 12 36 0 0.00 M M 5.7 14 310 M M 1 19 310
================================================================================
SM 920 185 1455 0 1.63 M 230.3 M 180
================================================================================
AV 29.7 6.0 7.4 FASTST M M 6 MAX(MPH)
MISC ----> 40 300 65 310
================================================================================
NOTES:
# LAST OF SEVERAL OCCURRENCES
COLUMN 17 PEAK WIND IN M.P.H.
PRELIMINARY LOCAL CLIMATOLOGICAL DATA (WS FORM: F-6) , PAGE 2
STATION: LEADVILLE CO
MONTH: JANUARY
YEAR: 2024
LATITUDE: 39 15 N
LONGITUDE: 106 18 W
[TEMPERATURE DATA] [PRECIPITATION DATA] SYMBOLS USED IN COLUMN 16
AVERAGE MONTHLY: 17.8 TOTAL FOR MONTH: 1.63 1 = FOG OR MIST
DPTR FM NORMAL: 0.7 DPTR FM NORMAL: 0.64 2 = FOG REDUCING VISIBILITY
HIGHEST: 48 ON 31,30 GRTST 24HR 0.64 ON 14-14 TO 1/4 MILE OR LESS
LOWEST: -6 ON 9 3 = THUNDER
SNOW, ICE PELLETS, HAIL 4 = ICE PELLETS
TOTAL MONTH: M 5 = HAIL
GRTST 24HR M ON M 6 = FREEZING RAIN OR DRIZZLE
GRTST DEPTH: M ON M 7 = DUSTSTORM OR SANDSTORM:
VSBY 1/2 MILE OR LESS
8 = SMOKE OR HAZE
[NO. OF DAYS WITH] [WEATHER - DAYS WITH] 9 = BLOWING SNOW
X = TORNADO
MAX 32 OR BELOW: 18 0.01 INCH OR MORE: 13
MAX 90 OR ABOVE: 0 0.10 INCH OR MORE: 8
MIN 32 OR BELOW: 31 0.50 INCH OR MORE: 1
MIN 0 OR BELOW: 8 1.00 INCH OR MORE: 0
[HDD (BASE 65) ]
TOTAL THIS MO. 1455 CLEAR (SCALE 0-3) 9
DPTR FM NORMAL -31 PTCLDY (SCALE 4-7) 12
TOTAL FM JUL 1 5520 CLOUDY (SCALE 8-10) 10
DPTR FM NORMAL -765
[CDD (BASE 65) ]
TOTAL THIS MO. 0
DPTR FM NORMAL 0 [PRESSURE DATA]
TOTAL FM JAN 1 0 HIGHEST SLP 30.55 ON 27
DPTR FM NORMAL 0 LOWEST SLP 29.29 ON 11
[REMARKS]
#FINAL-01-24#