000
CXUS51 KRNK 010755
CLMLYH
CLIMATE REPORT
NATIONAL WEATHER SERVICE BLACKSBURG, VA
255 AM EST FRI DEC 01 2023
...................................
...THE LYNCHBURG VA CLIMATE SUMMARY FOR THE MONTH OF NOVEMBER 2023...
CLIMATE NORMAL PERIOD: 1991 TO 2020
CLIMATE RECORD PERIOD: 1893 TO 2023
WEATHER OBSERVED NORMAL DEPART LAST YEAR`S
VALUE DATE(S) VALUE FROM VALUE
NORMAL
..............................................................
TEMPERATURE (F)
RECORD
HIGH 84 11/07/2022
LOW 8 11/25/1970
HIGHEST 83 11/09 84
LOWEST 20 11/28 22
AVG. MAXIMUM 60.5 58.2 2.3 62.7
AVG. MINIMUM 32.6 34.8 -2.2 39.4
MEAN 46.5 46.5 0.0 51.1
DAYS MAX >= 90 0 0.0 0.0 0
DAYS MAX <= 32 0 0.0 0.0 0
DAYS MIN <= 32 17 13.0 4.0 12
DAYS MIN <= 0 0 0.0 0.0 0
PRECIPITATION (INCHES)
RECORD
MAXIMUM 8.77 1985
MINIMUM 0.19 1922
TOTALS 2.26 3.39 -1.13 4.73
DAYS >= .01 3 8.1 -5.1 8
DAYS >= .10 1 5.1 -4.1 6
DAYS >= .50 1 2.4 -1.4 3
DAYS >= 1.00 1 1.2 -0.2 1
GREATEST
24 HR. TOTAL 2.23 2.19
SNOWFALL (INCHES)
TOTALS 0.0 0.0 0.0 0.0
DAYS >= TRACE 0 0.0 0.0 0
DAYS >= 1.0 0 0.0 0.0 0
GREATEST
24 HR TOTAL 0.0 0.0
DEGREE DAYS
HEATING TOTAL 543 556 -13 432
COOLING TOTAL 0 1 -1 21
..............................................................
WIND (MPH)
AVERAGE WIND SPEED 3.7
RESULTANT WIND SPEED/DIRECTION 0/010
HIGHEST WIND SPEED/DIRECTION 17/070 DATE 11/10
17/050 11/25
17/310 11/28
HIGHEST GUST SPEED/DIRECTION 34/290 DATE 11/28
SKY COVER
AVERAGE SKY COVER 0.15
AVERAGE RH (PERCENT) 61
WEATHER CONDITIONS. NUMBER OF DAYS WITH
THUNDERSTORM 0 MIXED PRECIP 0
HEAVY RAIN 1 RAIN 1
LIGHT RAIN 7 FREEZING RAIN 0
LT FREEZING RAIN 0 HAIL 0
HEAVY SNOW 0 SNOW 0
LIGHT SNOW 0 SLEET 0
FOG 6 FOG W/VIS <= 1/4 MILE 1
HAZE 5
- INDICATES NEGATIVE NUMBERS.
R INDICATES RECORD WAS SET OR TIED.
MM INDICATES DATA IS MISSING.
T INDICATES TRACE AMOUNT.
$$
PW