000
CXUS54 KLZK 011230
CF6M19
PRELIMINARY LOCAL CLIMATOLOGICAL DATA (WS FORM: F-6)
STATION: NEWPORT AIRPORT
MONTH: MAY
YEAR: 2023
LATITUDE: 35 35 N
LONGITUDE: 91 16 W
TEMPERATURE IN F: :PCPN: SNOW: WIND :SUNSHINE: SKY :PK WND
================================================================================
1 2 3 4 5 6A 6B 7 8 9 10 11 12 13 14 15 16 17 18
12Z AVG MX 2MIN
DY MAX MIN AVG DEP HDD CDD WTR SNW DPTH SPD SPD DIR MIN PSBL S-S WX SPD DR
================================================================================
1 69 47 58 -7 7 0 0.00 M M 12.2 22 290 M M 0 31 290
2 71 47 59 -7 6 0 0.00 M M 11.3 24 330 M M 0 33 330
3 74 45 60 -6 5 0 0.00 M M 7.1 14 330 M M 0 M M
4 76 47 62 -4 3 0 0.00 M M 5.0 15 160 M M 3 16 190
5 73 59 66 0 0 1 0.00 M M 10.4 14 120 M M 10 17 120
6 87 63 75 8 0 10 0.00 M M 12.4 17 180 M M 7 22 170
7 87 71 79 12 0 14 0.00 M M 14.4 21 200 M M 4 30 200
8 86 71 79 12 0 14 0.00 M M 11.5 21 220 M M 5 24 210
9 90 67 79 11 0 14 0.00 M M 14.4 20 30 M M 4 27 30
10 84 65 75 7 0 10 0.23 M M 11.3 17 50 M M 7 13 37 110
11 81 67 74 6 0 9 1.81 M M 9.0 25 160 M M 8 13 32 150
12 83 68 76 8 0 11 0.00 M M 8.8 13 180 M M 5 M M
13 87 67 77 8 0 12 0.00 M M 8.2 15 200 M M 3 M M
14 89 69 79 10 0 14 0.00 M M 3.9 13 100 M M 1 1 M M
15 89 69 79 10 0 14 0.00 M M 7.0 17 210 M M 1 23 210
16 83 69 76 7 0 11 0.00 M M 10.1 16 20 M M 5 M M
17 79 66 73 3 0 8 0.00 M M 8.4 14 20 M M 8 M M
18 85 62 74 4 0 9 0.00 M M 6.1 8 90 M M 4 16 90
19 85 62 74 4 0 9 0.45 M M 6.8 14 300 M M 3 1 M M
20 74 58 66 -5 0 1 0.00 M M 11.0 22 30 M M 5 1 30 360
21 76 54 65 -6 0 0 0.00 M M 6.5 13 30 M M 0 M M
22 81 56 69 -2 0 4 0.00 M M 6.6 10 60 M M 0 18 60
23 84 59 72 1 0 7 0.00 M M 6.9 13 100 M M 3 20 120
24 85 62 74 2 0 9 0.00 M M 5.9 13 70 M M 2 1 M M
25 87 61 74 2 0 9 0.00 M M 8.9 17 50 M M 3 M M
26 81 59 70 -2 0 5 0.00 M M 11.4 17 40 M M 0 24 40
27 82 53 68 -5 0 3 0.00 M M 5.8 16 130 M M 1 8 18 120
28 84 58 71 -2 0 6 0.00 M M 5.1 10 30 M M 1 M M
29 86 58 72 -1 0 7 0.00 M M 3.4 9 100 M M 1 M M
30 89 62 76 2 0 11 0.00 M M 2.5 8 40 M M 1 M M
31 90 65 78 4 0 13 0.00 M M 4.3 8 150 M M 2 8 M M
================================================================================
SM 2557 1886 21 235 2.49 M 256.5 M 97
================================================================================
AV 82.5 60.8 8.3 FASTST M M 3 MAX(MPH)
MISC ----> 25 160 37 110
================================================================================
NOTES:
# LAST OF SEVERAL OCCURRENCES
COLUMN 17 PEAK WIND IN M.P.H.
PRELIMINARY LOCAL CLIMATOLOGICAL DATA (WS FORM: F-6) , PAGE 2
STATION: NEWPORT AIRPORT
MONTH: MAY
YEAR: 2023
LATITUDE: 35 35 N
LONGITUDE: 91 16 W
[TEMPERATURE DATA] [PRECIPITATION DATA] SYMBOLS USED IN COLUMN 16
AVERAGE MONTHLY: 71.7 TOTAL FOR MONTH: 2.49 1 = FOG OR MIST
DPTR FM NORMAL: 2.3 DPTR FM NORMAL: -2.46 2 = FOG REDUCING VISIBILITY
HIGHEST: 90 ON 31, 9 GRTST 24HR 1.81 ON 11-11 TO 1/4 MILE OR LESS
LOWEST: 45 ON 3 3 = THUNDER
SNOW, ICE PELLETS, HAIL 4 = ICE PELLETS
TOTAL MONTH: M 5 = HAIL
GRTST 24HR M ON M 6 = FREEZING RAIN OR DRIZZLE
GRTST DEPTH: M ON M 7 = DUSTSTORM OR SANDSTORM:
VSBY 1/2 MILE OR LESS
8 = SMOKE OR HAZE
[NO. OF DAYS WITH] [WEATHER - DAYS WITH] 9 = BLOWING SNOW
X = TORNADO
MAX 32 OR BELOW: 0 0.01 INCH OR MORE: 3
MAX 90 OR ABOVE: 2 0.10 INCH OR MORE: 3
MIN 32 OR BELOW: 0 0.50 INCH OR MORE: 1
MIN 0 OR BELOW: 0 1.00 INCH OR MORE: 1
[HDD (BASE 65) ]
TOTAL THIS MO. 21 CLEAR (SCALE 0-3) 17
DPTR FM NORMAL -14 PTCLDY (SCALE 4-7) 13
TOTAL FM JUL 1 3078 CLOUDY (SCALE 8-10) 1
DPTR FM NORMAL -540
[CDD (BASE 65) ]
TOTAL THIS MO. 235
DPTR FM NORMAL 62 [PRESSURE DATA]
TOTAL FM JAN 1 268 HIGHEST SLP M ON M
DPTR FM NORMAL 43 LOWEST SLP M ON M
[REMARKS]
#FINAL-05-23#