000
CXUS54 KLZK 011230
CF6M19
PRELIMINARY LOCAL CLIMATOLOGICAL DATA (WS FORM: F-6)
STATION: NEWPORT AIRPORT
MONTH: JANUARY
YEAR: 2022
LATITUDE: 35 35 N
LONGITUDE: 91 16 W
TEMPERATURE IN F: :PCPN: SNOW: WIND :SUNSHINE: SKY :PK WND
================================================================================
1 2 3 4 5 6A 6B 7 8 9 10 11 12 13 14 15 16 17 18
12Z AVG MX 2MIN
DY MAX MIN AVG DEP HDD CDD WTR SNW DPTH SPD SPD DIR MIN PSBL S-S WX SPD DR
================================================================================
1 68 40 54 17 11 0 1.92 M M 8.7 27 340 M M 10 123 40 330
2 40 23 32 -5 33 0 T M M 18.3 24 330 M M 9 31 330
3 35 18 27 -10 38 0 0.00 M M 7.0 17 330 M M 0 M M
4 42 24 33 -4 32 0 0.00 M M 11.6 21 160 M M 0 M M
5 50 33 42 5 23 0 T M M 7.7 15 340 M M 0 8 M M
6 35 20 28 -9 37 0 T M M 13.9 20 20 M M 7 1 22 340
7 33 17 25 -12 40 0 T M M 8.4 14 20 M M 0 18 M M
8 54 22 38 2 27 0 1.41 M M 6.8 15 170 M M 10 138 17 180
9 58 32 45 9 20 0 0.84 M M 16.6 24 360 M M 7 13 36 290
10 47 23 35 -1 30 0 0.00 M M 6.8 14 20 M M 0 M M
11 50 27 39 3 26 0 0.00 M M M M M M M M M M
12 60 31 46 10 19 0 0.00 M M 10.1 18 200 M M 0 M M
13 67 33 50 14 15 0 0.00 M M 8.0 18 350 M M 1 24 340
14 51 34 43 7 22 0 T M M 5.9 12 100 M M 2 18 M M
15 45 32 39 3 26 0 0.91 M M 17.5 29 40 M M 10 16 38 30
16 41 29 35 -1 30 0 T M M 16.3 28 10 M M 4 1 36 10
17 48 30 39 3 26 0 0.00 M M 8.5 16 310 M M 1 22 310
18 59 30 45 8 20 0 0.00 M M 10.7 21 190 M M 0 24 190
19 52 29 41 4 24 0 T M M 13.0 28 360 M M 9 1 36 10
20 29 18 24 -13 41 0 0.00 M M 17.6 23 360 M M 2 30 10
21 28 14 21 -16 44 0 0.00 M M 10.2 18 40 M M 0 M M
22 38 14 26 -11 39 0 0.00 M M 5.5 12 180 M M 0 M M
23 58 24 41 4 24 0 0.00 M M 8.0 14 210 M M 0 M M
24 63 27 45 8 20 0 0.00 M M 8.7 16 200 M M 1 M M
25 44 26 35 -2 30 0 0.00 M M 14.9 22 30 M M 1 25 30
26 32 21 27 -10 38 0 0.00 M M 10.4 16 30 M M 4 M M
27 41 24 33 -4 32 0 0.00 M M 2.3 7 310 M M 8 M M
28 45 22 34 -4 31 0 0.00 M M 12.9 26 310 M M 2 35 300
29 42 17 30 -8 35 0 0.00 M M 9.7 21 200 M M 0 M M
30 60 26 43 5 22 0 0.00 M M 6.5 12 280 M M 0 M M
31 64 25 45 7 20 0 0.00 M M 6.5 10 150 M M 0 M M
================================================================================
SM 1479 785 875 0 5.08 M 308.9 M 88
================================================================================
AV 47.7 25.3 10.3 FASTST M M 3 MAX(MPH)
MISC ----> 29 40 40 330
================================================================================
NOTES:
# LAST OF SEVERAL OCCURRENCES
COLUMN 17 PEAK WIND IN M.P.H.
PRELIMINARY LOCAL CLIMATOLOGICAL DATA (WS FORM: F-6) , PAGE 2
STATION: NEWPORT AIRPORT
MONTH: JANUARY
YEAR: 2022
LATITUDE: 35 35 N
LONGITUDE: 91 16 W
[TEMPERATURE DATA] [PRECIPITATION DATA] SYMBOLS USED IN COLUMN 16
AVERAGE MONTHLY: 36.5 TOTAL FOR MONTH: 5.08 1 = FOG OR MIST
DPTR FM NORMAL: -0.3 DPTR FM NORMAL: 1.52 2 = FOG REDUCING VISIBILITY
HIGHEST: 68 ON 1 GRTST 24HR 1.92 ON 1- 1 TO 1/4 MILE OR LESS
LOWEST: 14 ON 22,21 3 = THUNDER
SNOW, ICE PELLETS, HAIL 4 = ICE PELLETS
TOTAL MONTH: M 5 = HAIL
GRTST 24HR M ON M 6 = FREEZING RAIN OR DRIZZLE
GRTST DEPTH: M ON M 7 = DUSTSTORM OR SANDSTORM:
VSBY 1/2 MILE OR LESS
8 = SMOKE OR HAZE
[NO. OF DAYS WITH] [WEATHER - DAYS WITH] 9 = BLOWING SNOW
X = TORNADO
MAX 32 OR BELOW: 3 0.01 INCH OR MORE: 4
MAX 90 OR ABOVE: 0 0.10 INCH OR MORE: 4
MIN 32 OR BELOW: 27 0.50 INCH OR MORE: 4
MIN 0 OR BELOW: 0 1.00 INCH OR MORE: 2
[HDD (BASE 65) ]
TOTAL THIS MO. 875 CLEAR (SCALE 0-3) 20
DPTR FM NORMAL 2 PTCLDY (SCALE 4-7) 5
TOTAL FM JUL 1 1879 CLOUDY (SCALE 8-10) 6
DPTR FM NORMAL -416
[CDD (BASE 65) ]
TOTAL THIS MO. 0
DPTR FM NORMAL 0 [PRESSURE DATA]
TOTAL FM JAN 1 0 HIGHEST SLP M ON M
DPTR FM NORMAL 0 LOWEST SLP M ON M
[REMARKS]
#FINAL-01-22#