691
CXUS56 KHNX 120104 CCA
CF6MAE
PRELIMINARY LOCAL CLIMATOLOGICAL DATA (WS FORM: F-6)
STATION: MADERA CA AIRPORT
MONTH: JANUARY
YEAR: 2021
LATITUDE: 36 58 N
LONGITUDE: 120 7 W
TEMPERATURE IN F: :PCPN: SNOW: WIND :SUNSHINE: SKY :PK WND
================================================================================
1 2 3 4 5 6A 6B 7 8 9 10 11 12 13 14 15 16 17 18
12Z AVG MX 2MIN
DY MAX MIN AVG DEP HDD CDD WTR SNW DPTH SPD SPD DIR MIN PSBL S-S WX SPD DR
================================================================================
1 57 37 47 3 18 0 0.00 0.0 0 4.8 10 40 M M 1 18 12 70
2 62 37 50 6 15 0 T 0.0 0 3.5 10 50 M M 4 1 14 30
3 61 40 51 7 14 0 T 0.0 0 4.2 10 90 M M 3 128 13 290
4 62 41 52 8 13 0 T 0.0 0 4.8 15 120 M M 4 18 18 120
5 61 34 48 4 17 0 0.00 0.0 0 4.6 12 340 M M 0 12 13 310
6 60 34 47 3 18 0 0.00 0.0 0 2.7 10 270 M M 4 12 13 290
7 48 32 40 -5 25 0 0.00 0.0 0 2.3 12 280 M M 10 12 14 270
8 M 41 M M M M 0.00 0.0 0 5.3 13 340 M M 10 128 14 120
9 M 37 M M M M 0.00 0.0 0 3.5 12 320 M M 8 128 14 320
10 M 36 M M M M 0.00 0.0 0 3.3 10 300 M M 1 128 13 290
11 M 39 M M M M 0.00 0.0 0 3.1 9 110 M M 4 128 12 340
12 M 40 M M M M 0.00 0.0 0 2.4 8 160 M M 1 18 9 40
13 M 42 M M M M 0.00 0.0 0 3.6 9 290 M M 1 18 12 330
14 M 44 M M M M 0.00 0.0 0 2.5 9 60 M M 7 28 12 50
15 M 41 M M M M 0.00 0.0 0 4.6 10 300 M M 3 128 12 300
16 M 42 M M M M 0.00 0.0 0 2.8 9 50 M M 4 128 11 40
17 M 43 M M M M 0.00 0.0 0 2.4 10 50 M M 0 18 12 50
18 M 44 M M M M 0.00 0.0 0 3.9 12 320 M M 0 18 14 310
19 69 37 53 7 12 0 T 0.0 0 6.0 15 30 M M 1 8 20 40
20 66 29 48 2 17 0 0.00 0.0 0 2.4 7 70 M M 0 12 40
21 69 33 51 5 14 0 0.00 0.0 0 3.5 9 110 M M 0 11 50
22 55 40 48 2 17 0 0.17 0.0 0 5.5 18 310 M M 6 1 23 310
23 55 36 46 0 19 0 0.04 0.0 0 6.1 14 320 M M 6 1 18 340
24 57 37 47 1 18 0 0.06 0.0 0 4.6 10 150 M M 8 1 14 150
25 50 37 44 -3 21 0 0.01 0.0 0 8.3 18 310 M M 8 1 23 310
26 53 29 41 -6 24 0 M 0.0 0 9.0 28 120 M M 3 1 36 130
27 54 43 49 2 16 0 M 0.0 0 16.2 31 120 M M 9 1 39 130
28 53 46 50 3 15 0 M 0.0 0 12.1 22 120 M M 10 1 27 110
29 57 39 48 1 17 0 M 0.0 0 5.3 14 110 M M 5 1 18 110
30 60 36 48 0 17 0 0.00 0.0 0 3.0 10 170 M M 0 18 100
31 63 39 51 3 14 0 0.00 0.0 0 4.3 9 150 M M 2 22 130
================================================================================
SM 1172 1185 341 0 M 0.0 150.6 M 123
================================================================================
AV MM 38.2 4.9 FASTST M M 4 MAX(MPH)
MISC ----> 31 120 39 130
================================================================================
NOTES:
# LAST OF SEVERAL OCCURRENCES
COLUMN 17 PEAK WIND IN M.P.H.
PRELIMINARY LOCAL CLIMATOLOGICAL DATA (WS FORM: F-6) , PAGE 2
STATION: MADERA CA AIRPORT
MONTH: JANUARY
YEAR: 2021
LATITUDE: 36 58 N
LONGITUDE: 120 7 W
[TEMPERATURE DATA] [PRECIPITATION DATA] SYMBOLS USED IN COLUMN 16
AVERAGE MONTHLY: MM TOTAL FOR MONTH: MM 1 = FOG OR MIST
DPTR FM NORMAL: MM DPTR FM NORMAL: MM 2 = FOG REDUCING VISIBILITY
HIGHEST: 69 ON 21,19 GRTST 24HR MM ON MM-MM TO 1/4 MILE OR LESS
LOWEST: 29 ON 20,26 3 = THUNDER
SNOW, ICE PELLETS, HAIL 4 = ICE PELLETS
TOTAL MONTH: 0.0 INCH 5 = HAIL
GRTST 24HR 0.0 6 = FREEZING RAIN OR DRIZZLE
GRTST DEPTH: 0 7 = DUSTSTORM OR SANDSTORM:
VSBY 1/2 MILE OR LESS
8 = SMOKE OR HAZE
[NO. OF DAYS WITH] [WEATHER - DAYS WITH] 9 = BLOWING SNOW
X = TORNADO
MAX 32 OR BELOW: 0 0.01 INCH OR MORE: 4
MAX 90 OR ABOVE: 0 0.10 INCH OR MORE: 1
MIN 32 OR BELOW: 3 0.50 INCH OR MORE: 0
MIN 0 OR BELOW: 0 1.00 INCH OR MORE: 0
[HDD (BASE 65) ]
TOTAL THIS MO. 341 CLEAR (SCALE 0-3) 15
DPTR FM NORMAL -260 PTCLDY (SCALE 4-7) 10
TOTAL FM JUL 1 1299 CLOUDY (SCALE 8-10) 6
DPTR FM NORMAL -378
[CDD (BASE 65) ]
TOTAL THIS MO. 0
DPTR FM NORMAL 0 [PRESSURE DATA]
TOTAL FM JAN 1 0 HIGHEST SLP 30.44 ON 13
DPTR FM NORMAL 0 LOWEST SLP 29.70 ON 19
[REMARKS]
#FINAL-01-21#