000
CXUS54 KMAF 011420
CF6MAF
PRELIMINARY LOCAL CLIMATOLOGICAL DATA (WS FORM: F-6)
STATION: MIDLAND INTERNATIONAL AIRPORT
MONTH: NOVEMBER
YEAR: 2021
LATITUDE: 31 57 N
LONGITUDE: 102 11 W
TEMPERATURE IN F: :PCPN: SNOW: WIND :SUNSHINE: SKY :PK WND
================================================================================
1 2 3 4 5 6A 6B 7 8 9 10 11 12 13 14 15 16 17 18
12Z AVG MX 2MIN
DY MAX MIN AVG DEP HDD CDD WTR SNW DPTH SPD SPD DIR MIN PSBL S-S WX SPD DR
================================================================================
1 73 44 59 -1 6 0 0.00 0.0 0 7.2 15 160 M M 2 17 150
2 58 44 51 -9 14 0 0.00 0.0 0 11.0 20 60 M M 8 18 23 60
3 47 40 44 -15 21 0 T 0.0 0 10.4 17 20 M M 10 18 20 20
4 53 38 46 -13 19 0 0.00 0.0 0 4.7 10 120 M M 7 1 12 130
5 73 35 54 -4 11 0 0.00 0.0 M 8.7 15 160 M M 1 12 21 160
6 78 42 60 2 5 0 0.00 0.0 0 8.4 15 170 M M 2 128 19 150
7 80 45 63 5 2 0 0.00 0.0 M 11.3 17 150 M M 0 21 170
8 83 48 66 9 0 1 0.00 0.0 0 11.0 20 180 M M 0 25 180
9 80 51 66 9 0 1 0.00 0.0 0 7.1 16 170 M M 0 1 19 150
10 81 49 65 9 0 0 0.00 0.0 0 11.7 26 290 M M 0 18 36 320
11 68 42 55 -1 10 0 0.00 0.0 0 7.7 14 80 M M 0 8 19 140
12 63 40 52 -3 13 0 0.00 0.0 0 10.4 25 50 M M 0 8 31 50
13 74 33 54 -1 11 0 0.00 0.0 0 9.7 22 200 M M 0 27 200
14 71 42 57 2 8 0 0.00 0.0 0 9.1 25 50 M M 0 8 31 60
15 84 40 62 8 3 0 0.00 0.0 M 9.0 17 230 M M 0 27 120
16 85 48 67 13 0 2 0.00 0.0 M 12.1 24 230 M M 0 29 240
17 78 48 63 9 2 0 0.00 0.0 M 14.6 28 10 M M 0 8 33 40
18 56 33 45 -8 20 0 0.00 0.0 0 10.2 23 40 M M 0 29 30
19 68 36 52 -1 13 0 0.00 0.0 0 11.0 22 180 M M 0 27 170
20 81 39 60 8 5 0 0.00 0.0 0 9.7 17 220 M M 0 22 260
21 61 43 52 0 13 0 0.00 0.0 0 12.8 29 30 M M 0 8 36 40
22 65 32 49 -3 16 0 0.00 0.0 0 5.8 12 250 M M 0 8 15 190
23 73 38 56 5 9 0 0.00 0.0 0 11.5 21 200 M M 0 25 200
24 73 47 60 9 5 0 0.00 0.0 0 9.7 20 260 M M 1 25 250
25 55 38 47 -4 18 0 0.00 0.0 0 12.7 28 40 M M 0 36 50
26 60 29 45 -5 20 0 0.00 0.0 0 6.2 14 170 M M 1 8 19 220
27 66 46 56 6 9 0 T 0.0 0 8.3 21 10 M M 7 24 360
28 65 37 51 1 14 0 0.00 0.0 0 6.5 15 70 M M 1 18 50
29 74 38 56 6 9 0 0.00 0.0 0 9.0 17 240 M M 0 29 100
30 75 43 59 10 6 0 0.00 0.0 0 7.5 15 240 M M 0 20 220
================================================================================
SM 2101 1228 282 4 T 0.0 285.0 M 40
================================================================================
AV 70.0 40.9 9.5 FASTST M M 1 MAX(MPH)
MISC ----> 29 30 # 36 320
================================================================================
NOTES:
# LAST OF SEVERAL OCCURRENCES
COLUMN 17 PEAK WIND IN M.P.H.
PRELIMINARY LOCAL CLIMATOLOGICAL DATA (WS FORM: F-6) , PAGE 2
STATION: MIDLAND INTERNATIONAL AIRPORT
MONTH: NOVEMBER
YEAR: 2021
LATITUDE: 31 57 N
LONGITUDE: 102 11 W
[TEMPERATURE DATA] [PRECIPITATION DATA] SYMBOLS USED IN COLUMN 16
AVERAGE MONTHLY: 55.5 TOTAL FOR MONTH: T 1 = FOG OR MIST
DPTR FM NORMAL: 1.2 DPTR FM NORMAL: -0.72 2 = FOG REDUCING VISIBILITY
HIGHEST: 85 ON 16 GRTST 24HR T ON 3- 3 TO 1/4 MILE OR LESS
LOWEST: 29 ON 26 3 = THUNDER
SNOW, ICE PELLETS, HAIL 4 = ICE PELLETS
TOTAL MONTH: 0.0 INCH 5 = HAIL
GRTST 24HR 0.0 6 = FREEZING RAIN OR DRIZZLE
GRTST DEPTH: 0 7 = DUSTSTORM OR SANDSTORM:
VSBY 1/2 MILE OR LESS
8 = SMOKE OR HAZE
[NO. OF DAYS WITH] [WEATHER - DAYS WITH] 9 = BLOWING SNOW
X = TORNADO
MAX 32 OR BELOW: 0 0.01 INCH OR MORE: 0
MAX 90 OR ABOVE: 0 0.10 INCH OR MORE: 0
MIN 32 OR BELOW: 2 0.50 INCH OR MORE: 0
MIN 0 OR BELOW: 0 1.00 INCH OR MORE: 0
[HDD (BASE 65) ]
TOTAL THIS MO. 282 CLEAR (SCALE 0-3) 26
DPTR FM NORMAL -52 PTCLDY (SCALE 4-7) 3
TOTAL FM JUL 1 336 CLOUDY (SCALE 8-10) 1
DPTR FM NORMAL -87
[CDD (BASE 65) ]
TOTAL THIS MO. 4
DPTR FM NORMAL -9 [PRESSURE DATA]
TOTAL FM JAN 1 2257 HIGHEST SLP 30.54 ON 18
DPTR FM NORMAL -415 LOWEST SLP 29.73 ON 10
[REMARKS]
#FINAL-11-21#