000
CXUS53 KABR 012159
CF6MBG
PRELIMINARY LOCAL CLIMATOLOGICAL DATA (WS FORM: F-6)
STATION: MOBRIDGE SD
MONTH: MARCH
YEAR: 2023
LATITUDE: 45 32 N
LONGITUDE: 100 25 W
TEMPERATURE IN F: :PCPN: SNOW: WIND :SUNSHINE: SKY :PK WND
================================================================================
1 2 3 4 5 6A 6B 7 8 9 10 11 12 13 14 15 16 17 18
12Z AVG MX 2MIN
DY MAX MIN AVG DEP HDD CDD WTR SNW DPTH SPD SPD DIR MIN PSBL S-S WX SPD DR
================================================================================
1 28 0 14 -13 51 0 0.21 3.0 9 13.3 28 10 M M 6 128 39 10
2 31 3 17 -10 48 0 T T 7 8.5 20 170 M M 3 23 170
3 43 15 29 1 36 0 0.00 0.0 7 5.8 17 320 M M 0 18 23 330
4 40 15 28 0 37 0 0.00 0.0 5 5.9 15 320 M M 1 19 320
5 36 28 32 4 33 0 0.21 3.0 4 19.2 28 120 M M 10 12 36 80
6 28 7 18 -11 47 0 0.08 1.0 8 12.6 25 30 M M 5 1 35 60
7 15 5 10 -19 55 0 0.32 4.0 9 7.6 15 90 M M 10 18 20 80
8 21 10 16 -14 49 0 T T 12 7.2 16 50 M M 10 8 21 50
9 28 14 21 -9 44 0 0.16 2.0 12 8.8 17 50 M M 10 1 22 60
10 28 22 25 -6 40 0 T T 14 17.4 36 130 M M 10 18 45 120
11 33 22 28 -3 37 0 0.03 T 14 21.4 37 140 M M 7 18 49 130
12 22 3 13 -19 52 0 T T 12 17.7 31 320 M M 7 8 42 320
13 20 -6 7 -25 58 0 0.00 0.0 12 10.4 21 150 M M 0 26 160
14 42 15 29 -4 36 0 0.00 0.0 12 9.6 24 160 M M 0 30 170
15 36 19 28 -5 37 0 T T 10 13.4 25 360 M M 7 168 38 80
16 31 22 27 -7 38 0 0.02 T 8 16.8 28 330 M M 7 1 35 340
17 27 7 17 -17 48 0 0.01 T 8 17.5 32 320 M M 8 189 42 330
18 23 -1 11 -23 54 0 0.00 0.0 8 8.5 17 330 M M 0 25 340
19 38 7 23 -12 42 0 0.00 0.0 7 9.3 16 140 M M 0 20 160
20 27 5 16 -19 49 0 0.00 0.0 5 8.2 18 90 M M 0 25 90
21 27 12 20 -16 45 0 0.15 1.5 5 10.1 22 80 M M 8 128 29 80
22 27 2 15 -21 50 0 T T 7 4.5 15 320 M M 2 18 20 320
23 36 5 21 -16 44 0 0.00 0.0 7 4.9 13 170 M M 3 128 15 170
24 42 21 32 -5 33 0 0.00 0.0 5 6.2 13 80 M M 2 18 16 80
25 31 17 24 -13 41 0 T T 5 9.3 17 10 M M 9 1 24 360
26 31 9 20 -18 45 0 0.00 0.0 5 5.1 12 80 M M 3 18 14 80
27 29 15 22 -16 43 0 0.00 0.0 4 6.7 16 360 M M 8 18 20 360
28 27 8 18 -21 47 0 0.00 0.0 3 10.7 22 320 M M 1 28 320
29 29 1 15 -24 50 0 0.00 0.0 3 7.7 18 140 M M 1 22 140
30 33 23 28 -12 37 0 0.00 0.0 2 13.9 22 110 M M 4 28 70
31 30 19 25 -15 40 0 T T 2 17.2 28 340 M M 9 16 40 10
================================================================================
SM 939 344 1366 0 1.19 14.5 335.4 M 151
================================================================================
AV 30.3 11.1 10.8 FASTST M M 5 MAX(MPH)
MISC ----> 37 140 49 130
================================================================================
NOTES:
# LAST OF SEVERAL OCCURRENCES
COLUMN 17 PEAK WIND IN M.P.H.
PRELIMINARY LOCAL CLIMATOLOGICAL DATA (WS FORM: F-6) , PAGE 2
STATION: MOBRIDGE SD
MONTH: MARCH
YEAR: 2023
LATITUDE: 45 32 N
LONGITUDE: 100 25 W
[TEMPERATURE DATA] [PRECIPITATION DATA] SYMBOLS USED IN COLUMN 16
AVERAGE MONTHLY: 20.7 TOTAL FOR MONTH: 1.19 1 = FOG OR MIST
DPTR FM NORMAL: -12.7 DPTR FM NORMAL: 0.48 2 = FOG REDUCING VISIBILITY
HIGHEST: 43 ON 3 GRTST 24HR 0.48 ON 28- 1 TO 1/4 MILE OR LESS
LOWEST: -6 ON 13 3 = THUNDER
SNOW, ICE PELLETS, HAIL 4 = ICE PELLETS
TOTAL MONTH: 16.5 INCHES 5 = HAIL
GRTST 24HR 4.0 ON 7- 7 6 = FREEZING RAIN OR DRIZZLE
GRTST DEPTH: 14 ON 11,10 7 = DUSTSTORM OR SANDSTORM:
VSBY 1/2 MILE OR LESS
8 = SMOKE OR HAZE
[NO. OF DAYS WITH] [WEATHER - DAYS WITH] 9 = BLOWING SNOW
X = TORNADO
MAX 32 OR BELOW: 21 0.01 INCH OR MORE: 9
MAX 90 OR ABOVE: 0 0.10 INCH OR MORE: 5
MIN 32 OR BELOW: 31 0.50 INCH OR MORE: 0
MIN 0 OR BELOW: 3 1.00 INCH OR MORE: 0
[HDD (BASE 65) ]
TOTAL THIS MO. 1366 CLEAR (SCALE 0-3) 13
DPTR FM NORMAL 386 PTCLDY (SCALE 4-7) 11
TOTAL FM JUL 1 7159 CLOUDY (SCALE 8-10) 7
DPTR FM NORMAL 493
[CDD (BASE 65) ]
TOTAL THIS MO. 0
DPTR FM NORMAL 0 [PRESSURE DATA]
TOTAL FM JAN 1 0 HIGHEST SLP 30.58 ON 18
DPTR FM NORMAL 0 LOWEST SLP 29.47 ON 1
[REMARKS]
#FINAL-03-23#