000
CXUS53 KABR 011100
CF6MBG
PRELIMINARY LOCAL CLIMATOLOGICAL DATA (WS FORM: F-6)
STATION: MOBRIDGE SD
MONTH: JUNE
YEAR: 2022
LATITUDE: 45 32 N
LONGITUDE: 100 25 W
TEMPERATURE IN F: :PCPN: SNOW: WIND :SUNSHINE: SKY :PK WND
================================================================================
1 2 3 4 5 6A 6B 7 8 9 10 11 12 13 14 15 16 17 18
12Z AVG MX 2MIN
DY MAX MIN AVG DEP HDD CDD WTR SNW DPTH SPD SPD DIR MIN PSBL S-S WX SPD DR
================================================================================
1 72 38 55 -9 10 0 0.00 0.0 0 6.2 17 260 M M 0 24 260
2 74 40 57 -7 8 0 0.00 0.0 0 9.4 25 310 M M 0 36 290
3 72 36 54 -10 11 0 0.00 0.0 0 5.3 14 210 M M 1 20 200
4 70 45 58 -6 7 0 0.00 0.0 0 4.1 12 70 M M 5 16 70
5 66 54 60 -5 5 0 0.01 0.0 0 5.9 12 150 M M 9 M M
6 60 54 57 -8 8 0 0.41 0.0 0 9.4 22 70 M M 10 30 80
7 70 53 62 -3 3 0 0.01 0.0 0 4.1 12 200 M M 8 15 180
8 74 49 62 -4 3 0 0.00 0.0 0 3.2 12 290 M M 5 14 330
9 73 53 63 -3 2 0 T 0.0 0 4.2 14 160 M M 5 17 150
10 80 53 67 1 0 2 0.00 0.0 0 8.5 18 190 M M 3 12 28 190
11 86 62 74 7 0 9 0.04 0.0 0 6.0 16 310 M M 2 22 310
12 88 60 74 7 0 9 T 0.0 0 8.1 18 70 M M 0 3 27 70
13 87 63 75 8 0 10 1.82 0.0 0 11.8 36 10 M M 5 13 54 360
14 76 52 64 -4 1 0 0.05 0.0 0 13.4 29 320 M M 4 38 42 360
15 75 48 62 -6 3 0 0.00 0.0 0 13.3 30 270 M M 2 44 260
16 80 58 69 1 0 4 0.00 0.0 0 13.0 26 280 M M 0 38 280
17 84 57 71 3 0 6 0.00 0.0 0 13.7 25 140 M M 0 35 150
18 94 68 81 12 0 16 0.00 0.0 0 18.1 32 170 M M 0 46 170
19 98 72 85 16 0 20 0.39 0.0 0 13.4 37 220 M M 2 38 59 230
20 80 59 70 1 0 5 0.62 0.0 0 11.5 29 320 M M 4 138 45 320
21 77 54 66 -4 0 1 0.00 0.0 0 11.5 26 270 M M 2 8 36 270
22 83 53 68 -2 0 3 0.00 0.0 0 5.6 16 150 M M 0 21 130
23 95 59 77 7 0 12 0.00 0.0 0 5.1 18 120 M M 0 29 110
24 88 63 76 6 0 11 0.18 0.0 0 7.7 32 360 M M 1 13 47 360
25 73 54 64 -7 1 0 T 0.0 0 18.6 29 300 M M 4 41 320
26 78 50 64 -7 1 0 0.00 0.0 0 8.7 18 320 M M 1 26 320
27 87 50 69 -2 0 4 0.00 0.0 0 7.8 15 150 M M 0 20 340
28 87 55 71 -1 0 6 0.00 0.0 0 9.3 22 90 M M 0 29 90
29 99 64 82 10 0 17 0.20 0.0 0 9.7 24 240 M M 0 3 34 270
30 85 57 71 -1 0 6 0.05 0.0 0 10.3 21 330 M M 1 3 30 320
================================================================================
SM 2411 1633 63 141 3.78 0.0 276.9 M 74
================================================================================
AV 80.4 54.4 9.2 FASTST M M 2 MAX(MPH)
MISC ----> 37 220 59 230
================================================================================
NOTES:
# LAST OF SEVERAL OCCURRENCES
COLUMN 17 PEAK WIND IN M.P.H.
PRELIMINARY LOCAL CLIMATOLOGICAL DATA (WS FORM: F-6) , PAGE 2
STATION: MOBRIDGE SD
MONTH: JUNE
YEAR: 2022
LATITUDE: 45 32 N
LONGITUDE: 100 25 W
[TEMPERATURE DATA] [PRECIPITATION DATA] SYMBOLS USED IN COLUMN 16
AVERAGE MONTHLY: 67.4 TOTAL FOR MONTH: 3.78 1 = FOG OR MIST
DPTR FM NORMAL: -0.5 DPTR FM NORMAL: 0.70 2 = FOG REDUCING VISIBILITY
HIGHEST: 99 ON 29 GRTST 24HR 1.82 ON 13-13 TO 1/4 MILE OR LESS
LOWEST: 36 ON 3 3 = THUNDER
SNOW, ICE PELLETS, HAIL 4 = ICE PELLETS
TOTAL MONTH: 0.0 INCH 5 = HAIL
GRTST 24HR 0.0 6 = FREEZING RAIN OR DRIZZLE
GRTST DEPTH: 0 7 = DUSTSTORM OR SANDSTORM:
VSBY 1/2 MILE OR LESS
8 = SMOKE OR HAZE
[NO. OF DAYS WITH] [WEATHER - DAYS WITH] 9 = BLOWING SNOW
X = TORNADO
MAX 32 OR BELOW: 0 0.01 INCH OR MORE: 11
MAX 90 OR ABOVE: 4 0.10 INCH OR MORE: 6
MIN 32 OR BELOW: 0 0.50 INCH OR MORE: 2
MIN 0 OR BELOW: 0 1.00 INCH OR MORE: 1
[HDD (BASE 65) ]
TOTAL THIS MO. 63 CLEAR (SCALE 0-3) 19
DPTR FM NORMAL 11 PTCLDY (SCALE 4-7) 9
TOTAL FM JUL 1 7236 CLOUDY (SCALE 8-10) 2
DPTR FM NORMAL -317
[CDD (BASE 65) ]
TOTAL THIS MO. 141
DPTR FM NORMAL 2 [PRESSURE DATA]
TOTAL FM JAN 1 145 HIGHEST SLP 30.31 ON 26
DPTR FM NORMAL -22 LOWEST SLP 29.31 ON 14
[REMARKS]
#FINAL-06-22#