000
CXUS53 KABR 011200
CF6MBG
PRELIMINARY LOCAL CLIMATOLOGICAL DATA (WS FORM: F-6)
STATION: MOBRIDGE SD
MONTH: JANUARY
YEAR: 2022
LATITUDE: 45 32 N
LONGITUDE: 100 25 W
TEMPERATURE IN F: :PCPN: SNOW: WIND :SUNSHINE: SKY :PK WND
================================================================================
1 2 3 4 5 6A 6B 7 8 9 10 11 12 13 14 15 16 17 18
12Z AVG MX 2MIN
DY MAX MIN AVG DEP HDD CDD WTR SNW DPTH SPD SPD DIR MIN PSBL S-S WX SPD DR
================================================================================
1 -1 -18 -9 -27 74 0 0.00 0.0 2 4.3 13 310 M M 1 14 310
2 21 -13 4 -14 61 0 0.00 0.0 2 6.9 13 150 M M 0 15 150
3 26 7 17 0 48 0 0.00 0.0 2 6.5 21 90 M M 0 26 80
4 15 1 8 -9 57 0 T T 2 20.5 43 330 M M 5 89 57 330
5 4 -10 -3 -20 68 0 T T 2 22.6 36 320 M M 8 8 48 320
6 -5 -17 -11 -28 76 0 0.00 0.0 2 8.2 22 320 M M 0 29 310
7 19 -7 6 -11 59 0 0.00 0.0 2 14.5 30 150 M M 5 38 150
8 27 2 15 -2 50 0 0.00 0.0 2 16.0 35 330 M M 1 44 340
9 17 -7 5 -12 60 0 0.00 0.0 2 6.4 16 330 M M 2 22 320
10 21 -3 9 -8 56 0 0.00 0.0 2 7.6 17 160 M M 2 21 170
11 45 8 27 10 38 0 0.00 0.0 2 8.0 26 300 M M 1 39 300
12 47 29 38 22 27 0 0.00 0.0 T 5.4 16 310 M M 2 22 310
13 37 23 30 14 35 0 T T 0 9.8 22 140 M M 5 168 28 150
14 29 11 20 4 45 0 0.01 T T 13.2 25 360 M M 9 168 34 350
15 32 10 21 5 44 0 0.00 0.0 T 11.2 25 180 M M 6 32 170
16 45 23 34 18 31 0 0.00 0.0 0 9.8 28 330 M M 5 38 320
17 47 24 36 20 29 0 0.00 0.0 0 6.4 13 150 M M 3 15 150
18 43 6 25 9 40 0 T T 0 17.6 36 330 M M 5 8 47 330
19 9 -8 1 -15 64 0 0.00 0.0 0 14.2 29 330 M M 0 42 330
20 20 -10 5 -11 60 0 0.00 0.0 0 11.5 23 160 M M 0 30 160
21 44 13 29 13 36 0 0.04 T 0 14.4 31 320 M M 5 1 41 300
22 46 11 29 13 36 0 0.02 T T 11.2 32 320 M M 7 1 46 330
23 47 11 29 13 36 0 0.03 T T 10.2 20 310 M M 8 8 27 310
24 39 2 21 5 44 0 0.01 T T 10.8 25 10 M M 7 18 35 360
25 16 -2 7 -10 58 0 0.00 0.0 T 6.9 14 160 M M 0 8 17 170
26 48 7 28 11 37 0 T T 0 14.9 33 320 M M 4 48 310
27 34 16 25 8 40 0 T T 0 10.9 31 350 M M 9 44 350
28 45 18 32 15 33 0 0.00 0.0 0 5.3 10 170 M M 3 15 320
29 47 16 32 15 33 0 0.00 0.0 0 9.8 21 320 M M 0 27 350
30 52 17 35 18 30 0 0.00 0.0 0 8.8 17 180 M M 0 22 160
31 50 22 36 19 29 0 0.03 0.0 0 10.2 38 310 M M 2 53 310
================================================================================
SM 966 182 1434 0 0.14 T 334.0 M 105
================================================================================
AV 31.2 5.9 10.8 FASTST M M 3 MAX(MPH)
MISC ----> 43 330 57 330
================================================================================
NOTES:
# LAST OF SEVERAL OCCURRENCES
COLUMN 17 PEAK WIND IN M.P.H.
PRELIMINARY LOCAL CLIMATOLOGICAL DATA (WS FORM: F-6) , PAGE 2
STATION: MOBRIDGE SD
MONTH: JANUARY
YEAR: 2022
LATITUDE: 45 32 N
LONGITUDE: 100 25 W
[TEMPERATURE DATA] [PRECIPITATION DATA] SYMBOLS USED IN COLUMN 16
AVERAGE MONTHLY: 18.5 TOTAL FOR MONTH: 0.14 1 = FOG OR MIST
DPTR FM NORMAL: 1.7 DPTR FM NORMAL: -0.24 2 = FOG REDUCING VISIBILITY
HIGHEST: 52 ON 30 GRTST 24HR 0.04 ON 21-21 TO 1/4 MILE OR LESS
LOWEST: -18 ON 1 3 = THUNDER
SNOW, ICE PELLETS, HAIL 4 = ICE PELLETS
TOTAL MONTH: T 5 = HAIL
GRTST 24HR T ON 4- 4 6 = FREEZING RAIN OR DRIZZLE
GRTST DEPTH: 2 ON 11,10 7 = DUSTSTORM OR SANDSTORM:
VSBY 1/2 MILE OR LESS
8 = SMOKE OR HAZE
[NO. OF DAYS WITH] [WEATHER - DAYS WITH] 9 = BLOWING SNOW
X = TORNADO
MAX 32 OR BELOW: 15 0.01 INCH OR MORE: 6
MAX 90 OR ABOVE: 0 0.10 INCH OR MORE: 0
MIN 32 OR BELOW: 31 0.50 INCH OR MORE: 0
MIN 0 OR BELOW: 10 1.00 INCH OR MORE: 0
[HDD (BASE 65) ]
TOTAL THIS MO. 1434 CLEAR (SCALE 0-3) 16
DPTR FM NORMAL -62 PTCLDY (SCALE 4-7) 12
TOTAL FM JUL 1 3971 CLOUDY (SCALE 8-10) 3
DPTR FM NORMAL -485
[CDD (BASE 65) ]
TOTAL THIS MO. 0
DPTR FM NORMAL 0 [PRESSURE DATA]
TOTAL FM JAN 1 0 HIGHEST SLP 30.76 ON 20
DPTR FM NORMAL 0 LOWEST SLP 29.42 ON 31
[REMARKS]
#FINAL-01-22#