000
CXUS53 KDTX 041706
CF6MBS
PRELIMINARY LOCAL CLIMATOLOGICAL DATA (WS FORM: F-6)
STATION: TRI CITIES MI
MONTH: DECEMBER
YEAR: 2023
LATITUDE: 43 31 N
LONGITUDE: 84 5 W
TEMPERATURE IN F: :PCPN: SNOW: WIND :SUNSHINE: SKY :PK WND
================================================================================
1 2 3 4 5 6A 6B 7 8 9 10 11 12 13 14 15 16 17 18
12Z AVG MX 2MIN
DY MAX MIN AVG DEP HDD CDD WTR SNW DPTH SPD SPD DIR MIN PSBL S-S WX SPD DR
================================================================================
1 37 29 33 0 32 0 0.29 0.8 T 9.2 15 50 M M 8 1 21 50
2 38 33 36 3 29 0 0.10 0.1 0 10.3 15 30 M M 10 1 19 30
3 39 34 37 5 28 0 0.21 T 0 6.9 12 360 M M 10 1 17 50
4 39 31 35 3 30 0 0.01 T 0 6.6 15 260 M M 8 1 18 270
5 37 30 34 2 31 0 0.00 0.0 0 2.5 12 330 M M 9 15 340
6 40 28 34 2 31 0 T 0.2 0 6.3 18 210 M M 10 1 26 190
7 47 33 40 9 25 0 0.00 0.0 0 8.3 22 230 M M 5 1 31 210
8 52 34 43 12 22 0 0.00 0.0 0 10.2 17 180 M M 6 27 180
9 60 41 51 20 14 0 0.04 0.0 0 14.1 37 250 M M 6 51 240
10 42 30 36 6 29 0 0.00 0.0 0 11.8 21 230 M M 9 29 230
11 34 30 32 2 33 0 T T 0 11.5 21 230 M M 10 1 28 230
12 38 27 33 3 32 0 0.00 0.0 0 14.4 24 270 M M 5 31 270
13 36 22 29 -1 36 0 0.00 0.0 0 7.6 18 280 M M 4 25 280
14 48 26 37 8 28 0 0.00 0.0 0 10.9 23 250 M M 0 30 250
15 51 36 44 15 21 0 0.00 0.0 0 8.3 15 250 M M 1 18 21 250
16 53 37 45 16 20 0 0.00 0.0 0 8.3 16 140 M M 2 21 140
17 45 41 43 15 22 0 0.02 0.0 0 7.6 14 250 M M 10 1 19 260
18 41 29 35 7 30 0 0.10 0.9 0 17.2 32 330 M M 9 1 43 320
19 32 24 28 0 37 0 0.00 0.0 T 14.1 22 320 M M 7 37 300
20 39 28 34 6 31 0 0.00 0.0 0 5.7 16 220 M M 5 23 200
21 41 27 34 6 31 0 0.00 0.0 0 8.7 14 90 M M 5 18 18 100
22 40 33 37 10 28 0 0.11 0.0 0 6.5 12 110 M M 10 1 14 110
23 44 40 42 15 23 0 0.19 0.0 0 2.7 8 150 M M 10 1 11 170
24 46 40 43 16 22 0 0.00 0.0 0 5.4 10 120 M M 10 12 13 120
25 54 44 49 22 16 0 0.01 0.0 0 7.0 13 110 M M 7 12 15 110
26 54 47 51 25 14 0 0.16 0.0 0 5.8 13 110 M M 10 12 19 100
27 50 42 46 20 19 0 0.20 0.0 0 9.2 16 350 M M 10 1 21 330
28 43 41 42 16 23 0 0.11 0.0 0 12.6 20 40 M M 10 1 26 40
29 42 30 36 10 29 0 0.13 0.0 0 7.4 16 350 M M 9 1 19 350
30 35 27 31 5 34 0 0.00 0.0 0 4.4 8 250 M M 7 1 11 240
31 35 31 33 8 32 0 0.05 0.1 0 9.2 21 20 M M 10 1 27 20
================================================================================
SM 1332 1025 832 0 1.73 2.1 270.7 M 232
================================================================================
AV 43.0 33.1 8.7 FASTST M M 7 MAX(MPH)
MISC ----> 37 250 51 240
================================================================================
NOTES:
# LAST OF SEVERAL OCCURRENCES
COLUMN 17 PEAK WIND IN M.P.H.
PRELIMINARY LOCAL CLIMATOLOGICAL DATA (WS FORM: F-6) , PAGE 2
STATION: TRI CITIES MI
MONTH: DECEMBER
YEAR: 2023
LATITUDE: 43 31 N
LONGITUDE: 84 5 W
[TEMPERATURE DATA] [PRECIPITATION DATA] SYMBOLS USED IN COLUMN 16
AVERAGE MONTHLY: 38.0 TOTAL FOR MONTH: 1.73 1 = FOG OR MIST
DPTR FM NORMAL: 9.1 DPTR FM NORMAL: -0.12 2 = FOG REDUCING VISIBILITY
HIGHEST: 60 ON 9 GRTST 24HR 0.39 ON 1- 2 TO 1/4 MILE OR LESS
LOWEST: 22 ON 13 3 = THUNDER
SNOW, ICE PELLETS, HAIL 4 = ICE PELLETS
TOTAL MONTH: 2.1 INCHES 5 = HAIL
GRTST 24HR 0.9 ON 18-18 6 = FREEZING RAIN OR DRIZZLE
GRTST DEPTH: 1 ON M 7 = DUSTSTORM OR SANDSTORM:
VSBY 1/2 MILE OR LESS
8 = SMOKE OR HAZE
[NO. OF DAYS WITH] [WEATHER - DAYS WITH] 9 = BLOWING SNOW
X = TORNADO
MAX 32 OR BELOW: 1 0.01 INCH OR MORE: 15
MAX 90 OR ABOVE: 0 0.10 INCH OR MORE: 10
MIN 32 OR BELOW: 16 0.50 INCH OR MORE: 0
MIN 0 OR BELOW: 0 1.00 INCH OR MORE: 0
[HDD (BASE 65) ]
TOTAL THIS MO. 832 CLEAR (SCALE 0-3) 3
DPTR FM NORMAL -287 PTCLDY (SCALE 4-7) 12
TOTAL FM JUL 1 2080 CLOUDY (SCALE 8-10) 16
DPTR FM NORMAL -430
[CDD (BASE 65) ]
TOTAL THIS MO. 0
DPTR FM NORMAL 0 [PRESSURE DATA]
TOTAL FM JAN 1 587 HIGHEST SLP 30.66 ON 13
DPTR FM NORMAL -45 LOWEST SLP 29.52 ON 18
[REMARKS]
#FINAL-12-23#
CORRECTED SNOW DEPTH ON 12/19.