000
CXUS54 KLIX 010910
CF6MCB
PRELIMINARY LOCAL CLIMATOLOGICAL DATA (WS FORM: F-6)
STATION: MCCOMB
MONTH: OCTOBER
YEAR: 2020
LATITUDE: 31 10 N
LONGITUDE: 90 28 W
TEMPERATURE IN F: :PCPN: SNOW: WIND :SUNSHINE: SKY :PK WND
================================================================================
1 2 3 4 5 6A 6B 7 8 9 10 11 12 13 14 15 16 17 18
12Z AVG MX 2MIN
DY MAX MIN AVG DEP HDD CDD WTR SNW DPTH SPD SPD DIR MIN PSBL S-S WX SPD DR
================================================================================
1 85 52 69 -3 0 4 0.00 M M 4.9 13 340 M M 0 17 350
2 78 52 65 -6 0 0 0.00 M M 4.7 12 310 M M 0 14 340
3 77 51 64 -7 1 0 0.00 M M 2.6 8 20 M M 0 12 80
4 81 50 66 -4 0 1 0.00 M M 4.8 13 350 M M 0 16 350
5 81 57 69 -1 0 4 0.00 M M 5.0 10 360 M M 0 15 10
6 84 59 72 2 0 7 0.00 M M 5.2 13 360 M M 0 17 350
7 87 67 77 7 0 12 0.00 M M 3.5 8 20 M M 4 11 10
8 81 71 76 7 0 11 1.83 M M 5.1 13 80 M M 5 1 20 70
9 79 69 74 5 0 9 1.04 M M 11.2 37 140 M M 9 13 52 150
10 77 70 74 6 0 9 0.03 M M 12.8 38 160 M M 10 1 52 160
11 85 67 76 8 0 11 0.00 M M 5.0 14 310 M M 3 20 300
12 86 66 76 8 0 11 0.00 M M 4.8 14 290 M M 5 12 19 260
13 83 60 72 4 0 7 0.00 M M 6.2 13 340 M M 2 15 10
14 82 51 67 0 0 2 0.00 M M 1.4 7 190 M M 0 1 9 150
15 84 55 70 3 0 5 0.00 M M 3.3 14 10 M M 2 12 18 360
16 70 53 62 -5 3 0 0.07 M M 8.0 17 10 M M 6 1 27 30
17 73 48 61 -5 4 0 0.00 M M 3.3 13 110 M M 0 17 110
18 81 52 67 1 0 2 0.00 M M 5.1 14 130 M M 3 1 17 140
19 83 64 74 8 0 9 0.00 M M 2.4 13 160 M M 5 12 15 150
20 86 62 74 9 0 9 0.00 M M 2.0 9 80 M M 1 1 13 110
21 85 64 75 10 0 10 0.00 M M 3.6 10 50 M M 0 14 90
22 86 67 77 12 0 12 0.00 M M 3.6 9 110 M M 3 1 13 140
23 87 65 76 12 0 11 0.46 M M 3.5 15 190 M M 5 13 18 190
24 71 55 63 -1 2 0 T M M 8.4 14 340 M M 10 1 19 350
25 74 55 65 1 0 0 0.00 M M 4.9 9 330 M M 9 1 15 340
26 81 62 72 8 0 7 0.00 M M 3.6 10 130 M M 8 14 140
27 85 65 75 12 0 10 0.25 M M 4.0 14 110 M M 7 1 19 90
28 79 67 73 10 0 8 0.90 M M 9.3 23 70 M M 10 1 36 60
29 67 50 59 -4 6 0 T M M 11.4 22 280 M M 4 1 32 270
30 65 49 57 -5 8 0 0.00 M M 9.0 21 350 M M 5 28 340
31 71 43 57 -5 8 0 0.00 M M 1.8 8 200 M M 0 1 12 200
================================================================================
SM 2474 1818 32 171 4.58 M 164.4 M 116
================================================================================
AV 79.8 58.6 5.3 FASTST M M 4 MAX(MPH)
MISC ----> 38 160 # 52 150
================================================================================
NOTES:
# LAST OF SEVERAL OCCURRENCES
COLUMN 17 PEAK WIND IN M.P.H.
PRELIMINARY LOCAL CLIMATOLOGICAL DATA (WS FORM: F-6) , PAGE 2
STATION: MCCOMB
MONTH: OCTOBER
YEAR: 2020
LATITUDE: 31 10 N
LONGITUDE: 90 28 W
[TEMPERATURE DATA] [PRECIPITATION DATA] SYMBOLS USED IN COLUMN 16
AVERAGE MONTHLY: 69.2 TOTAL FOR MONTH: 4.58 1 = FOG OR MIST
DPTR FM NORMAL: 2.5 DPTR FM NORMAL: 0.83 2 = FOG REDUCING VISIBILITY
HIGHEST: 87 ON 23, 7 GRTST 24HR 2.23 ON 8- 9 TO 1/4 MILE OR LESS
LOWEST: 43 ON 31 3 = THUNDER
SNOW, ICE PELLETS, HAIL 4 = ICE PELLETS
TOTAL MONTH: 0.0 INCH 5 = HAIL
GRTST 24HR M ON M 6 = FREEZING RAIN OR DRIZZLE
GRTST DEPTH: M ON M 7 = DUSTSTORM OR SANDSTORM:
VSBY 1/2 MILE OR LESS
8 = SMOKE OR HAZE
[NO. OF DAYS WITH] [WEATHER - DAYS WITH] 9 = BLOWING SNOW
X = TORNADO
MAX 32 OR BELOW: 0 0.01 INCH OR MORE: 7
MAX 90 OR ABOVE: 0 0.10 INCH OR MORE: 5
MIN 32 OR BELOW: 0 0.50 INCH OR MORE: 3
MIN 0 OR BELOW: 0 1.00 INCH OR MORE: 2
[HDD (BASE 65) ]
TOTAL THIS MO. 32 CLEAR (SCALE 0-3) 16
DPTR FM NORMAL -43 PTCLDY (SCALE 4-7) 10
TOTAL FM JUL 1 33 CLOUDY (SCALE 8-10) 5
DPTR FM NORMAL -47
[CDD (BASE 65) ]
TOTAL THIS MO. 171
DPTR FM NORMAL 43 [PRESSURE DATA]
TOTAL FM JAN 1 2561 HIGHEST SLP 30.27 ON 17
DPTR FM NORMAL 328 LOWEST SLP 29.48 ON 10
[REMARKS]
#FINAL-10-20#