000
CXUS56 KHNX 011147
CF6MCE
PRELIMINARY LOCAL CLIMATOLOGICAL DATA (WS FORM: F-6)
STATION: MERCED CA AIRPORT
MONTH: JUNE
YEAR: 2022
LATITUDE: 37 16 N
LONGITUDE: 120 36 W
TEMPERATURE IN F: :PCPN: SNOW: WIND :SUNSHINE: SKY :PK WND
================================================================================
1 2 3 4 5 6A 6B 7 8 9 10 11 12 13 14 15 16 17 18
12Z AVG MX 2MIN
DY MAX MIN AVG DEP HDD CDD WTR SNW DPTH SPD SPD DIR MIN PSBL S-S WX SPD DR
================================================================================
1 95 54 75 4 0 10 0.00 0.0 0 5.5 13 330 M M 0 17 350
2 95 60 78 7 0 13 0.00 0.0 0 10.0 21 340 M M 0 24 330
3 90 62 76 5 0 11 0.00 0.0 0 11.7 22 340 M M 0 26 340
4 82 62 72 0 0 7 0.00 0.0 0 8.5 15 10 M M 3 19 340
5 88 65 77 5 0 12 0.00 0.0 0 9.1 16 340 M M 5 22 280
6 90 63 77 5 0 12 0.00 0.0 0 12.7 20 330 M M 0 25 340
7 95 57 76 4 0 11 0.00 0.0 0 9.6 21 330 M M 0 27 350
8 94 56 75 3 0 10 0.00 0.0 0 9.2 17 330 M M 0 22 340
9 97 61 79 6 0 14 0.00 0.0 0 8.1 18 310 M M 0 23 330
10 104 63 84 11 0 19 0.00 0.0 0 9.5 18 330 M M 0 23 320
11 103 65 84 11 0 19 0.00 0.0 0 12.0 18 340 M M 0 24 340
12 92 66 79 6 0 14 0.00 0.0 0 10.8 24 350 M M 2 30 350
13 85 58 72 -2 0 7 0.00 0.0 0 15.1 24 330 M M 0 31 340
14 90 59 75 1 0 10 0.00 0.0 0 11.0 21 340 M M 0 27 320
15 98 58 78 4 0 13 0.00 0.0 0 8.3 16 340 M M 0 22 340
16 92 59 76 2 0 11 0.00 0.0 0 10.7 21 330 M M 0 25 330
17 77 57 67 -7 0 2 0.00 0.0 0 9.3 18 330 M M 0 25 330
18 80 51 66 -9 0 1 0.00 0.0 0 8.7 18 340 M M 0 22 320
19 87 53 70 -5 0 5 0.00 0.0 0 10.6 21 330 M M 0 25 340
20 93 56 75 0 0 10 0.00 0.0 0 6.3 14 330 M M 0 18 330
21 102 59 81 5 0 16 0.00 0.0 0 6.6 16 330 M M 0 18 320
22 100 62 81 5 0 16 0.00 0.0 0 6.9 18 130 M M 0 3 30 130
23 102 72 87 11 0 22 0.00 0.0 0 7.8 15 40 M M 0 19 10
24 106 66 86 10 0 21 0.00 0.0 0 6.2 14 340 M M 0 17 340
25 104 66 85 9 0 20 0.00 0.0 0 7.6 15 330 M M 0 20 350
26 103 65 84 7 0 19 0.00 0.0 0 8.9 16 340 M M 0 19 340
27 105 65 85 8 0 20 0.00 0.0 0 8.8 20 340 M M 0 24 350
28 102 64 83 6 0 18 0.00 0.0 0 10.6 21 340 M M 0 25 350
29 100 66 83 6 0 18 0.00 0.0 0 7.3 14 350 M M 0 19 310
30 94 57 76 -1 0 11 0.00 0.0 0 6.0 14 350 M M 0 17 350
================================================================================
SM 2845 1827 0 392 0.00 0.0 273.4 M 10
================================================================================
AV 94.8 60.9 9.1 FASTST M M 0 MAX(MPH)
MISC ----> # 24 350 31 340
================================================================================
NOTES:
# LAST OF SEVERAL OCCURRENCES
COLUMN 17 PEAK WIND IN M.P.H.
PRELIMINARY LOCAL CLIMATOLOGICAL DATA (WS FORM: F-6) , PAGE 2
STATION: MERCED CA AIRPORT
MONTH: JUNE
YEAR: 2022
LATITUDE: 37 16 N
LONGITUDE: 120 36 W
[TEMPERATURE DATA] [PRECIPITATION DATA] SYMBOLS USED IN COLUMN 16
AVERAGE MONTHLY: 77.9 TOTAL FOR MONTH: 0.00 1 = FOG OR MIST
DPTR FM NORMAL: 3.7 DPTR FM NORMAL: -0.12 2 = FOG REDUCING VISIBILITY
HIGHEST: 106 ON 24 GRTST 24HR 0.00 ON 1- 1 TO 1/4 MILE OR LESS
LOWEST: 51 ON 18 3 = THUNDER
SNOW, ICE PELLETS, HAIL 4 = ICE PELLETS
TOTAL MONTH: 0.0 INCH 5 = HAIL
GRTST 24HR 0.0 6 = FREEZING RAIN OR DRIZZLE
GRTST DEPTH: 0 7 = DUSTSTORM OR SANDSTORM:
VSBY 1/2 MILE OR LESS
8 = SMOKE OR HAZE
[NO. OF DAYS WITH] [WEATHER - DAYS WITH] 9 = BLOWING SNOW
X = TORNADO
MAX 32 OR BELOW: 0 0.01 INCH OR MORE: 0
MAX 90 OR ABOVE: 24 0.10 INCH OR MORE: 0
MIN 32 OR BELOW: 0 0.50 INCH OR MORE: 0
MIN 0 OR BELOW: 0 1.00 INCH OR MORE: 0
[HDD (BASE 65) ]
TOTAL THIS MO. 0 CLEAR (SCALE 0-3) 29
DPTR FM NORMAL -4 PTCLDY (SCALE 4-7) 1
TOTAL FM JUL 1 2289 CLOUDY (SCALE 8-10) 0
DPTR FM NORMAL -259
[CDD (BASE 65) ]
TOTAL THIS MO. 392
DPTR FM NORMAL 113 [PRESSURE DATA]
TOTAL FM JAN 1 589 HIGHEST SLP 30.05 ON 19
DPTR FM NORMAL 165 LOWEST SLP 29.67 ON 16
[REMARKS]
#FINAL-06-22#