000
CXUS56 KHNX 021441
CLMMCE
CLIMATE REPORT
NATIONAL WEATHER SERVICE
741 AM PDT SAT SEP 02 2023
...................................
...THE MERCED CA AIRPORT CLIMATE SUMMARY FOR THE MONTH OF AUGUST 2023...
CLIMATE NORMAL PERIOD 1991 TO 2020
CLIMATE RECORD PERIOD 1928 TO 2023
WEATHER OBSERVED NORMAL DEPART LAST YEAR`S
VALUE DATE(S) VALUE FROM VALUE DATE(S)
NORMAL
................................................................
TEMPERATURE (F)
RECORD
HIGH 114 08/08/1905
LOW 36 08/23/1979
HIGHEST 104 08/15 MM 106 08/20
LOWEST 57 08/28 MM 58 08/13
08/29
08/30
MEAN 79.7 77.9 1.8 81.5
DAYS MAX >= 90 28 25.6 2.4 31
DAYS MIN <= 32 0 0.0 0.0 0
PRECIPITATION (INCHES)
RECORD
MAXIMUM 0.49 1965
MINIMUM 0.00 2022
TOTALS 0.07 0.00 0.07
DAYS >= .01 2 0.0 2.0 0
DAYS >= .10 0 0.0 0.0 0
DAYS >= .50 0 0.0 0.0 0
DAYS >= 1.00 0 0.0 0.0 0
SNOWFALL (INCHES)
RECORDS
TOTAL MM MM
TOTALS 0.0 MM
DEGREE DAYS
HEATING TOTAL 0 0 0 0
SINCE 7/1 0 0 0 MM
COOLING TOTAL 467 398 69 521
SINCE 1/1 1352 1256 96 MM
................................................................
WIND (MPH)
AVERAGE WIND SPEED 6.1
HIGHEST WIND SPEED/DIRECTION 22/130 DATE 08/21
HIGHEST GUST SPEED/DIRECTION 26/120 DATE 08/21
AVERAGE RH (PERCENT) 51
WEATHER CONDITIONS. NUMBER OF DAYS WITH
THUNDERSTORM 0 RAIN 0
HAIL 0 FOG 0
FOG W/VIS <= 1/4 MILE 0 HAZE 6
- INDICATES NEGATIVE NUMBERS.
R INDICATES RECORD WAS SET OR TIED.
MM INDICATES DATA IS MISSING.
T INDICATES TRACE AMOUNT.
$$