000
CXUS53 KEAX 061724
CLSMCI
CLIMATE REPORT
NATIONAL WEATHER SERVICE
1223 PM CDT MON JUN 06 2022
...................................
...THE KANSAS CITY INTERNATIONAL MO CLIMATE SUMMARY FOR THE SEASON, FROM
3/1/2022 TO 5/31/2022...
CLIMATE NORMAL PERIOD: 1991 TO 2020
CLIMATE RECORD PERIOD: 1888 TO 2022
WEATHER OBSERVED NORMAL DEPART LAST YEAR`S
VALUE DATE(S) VALUE FROM VALUE DATE(S)
NORMAL
................................................................
TEMPERATURE (F)
RECORD
HIGH 103 05/30/1934
LOW -10 03/04/1978
HIGHEST 93 05/12 88 5 88 05/26
LOWEST 6 03/12 14 -8 20 03/01
AVG. MAXIMUM 65.9 65.3 0.6 66.5
AVG. MINIMUM 44.1 43.9 0.2 46.4
MEAN 55.0 54.6 0.4 56.4
DAYS MAX >= 90 4 1.0 3.0 0
DAYS MAX <= 32 2 1.4 0.6 0
DAYS MIN <= 32 14 17.4 -3.4 9
DAYS MIN <= 0 0 0.2 -0.2 0
PRECIPITATION (INCHES)
RECORD
MAXIMUM 22.90 1904
MINIMUM 5.02 1928
TOTALS 15.95 11.73 4.22 13.88
DAILY AVG. 0.17 0.13 0.04 0.15
DAYS >= .01 34 32.9 1.1 35
DAYS >= .10 23 20.1 2.9 25
DAYS >= .50 12 8.1 3.9 9
DAYS >= 1.00 6 3.0 3.0 5
GREATEST
24 HR. TOTAL 2.96
SNOWFALL (INCHES)
RECORDS
TOTAL 40.2 1912
TOTALS 4.3 2.0 2.3 3.5
SINCE 7/1 19.7 18.2 1.5 MM
DAYS >= TRACE 9 2.1 6.9 1
DAYS >= 1.0 2 0.7 1.3 1
GREATEST
SNOW DEPTH 3R 03/11
24 HR TOTAL MM
DEGREE DAYS
HEATING TOTAL 1074 1079 -5 877
COOLING TOTAL 175 120 55 116
................................................................
WIND (MPH)
AVERAGE WIND SPEED 12.2
HIGHEST WIND SPEED/DIRECTION 44/180 DATE 04/12
HIGHEST GUST SPEED/DIRECTION 57/200 DATE 04/12
SKY COVER
POSSIBLE SUNSHINE (PERCENT) MM
AVERAGE SKY COVER 0.60
NUMBER OF DAYS FAIR 21
NUMBER OF DAYS PC 43
NUMBER OF DAYS CLOUDY 28
AVERAGE RH (PERCENT) 62
WEATHER CONDITIONS. NUMBER OF DAYS WITH
THUNDERSTORM 16 MIXED PRECIP 0
HEAVY RAIN 11 RAIN 17
LIGHT RAIN 43 FREEZING RAIN 1
LT FREEZING RAIN 1 HAIL 0
HEAVY SNOW 0 SNOW 2
LIGHT SNOW 9 SLEET 4
FOG 34 FOG W/VIS <= 1/4 MILE 4
HAZE 39
- INDICATES NEGATIVE NUMBERS.
R INDICATES RECORD WAS SET OR TIED.
MM INDICATES DATA IS MISSING.
T INDICATES TRACE AMOUNT.
$$