000
CXUS53 KGLD 011607
CF6MCK
PRELIMINARY LOCAL CLIMATOLOGICAL DATA (WS FORM: F-6)
STATION: MCCOOK NE
MONTH: DECEMBER
YEAR: 2023
LATITUDE: 40 13 N
LONGITUDE: 100 35 W
TEMPERATURE IN F: :PCPN: SNOW: WIND :SUNSHINE: SKY :PK WND
================================================================================
1 2 3 4 5 6A 6B 7 8 9 10 11 12 13 14 15 16 17 18
12Z AVG MX 2MIN
DY MAX MIN AVG DEP HDD CDD WTR SNW DPTH SPD SPD DIR MIN PSBL S-S WX SPD DR
================================================================================
1 38 17 28 -5 37 0 0.00 M M 5.0 9 200 M M 1 12 150
2 49 17 33 0 32 0 0.00 M M 5.8 15 310 M M 4 19 320
3 49 23 36 4 29 0 0.02 M M 13.5 36 330 M M 5 48 330
4 63 23 43 11 22 0 0.00 M M 11.0 30 350 M M 4 38 10
5 56 28 42 10 23 0 0.00 M M 6.7 14 290 M M 5 17 300
6 64 28 46 15 19 0 0.00 M M 5.4 13 250 M M 0 16 250
7 73 23 48 17 17 0 0.00 M M 9.7 23 320 M M 0 1 30 330
8 54 31 43 12 22 0 0.00 M M 11.0 23 330 M M 3 33 330
9 43 17 30 0 35 0 0.00 M M 15.9 36 330 M M 0 46 330
10 50 17 34 4 31 0 0.00 M M 7.5 16 320 M M 0 21 320
11 57 22 40 10 25 0 0.00 M M 8.1 14 260 M M 0 16 280
12 41 26 34 4 31 0 0.00 M M 9.4 18 90 M M 4 24 90
13 39 23 31 1 34 0 0.00 M M 3.8 10 110 M M 7 12 150
14 42 33 38 9 27 0 0.07 M M 9.0 20 170 M M 10 1 28 190
15 52 29 41 12 24 0 0.00 M M 8.2 23 360 M M 8 1 29 360
16 54 22 38 9 27 0 0.00 M M 9.6 18 320 M M 0 23 310
17 62 29 46 17 19 0 0.00 M M 9.6 18 340 M M 0 23 340
18 47 20 34 5 31 0 0.00 M M 7.4 18 190 M M 0 23 190
19 63 23 43 14 22 0 0.00 M M 5.2 13 300 M M 0 1 13 300
20 49 27 38 9 27 0 0.00 M M 4.0 12 300 M M 0 13 300
21 46 24 35 7 30 0 0.00 M M 3.6 8 250 M M 1 1 10 260
22 62 29 46 18 19 0 0.00 M M 6.4 16 250 M M 0 19 250
23 58 31 45 17 20 0 T M M 6.6 18 180 M M 5 18 28 180
24 53 29 41 13 24 0 0.11 M M 25.8 37 10 M M 10 129 48 360
25 29 25 27 -1 38 0 0.08 M M 23.5 32 310 M M 10 18 43 330
26 32 26 29 1 36 0 0.08 M M 21.0 30 330 M M 10 18 38 330
27 36 27 32 4 33 0 T M M 10.0 22 350 M M 10 18 27 360
28 36 24 30 2 35 0 T M M 11.1 18 360 M M 6 18 24 20
29 47 20 34 6 31 0 0.00 M M 9.6 15 300 M M 0 20 280
30 51 25 38 10 27 0 0.00 M M 7.8 13 320 M M 1 16 310
31 35 20 28 0 37 0 0.00 M M M M M M M M M M
================================================================================
SM 1530 758 864 0 0.36 M 291.2 M 104
================================================================================
AV 49.4 24.5 9.7 FASTST M M 3 MAX(MPH)
MISC ----> 37 10 # 48 330
================================================================================
NOTES:
# LAST OF SEVERAL OCCURRENCES
COLUMN 17 PEAK WIND IN M.P.H.
PRELIMINARY LOCAL CLIMATOLOGICAL DATA (WS FORM: F-6) , PAGE 2
STATION: MCCOOK NE
MONTH: DECEMBER
YEAR: 2023
LATITUDE: 40 13 N
LONGITUDE: 100 35 W
[TEMPERATURE DATA] [PRECIPITATION DATA] SYMBOLS USED IN COLUMN 16
AVERAGE MONTHLY: 36.9 TOTAL FOR MONTH: 0.36 1 = FOG OR MIST
DPTR FM NORMAL: 7.2 DPTR FM NORMAL: -0.08 2 = FOG REDUCING VISIBILITY
HIGHEST: 73 ON 7 GRTST 24HR 0.11 ON 24-24 TO 1/4 MILE OR LESS
LOWEST: 17 ON 10, 9 3 = THUNDER
SNOW, ICE PELLETS, HAIL 4 = ICE PELLETS
TOTAL MONTH: M 5 = HAIL
GRTST 24HR M ON M 6 = FREEZING RAIN OR DRIZZLE
GRTST DEPTH: M ON M 7 = DUSTSTORM OR SANDSTORM:
VSBY 1/2 MILE OR LESS
8 = SMOKE OR HAZE
[NO. OF DAYS WITH] [WEATHER - DAYS WITH] 9 = BLOWING SNOW
X = TORNADO
MAX 32 OR BELOW: 2 0.01 INCH OR MORE: 5
MAX 90 OR ABOVE: 0 0.10 INCH OR MORE: 1
MIN 32 OR BELOW: 30 0.50 INCH OR MORE: 0
MIN 0 OR BELOW: 0 1.00 INCH OR MORE: 0
[HDD (BASE 65) ]
TOTAL THIS MO. 864 CLEAR (SCALE 0-3) 16
DPTR FM NORMAL -232 PTCLDY (SCALE 4-7) 9
TOTAL FM JUL 1 1895 CLOUDY (SCALE 8-10) 6
DPTR FM NORMAL -465
[CDD (BASE 65) ]
TOTAL THIS MO. 0
DPTR FM NORMAL 0 [PRESSURE DATA]
TOTAL FM JAN 1 1128 HIGHEST SLP 30.65 ON 13
DPTR FM NORMAL -26 LOWEST SLP 29.49 ON 7
[REMARKS]
#FINAL-12-23#