000
CXUS52 KMLB 011600
CF6MCO
PRELIMINARY LOCAL CLIMATOLOGICAL DATA (WS FORM: F-6)
STATION: ORLANDO INTL
MONTH: NOVEMBER
YEAR: 2023
LATITUDE: 28 25 N
LONGITUDE: 81 19 W
TEMPERATURE IN F: :PCPN: SNOW: WIND :SUNSHINE: SKY :PK WND
================================================================================
1 2 3 4 5 6A 6B 7 8 9 10 11 12 13 14 15 16 17 18
12Z AVG MX 2MIN
DY MAX MIN AVG DEP HDD CDD WTR SNW DPTH SPD SPD DIR MIN PSBL S-S WX SPD DR
================================================================================
1 70 56 63 -8 2 0 0.00 0.0 0 14.5 24 20 M M 6 32 20
2 79 53 66 -5 0 1 0.00 0.0 0 13.1 24 50 M M 2 33 70
3 80 58 69 -2 0 4 T 0.0 0 10.3 22 20 M M 4 28 20
4 80 62 71 1 0 6 0.00 0.0 0 13.6 21 360 M M 4 28 10
5 82 57 70 0 0 5 0.00 0.0 0 9.3 17 340 M M 1 24 330
6 84 53 69 -1 0 4 0.00 0.0 0 6.2 14 20 M M 2 19 40
7 85 62 74 4 0 9 0.00 0.0 0 4.9 12 50 M M 3 15 330
8 85 62 74 4 0 9 0.00 0.0 0 3.0 13 120 M M 2 1 22 120
9 85 63 74 5 0 9 0.00 0.0 0 3.5 14 120 M M 4 1 20 110
10 89 68 79 10 0 14 0.00 0.0 0 5.0 14 100 M M 5 22 120
11 89 73 81 12 0 16 0.11 0.0 0 6.0 17 20 M M 7 1 22 20
12 79 69 74 5 0 9 T 0.0 0 10.9 23 160 M M 9 28 160
13 81 68 75 6 0 10 T 0.0 0 13.9 22 10 M M 10 1 27 10
14 79 68 74 6 0 9 0.07 0.0 0 12.5 24 80 M M 10 1 33 70
15 77 69 73 5 0 8 0.29 0.0 0 13.3 24 100 M M 10 1 41 90
16 72 69 71 3 0 6 3.48 0.0 0 10.1 20 80 M M 10 1 27 90
17 76 70 73 5 0 8 1.08 0.0 0 9.9 16 340 M M 10 1 21 60
18 79 66 73 5 0 8 T 0.0 0 9.4 17 330 M M 6 1 23 350
19 83 63 73 5 0 8 0.00 0.0 0 4.7 12 60 M M 1 16 60
20 84 64 74 7 0 9 0.00 0.0 0 5.2 13 80 M M 5 12 18 70
21 84 66 75 8 0 10 0.00 0.0 0 7.9 17 130 M M 5 1 23 130
22 82 65 74 7 0 9 0.04 0.0 0 10.0 21 240 M M 9 1 32 250
23 72 56 64 -3 1 0 0.00 0.0 0 6.9 17 340 M M 7 21 350
24 64 57 61 -6 4 0 T 0.0 0 5.9 13 350 M M 9 16 350
25 78 60 69 3 0 4 T 0.0 0 8.5 14 30 M M 8 19 20
26 79 65 72 6 0 7 0.14 0.0 0 6.7 17 200 M M 8 1 22 200
27 73 58 66 0 0 1 0.00 0.0 0 10.0 20 310 M M 7 27 290
28 59 48 54 -12 11 0 0.00 0.0 0 9.1 16 340 M M 8 22 330
29 70 46 58 -8 7 0 0.00 0.0 0 7.9 14 340 M M 4 18 340
30 76 49 63 -3 2 0 T 0.0 0 7.7 15 100 M M 5 22 130
================================================================================
SM 2355 1843 27 183 5.21 0.0 259.9 M 181
================================================================================
AV 78.5 61.4 8.7 FASTST M M 6 MAX(MPH)
MISC ----> # 24 20 41 90
================================================================================
NOTES:
# LAST OF SEVERAL OCCURRENCES
COLUMN 17 PEAK WIND IN M.P.H.
PRELIMINARY LOCAL CLIMATOLOGICAL DATA (WS FORM: F-6) , PAGE 2
STATION: ORLANDO INTL
MONTH: NOVEMBER
YEAR: 2023
LATITUDE: 28 25 N
LONGITUDE: 81 19 W
[TEMPERATURE DATA] [PRECIPITATION DATA] SYMBOLS USED IN COLUMN 16
AVERAGE MONTHLY: 70.0 TOTAL FOR MONTH: 5.21 1 = FOG OR MIST
DPTR FM NORMAL: 1.8 DPTR FM NORMAL: 3.42 2 = FOG REDUCING VISIBILITY
HIGHEST: 89 ON 11,10 GRTST 24HR 4.36 ON 16-17 TO 1/4 MILE OR LESS
LOWEST: 46 ON 29 3 = THUNDER
SNOW, ICE PELLETS, HAIL 4 = ICE PELLETS
TOTAL MONTH: 0.0 INCH 5 = HAIL
GRTST 24HR 0.0 6 = FREEZING RAIN OR DRIZZLE
GRTST DEPTH: 0 7 = DUSTSTORM OR SANDSTORM:
VSBY 1/2 MILE OR LESS
8 = SMOKE OR HAZE
[NO. OF DAYS WITH] [WEATHER - DAYS WITH] 9 = BLOWING SNOW
X = TORNADO
MAX 32 OR BELOW: 0 0.01 INCH OR MORE: 7
MAX 90 OR ABOVE: 0 0.10 INCH OR MORE: 5
MIN 32 OR BELOW: 0 0.50 INCH OR MORE: 2
MIN 0 OR BELOW: 0 1.00 INCH OR MORE: 2
[HDD (BASE 65) ]
TOTAL THIS MO. 27 CLEAR (SCALE 0-3) 6
DPTR FM NORMAL -16 PTCLDY (SCALE 4-7) 15
TOTAL FM JUL 1 28 CLOUDY (SCALE 8-10) 9
DPTR FM NORMAL -21
[CDD (BASE 65) ]
TOTAL THIS MO. 183
DPTR FM NORMAL 43 [PRESSURE DATA]
TOTAL FM JAN 1 4122 HIGHEST SLP 30.26 ON 2
DPTR FM NORMAL 747 LOWEST SLP 29.72 ON 17
[REMARKS]
#FINAL-11-23#