000
CXUS53 KDMX 010810
CF6MCW
PRELIMINARY LOCAL CLIMATOLOGICAL DATA (WS FORM: F-6)
STATION: MASON CITY IA
MONTH: APRIL
YEAR: 2023
LATITUDE: 43 9 N
LONGITUDE: 93 20 W
TEMPERATURE IN F: :PCPN: SNOW: WIND :SUNSHINE: SKY :PK WND
================================================================================
1 2 3 4 5 6A 6B 7 8 9 10 11 12 13 14 15 16 17 18
12Z AVG MX 2MIN
DY MAX MIN AVG DEP HDD CDD WTR SNW DPTH SPD SPD DIR MIN PSBL S-S WX SPD DR
================================================================================
1 42 28 35 -5 30 0 0.06 0.7 1 16.4 38 340 M M 3 1 49 340
2 65 30 48 7 17 0 0.00 0.0 0 15.0 30 170 M M 4 40 220
3 53 36 45 4 20 0 T 0.0 0 9.5 18 10 M M 10 24 10
4 47 33 40 -1 25 0 0.25 0.0 0 14.1 24 90 M M 9 13 35 100
5 43 25 34 -8 31 0 0.00 0.0 0 22.9 33 290 M M 8 1 46 290
6 48 22 35 -7 30 0 0.00 0.0 0 13.0 22 270 M M 2 30 280
7 64 29 47 4 18 0 0.00 0.0 0 11.1 25 220 M M 3 8 36 230
8 68 38 53 10 12 0 0.00 0.0 0 13.6 23 170 M M 0 30 180
9 71 39 55 12 10 0 0.00 0.0 0 13.7 25 180 M M 0 34 180
10 75 46 61 17 4 0 T 0.0 0 8.8 25 170 M M 3 33 180
11 81 46 64 20 1 0 0.00 0.0 0 14.2 26 220 M M 0 35 210
12 88 58 73 28 0 8 0.00 0.0 0 21.6 35 220 M M 0 47 220
13 84 49 67 22 0 2 0.00 0.0 0 16.5 32 180 M M 0 43 170
14 82 45 64 19 1 0 T 0.0 0 12.9 29 160 M M 1 8 46 180
15 52 33 43 -3 22 0 0.07 T 0 17.3 25 320 M M 9 1 33 340
16 35 31 33 -13 32 0 0.05 T 0 25.2 36 320 M M 10 1 49 310
17 52 30 41 -6 24 0 0.00 0.0 0 21.2 32 310 M M 0 43 320
18 59 23 41 -6 24 0 0.00 0.0 0 10.9 22 90 M M 0 1238 29 130
19 51 39 45 -2 20 0 1.58 0.0 0 17.4 29 120 M M 7 13 39 120
20 50 35 43 -5 22 0 0.69 0.0 0 15.0 30 280 M M 8 1 40 270
21 43 29 36 -12 29 0 T T 0 18.1 29 270 M M 6 18 38 260
22 37 29 33 -16 32 0 0.00 0.0 0 16.3 26 320 M M 10 33 300
23 45 26 36 -13 29 0 0.00 0.0 0 9.2 20 290 M M 6 26 290
24 56 25 41 -8 24 0 0.00 0.0 0 7.0 18 30 M M 1 24 10
25 53 25 39 -11 26 0 0.00 0.0 0 8.1 16 40 M M 0 24 70
26 59 22 41 -9 24 0 0.00 0.0 0 6.7 16 170 M M 2 23 140
27 71 42 57 6 8 0 0.00 0.0 0 13.8 24 210 M M 2 36 200
28 68 40 54 3 11 0 0.05 0.0 0 11.3 26 320 M M 5 8 33 330
29 55 34 45 -6 20 0 0.01 0.0 0 16.2 29 330 M M 4 39 300
30 57 36 47 -5 18 0 0.00 0.0 0 24.5 40 340 M M 8 56 350
================================================================================
SM 1754 1023 564 10 2.76 0.7 441.5 M 121
================================================================================
AV 58.5 34.1 14.7 FASTST M M 4 MAX(MPH)
MISC ----> 40 340 56 350
================================================================================
NOTES:
# LAST OF SEVERAL OCCURRENCES
COLUMN 17 PEAK WIND IN M.P.H.
PRELIMINARY LOCAL CLIMATOLOGICAL DATA (WS FORM: F-6) , PAGE 2
STATION: MASON CITY IA
MONTH: APRIL
YEAR: 2023
LATITUDE: 43 9 N
LONGITUDE: 93 20 W
[TEMPERATURE DATA] [PRECIPITATION DATA] SYMBOLS USED IN COLUMN 16
AVERAGE MONTHLY: 46.3 TOTAL FOR MONTH: 2.76 1 = FOG OR MIST
DPTR FM NORMAL: 0.3 DPTR FM NORMAL: -1.39 2 = FOG REDUCING VISIBILITY
HIGHEST: 88 ON 12 GRTST 24HR 1.58 ON 19-19 TO 1/4 MILE OR LESS
LOWEST: 22 ON 26, 6 3 = THUNDER
SNOW, ICE PELLETS, HAIL 4 = ICE PELLETS
TOTAL MONTH: 0.7 INCH 5 = HAIL
GRTST 24HR 0.7 ON 1- 1 6 = FREEZING RAIN OR DRIZZLE
GRTST DEPTH: 1 ON 1 7 = DUSTSTORM OR SANDSTORM:
VSBY 1/2 MILE OR LESS
8 = SMOKE OR HAZE
[NO. OF DAYS WITH] [WEATHER - DAYS WITH] 9 = BLOWING SNOW
X = TORNADO
MAX 32 OR BELOW: 0 0.01 INCH OR MORE: 8
MAX 90 OR ABOVE: 0 0.10 INCH OR MORE: 3
MIN 32 OR BELOW: 14 0.50 INCH OR MORE: 2
MIN 0 OR BELOW: 0 1.00 INCH OR MORE: 1
[HDD (BASE 65) ]
TOTAL THIS MO. 564 CLEAR (SCALE 0-3) 13
DPTR FM NORMAL -9 PTCLDY (SCALE 4-7) 10
TOTAL FM JUL 1 7379 CLOUDY (SCALE 8-10) 7
DPTR FM NORMAL 20
[CDD (BASE 65) ]
TOTAL THIS MO. 10
DPTR FM NORMAL 7 [PRESSURE DATA]
TOTAL FM JAN 1 10 HIGHEST SLP M ON M
DPTR FM NORMAL 7 LOWEST SLP 29.31 ON 1
[REMARKS]
#FINAL-04-23#