000
CXUS53 KDMX 050156
CF6MCW
PRELIMINARY LOCAL CLIMATOLOGICAL DATA (WS FORM: F-6)
STATION: MASON CITY IA
MONTH: OCTOBER
YEAR: 2022
LATITUDE: 43 9 N
LONGITUDE: 93 20 W
TEMPERATURE IN F: :PCPN: SNOW: WIND :SUNSHINE: SKY :PK WND
================================================================================
1 2 3 4 5 6A 6B 7 8 9 10 11 12 13 14 15 16 17 18
12Z AVG MX 2MIN
DY MAX MIN AVG DEP HDD CDD WTR SNW DPTH SPD SPD DIR MIN PSBL S-S WX SPD DR
================================================================================
1 73 47 60 5 5 0 T 0.0 0 6.2 16 120 M M 4 22 120
2 73 46 60 5 5 0 0.00 0.0 0 5.2 14 120 M M 1 18 130
3 74 47 61 7 4 0 0.00 0.0 0 9.2 16 160 M M 0 8 21 160
4 76 44 60 6 5 0 0.00 0.0 0 7.3 17 160 M M 0 23 160
5 69 48 59 6 6 0 0.03 0.0 0 6.8 14 240 M M 5 20 250
6 62 35 49 -4 16 0 T 0.0 0 13.2 25 340 M M 3 38 330
7 51 28 40 -12 25 0 0.00 0.0 0 6.4 17 330 M M 4 24 310
8 61 25 43 -9 22 0 0.00 0.0 0 9.8 23 270 M M 0 1 30 240
9 70 39 55 3 10 0 0.00 0.0 0 9.0 20 330 M M 0 8 25 330
10 75 33 54 3 11 0 0.00 0.0 0 7.2 17 220 M M 0 18 24 210
11 77 41 59 8 6 0 0.00 0.0 0 15.1 30 180 M M 1 39 170
12 66 38 52 2 13 0 0.18 0.0 0 16.0 38 280 M M 5 1 50 290
13 43 30 37 -13 28 0 0.00 0.0 0 13.4 26 320 M M 6 34 320
14 45 29 37 -12 28 0 0.00 0.0 0 11.7 22 320 M M 7 28 290
15 63 25 44 -5 21 0 0.00 0.0 0 12.6 24 280 M M 0 33 250
16 50 32 41 -7 24 0 0.00 0.0 0 16.9 30 310 M M 6 40 320
17 39 20 30 -18 35 0 0.00 0.0 0 15.9 29 340 M M 1 40 340
18 41 19 30 -17 35 0 0.00 0.0 0 13.4 22 320 M M 0 30 310
19 46 14 30 -17 35 0 0.00 0.0 0 9.6 18 290 M M 1 22 280
20 65 35 50 4 15 0 0.00 0.0 0 8.7 18 310 M M 0 24 310
21 72 36 54 8 11 0 0.00 0.0 0 7.3 21 240 M M 0 8 28 250
22 80 30 55 10 10 0 0.00 0.0 0 9.6 23 170 M M 0 32 180
23 77 56 67 22 0 2 T 0.0 0 20.3 36 150 M M 1 3 49 170
24 68 41 55 11 10 0 0.21 0.0 0 12.6 24 160 M M 6 1 33 160
25 46 29 38 -6 27 0 0.00 0.0 0 9.1 22 330 M M 2 28 340
26 52 28 40 -4 25 0 0.00 0.0 0 6.7 16 340 M M 0 20 310
27 55 34 45 2 20 0 0.00 0.0 0 9.6 18 140 M M 7 8 25 160
28 60 28 44 1 21 0 0.00 0.0 0 6.1 13 200 M M 1 1 16 210
29 65 31 48 6 17 0 0.00 0.0 0 6.7 16 210 M M 0 20 210
30 59 35 47 5 18 0 0.00 0.0 0 1.8 8 180 M M 0 8 9 180
31 64 31 48 7 17 0 0.00 0.0 0 5.2 12 270 M M 0 1 17 260
================================================================================
SM 1917 1054 525 2 0.42 0.0 308.6 M 61
================================================================================
AV 61.8 34.0 10.0 FASTST M M 2 MAX(MPH)
MISC ----> 38 280 50 290
================================================================================
NOTES:
# LAST OF SEVERAL OCCURRENCES
COLUMN 17 PEAK WIND IN M.P.H.
PRELIMINARY LOCAL CLIMATOLOGICAL DATA (WS FORM: F-6) , PAGE 2
STATION: MASON CITY IA
MONTH: OCTOBER
YEAR: 2022
LATITUDE: 43 9 N
LONGITUDE: 93 20 W
[TEMPERATURE DATA] [PRECIPITATION DATA] SYMBOLS USED IN COLUMN 16
AVERAGE MONTHLY: 47.9 TOTAL FOR MONTH: 0.42 1 = FOG OR MIST
DPTR FM NORMAL: -0.3 DPTR FM NORMAL: -2.11 2 = FOG REDUCING VISIBILITY
HIGHEST: 80 ON 22 GRTST 24HR 0.21 ON 24-24 TO 1/4 MILE OR LESS
LOWEST: 14 ON 19 3 = THUNDER
SNOW, ICE PELLETS, HAIL 4 = ICE PELLETS
TOTAL MONTH: 0.0 INCH 5 = HAIL
GRTST 24HR 0.0 6 = FREEZING RAIN OR DRIZZLE
GRTST DEPTH: 0 7 = DUSTSTORM OR SANDSTORM:
VSBY 1/2 MILE OR LESS
8 = SMOKE OR HAZE
[NO. OF DAYS WITH] [WEATHER - DAYS WITH] 9 = BLOWING SNOW
X = TORNADO
MAX 32 OR BELOW: 0 0.01 INCH OR MORE: 3
MAX 90 OR ABOVE: 0 0.10 INCH OR MORE: 2
MIN 32 OR BELOW: 15 0.50 INCH OR MORE: 0
MIN 0 OR BELOW: 0 1.00 INCH OR MORE: 0
[HDD (BASE 65) ]
TOTAL THIS MO. 525 CLEAR (SCALE 0-3) 22
DPTR FM NORMAL 0 PTCLDY (SCALE 4-7) 9
TOTAL FM JUL 1 673 CLOUDY (SCALE 8-10) 0
DPTR FM NORMAL -51
[CDD (BASE 65) ]
TOTAL THIS MO. 2
DPTR FM NORMAL -4 [PRESSURE DATA]
TOTAL FM JAN 1 675 HIGHEST SLP 30.57 ON 7
DPTR FM NORMAL 73 LOWEST SLP 29.48 ON 23
[REMARKS]
#FINAL-10-22#