000
CXUS54 KMAF 011110
CF6MDD
PRELIMINARY LOCAL CLIMATOLOGICAL DATA (WS FORM: F-6)
STATION: MIDLAND AIRPARK
MONTH: OCTOBER
YEAR: 2021
LATITUDE: 32 2 N
LONGITUDE: 102 6 W
TEMPERATURE IN F: :PCPN: SNOW: WIND :SUNSHINE: SKY :PK WND
================================================================================
1 2 3 4 5 6A 6B 7 8 9 10 11 12 13 14 15 16 17 18
12Z AVG MX 2MIN
DY MAX MIN AVG DEP HDD CDD WTR SNW DPTH SPD SPD DIR MIN PSBL S-S WX SPD DR
================================================================================
1 74 62 68 M 0 3 0.05 M M 6.4 9 120 M M 9 1 M M
2 83 60 72 M 0 7 M M M 3.5 13 320 M M 5 1 M M
3 84 58 71 M 0 6 M M M 4.9 8 50 M M 1 20 50
4 88 53 71 M 0 6 M M M 4.2 8 160 M M 0 M M
5 90 58 74 M 0 9 M M M 6.6 12 100 M M 3 17 100
6 88 58 73 M 0 8 M M M 6.5 10 120 M M 0 M M
7 95 60 78 M 0 13 M M M 8.3 14 180 M M 0 20 160
8 96 69 83 M 0 18 M M M 12.6 20 170 M M 0 24 170
9 99 67 83 M 0 18 M M M 11.7 17 160 M M 0 22 170
10 92 55 74 M 0 9 M M M 15.2 40 260 M M 0 8 59 260
11 85 46 66 M 0 1 M M M 8.7 16 170 M M 0 21 170
12 92 64 78 M 0 13 M M M 18.2 25 180 M M 0 32 190
13 77 57 67 M 0 2 M M M 9.0 22 180 M M 1 30 180
14 87 51 69 M 0 4 M M M 7.0 22 260 M M 0 28 260
15 73 50 62 M 3 0 M M M 10.4 17 350 M M 0 24 350
16 72 41 57 M 8 0 M M M 5.2 13 140 M M 0 8 18 120
17 73 45 59 M 6 0 M M M 6.6 12 150 M M 0 18 140
18 80 52 66 M 0 1 M M M 11.1 16 160 M M 0 24 180
19 88 60 74 M 0 9 M M M 11.3 17 170 M M 0 21 210
20 87 58 73 M 0 8 M M M 4.7 10 190 M M 0 M M
21 80 59 70 M 0 5 M M M 6.9 14 140 M M 5 M M
22 86 60 73 M 0 8 M M M 10.3 15 180 M M 2 1 26 160
23 91 64 78 M 0 13 M M M 12.2 21 180 M M 1 25 180
24 88 61 75 M 0 10 M M M 6.8 13 190 M M 0 M M
25 92 54 73 M 0 8 M M M 7.0 14 190 M M 0 8 18 190
26 94 65 80 M 0 15 M M M 13.3 21 180 M M 0 30 180
27 72 48 60 M 5 0 M M M 14.5 25 330 M M 1 36 330
28 73 42 58 M 7 0 M M M 8.7 15 340 M M 0 24 350
29 76 44 60 M 5 0 M M M 6.9 9 310 M M 0 M M
30 86 44 65 M 0 0 M M M 6.2 15 230 M M 0 20 240
31 72 47 60 M 5 0 M M M 8.3 18 50 M M 0 22 50
================================================================================
SM 2613 1712 39 194 0.05 M 273.3 M 28
================================================================================
AV 84.3 55.2 8.8 FASTST M M 1 MAX(MPH)
MISC ----> 40 260 59 260
================================================================================
NOTES:
# LAST OF SEVERAL OCCURRENCES
COLUMN 17 PEAK WIND IN M.P.H.
PRELIMINARY LOCAL CLIMATOLOGICAL DATA (WS FORM: F-6) , PAGE 2
STATION: MIDLAND AIRPARK
MONTH: OCTOBER
YEAR: 2021
LATITUDE: 32 2 N
LONGITUDE: 102 6 W
[TEMPERATURE DATA] [PRECIPITATION DATA] SYMBOLS USED IN COLUMN 16
AVERAGE MONTHLY: 69.8 TOTAL FOR MONTH: 0.05 1 = FOG OR MIST
DPTR FM NORMAL: 0.0 DPTR FM NORMAL: M 2 = FOG REDUCING VISIBILITY
HIGHEST: 99 ON 9 GRTST 24HR 0.05 ON 1- 1 TO 1/4 MILE OR LESS
LOWEST: 41 ON 16 3 = THUNDER
SNOW, ICE PELLETS, HAIL 4 = ICE PELLETS
TOTAL MONTH: M 5 = HAIL
GRTST 24HR M ON M 6 = FREEZING RAIN OR DRIZZLE
GRTST DEPTH: M ON M 7 = DUSTSTORM OR SANDSTORM:
VSBY 1/2 MILE OR LESS
8 = SMOKE OR HAZE
[NO. OF DAYS WITH] [WEATHER - DAYS WITH] 9 = BLOWING SNOW
X = TORNADO
MAX 32 OR BELOW: 0 0.01 INCH OR MORE: 1
MAX 90 OR ABOVE: 9 0.10 INCH OR MORE: 0
MIN 32 OR BELOW: 0 0.50 INCH OR MORE: 0
MIN 0 OR BELOW: 0 1.00 INCH OR MORE: 0
[HDD (BASE 65) ]
TOTAL THIS MO. 39 CLEAR (SCALE 0-3) 27
DPTR FM NORMAL M PTCLDY (SCALE 4-7) 3
TOTAL FM JUL 1 39 CLOUDY (SCALE 8-10) 1
DPTR FM NORMAL M
[CDD (BASE 65) ]
TOTAL THIS MO. 194
DPTR FM NORMAL M [PRESSURE DATA]
TOTAL FM JAN 1 2486 HIGHEST SLP M ON M
DPTR FM NORMAL M LOWEST SLP M ON M
[REMARKS]
#FINAL-10-21#