000
CXUS54 KMEG 010900
CF6MEG
PRELIMINARY LOCAL CLIMATOLOGICAL DATA (WS FORM: F-6)
STATION: MEMPHIS/GERMANTOWN WFO
MONTH: APRIL
YEAR: 2022
LATITUDE: 35 7 N
LONGITUDE: 89 48 W
TEMPERATURE IN F: :PCPN: SNOW: WIND :SUNSHINE: SKY :PK WND
================================================================================
1 2 3 4 5 6A 6B 7 8 9 10 11 12 13 14 15 16 17 18
12Z AVG MX 2MIN
DY MAX MIN AVG DEP HDD CDD WTR SNW DPTH SPD SPD DIR MIN PSBL S-S WX SPD DR
================================================================================
1 62 33 48 -8 17 0 0.00 0.0 0 M M M M M M M M
2 69 38 54 -3 11 0 T 0.0 0 M M M M M M M M
3 71 46 59 2 6 0 0.00 0.0 0 M M M M M M M M
4 76 48 62 5 3 0 0.00 0.0 0 M M M M M M M M
5 73 55 64 6 1 0 0.45 0.0 0 M M M M M M 13 M M
6 67 45 56 -2 9 0 0.02 0.0 0 M M M M M M 1 M M
7 62 43 53 -5 12 0 T 0.0 0 M M M M M M M M
8 54 43 49 -10 16 0 0.00 0.0 0 M M M M M M M M
9 64 36 50 -9 15 0 0.00 0.0 0 M M M M M M M M
10 82 47 65 6 0 0 0.00 0.0 0 M M M M M M M M
11 73 63 68 8 0 3 0.38 0.0 0 M M M M M M 13 M M
12 84 65 75 15 0 10 0.44 0.0 0 M M M M M M 13 M M
13 81 50 66 6 0 1 2.27 0.0 0 M M M M M M 13 M M
14 70 40 55 -5 10 0 0.00 0.0 0 M M M M M M M M
15 81 43 62 1 3 0 0.08 0.0 0 M M M M M M 3 M M
16 69 58 64 3 1 0 T 0.0 0 M M M M M M 13 M M
17 61 46 54 -7 11 0 0.40 0.0 0 M M M M M M 13 M M
18 62 41 52 -10 13 0 0.00 0.0 0 M M M M M M M M
19 66 36 51 -11 14 0 0.00 0.0 0 M M M M M M M M
20 64 44 54 -8 11 0 0.22 0.0 0 M M M M M M 3 M M
21 82 61 72 10 0 7 1.11 0.0 0 M M M M M M 13 M M
22 86 62 74 11 0 9 0.00 0.0 0 M M M M M M M M
23 85 64 75 12 0 10 0.00 0.0 0 M M M M M M M M
24 84 68 76 13 0 11 0.00 0.0 0 M M M M M M M M
25 73 55 64 0 1 0 0.99 0.0 0 M M M M M M 123 M M
26 66 42 54 -10 11 0 0.00 0.0 0 M M M M M M M M
27 75 39 57 -7 8 0 0.00 0.0 0 M M M M M M M M
28 81 46 64 -1 1 0 0.00 0.0 0 M M M M M M M M
29 86 56 71 6 0 6 0.00 0.0 0 M M M M M M M M
30 83 66 75 10 0 10 0.02 0.0 0 M M M M M M M M
================================================================================
SM 2192 1479 174 67 6.38 0.0 M M M
================================================================================
AV 73.1 49.3 M FASTST M M M MAX(MPH)
MISC ----> M M M M
================================================================================
NOTES:
# LAST OF SEVERAL OCCURRENCES
COLUMN 17 PEAK WIND IN M.P.H.
PRELIMINARY LOCAL CLIMATOLOGICAL DATA (WS FORM: F-6) , PAGE 2
STATION: MEMPHIS/GERMANTOWN WFO
MONTH: APRIL
YEAR: 2022
LATITUDE: 35 7 N
LONGITUDE: 89 48 W
[TEMPERATURE DATA] [PRECIPITATION DATA] SYMBOLS USED IN COLUMN 16
AVERAGE MONTHLY: 61.2 TOTAL FOR MONTH: 6.38 1 = FOG OR MIST
DPTR FM NORMAL: 0.4 DPTR FM NORMAL: 0.53 2 = FOG REDUCING VISIBILITY
HIGHEST: 86 ON 29,22 GRTST 24HR 2.27 ON 13-13 TO 1/4 MILE OR LESS
LOWEST: 33 ON 1 3 = THUNDER
SNOW, ICE PELLETS, HAIL 4 = ICE PELLETS
TOTAL MONTH: 0.0 INCH 5 = HAIL
GRTST 24HR 0.0 6 = FREEZING RAIN OR DRIZZLE
GRTST DEPTH: 0 7 = DUSTSTORM OR SANDSTORM:
VSBY 1/2 MILE OR LESS
8 = SMOKE OR HAZE
[NO. OF DAYS WITH] [WEATHER - DAYS WITH] 9 = BLOWING SNOW
X = TORNADO
MAX 32 OR BELOW: 0 0.01 INCH OR MORE: 11
MAX 90 OR ABOVE: 0 0.10 INCH OR MORE: 8
MIN 32 OR BELOW: 0 0.50 INCH OR MORE: 3
MIN 0 OR BELOW: 0 1.00 INCH OR MORE: 2
[HDD (BASE 65) ]
TOTAL THIS MO. 174 CLEAR (SCALE 0-3) 0
DPTR FM NORMAL -7 PTCLDY (SCALE 4-7) 0
TOTAL FM JUL 1 2828 CLOUDY (SCALE 8-10) 30
DPTR FM NORMAL -483
[CDD (BASE 65) ]
TOTAL THIS MO. 67
DPTR FM NORMAL 11 [PRESSURE DATA]
TOTAL FM JAN 1 77 HIGHEST SLP M ON M
DPTR FM NORMAL 8 LOWEST SLP M ON M
[REMARKS]
#FINAL-04-22#