000
CXUS54 KJAN 011510
CF6MEI
PRELIMINARY LOCAL CLIMATOLOGICAL DATA (WS FORM: F-6)
STATION: MERIDIAN
MONTH: FEBRUARY
YEAR: 2022
LATITUDE: 32 19 N
LONGITUDE: 88 45 W
TEMPERATURE IN F: :PCPN: SNOW: WIND :SUNSHINE: SKY :PK WND
================================================================================
1 2 3 4 5 6A 6B 7 8 9 10 11 12 13 14 15 16 17 18
12Z AVG MX 2MIN
DY MAX MIN AVG DEP HDD CDD WTR SNW DPTH SPD SPD DIR MIN PSBL S-S WX SPD DR
================================================================================
1 69 38 54 5 11 0 T 0.0 0 9.1 23 130 M M 5 32 130
2 64 54 59 10 6 0 0.18 0.0 0 7.4 18 140 M M 10 18 26 170
3 71 40 56 7 9 0 2.83 0.0 0 9.3 23 300 M M 10 123 33 300
4 40 32 36 -14 29 0 0.08 0.0 0 10.4 18 330 M M 10 23 340
5 49 25 37 -13 28 0 0.00 0.0 0 7.6 18 20 M M 1 24 20
6 59 24 42 -8 23 0 0.00 0.0 0 1.3 7 30 M M 0 10 30
7 58 29 44 -6 21 0 0.00 0.0 0 2.2 12 310 M M 0 16 300
8 62 26 44 -6 21 0 0.00 0.0 0 1.8 9 350 M M 0 15 70
9 68 29 49 -1 16 0 0.00 0.0 0 4.8 17 250 M M 0 24 260
10 72 31 52 1 13 0 0.00 0.0 0 3.4 10 200 M M 0 17 200
11 72 36 54 3 11 0 0.00 0.0 0 5.8 17 200 M M 0 23 200
12 68 42 55 4 10 0 0.00 0.0 0 9.1 23 360 M M 5 12 33 340
13 53 30 42 -9 23 0 0.00 0.0 0 8.4 20 10 M M 2 26 360
14 67 27 47 -5 18 0 0.00 0.0 0 2.2 9 260 M M 0 15 300
15 70 31 51 -1 14 0 0.00 0.0 0 6.5 18 170 M M 0 26 150
16 72 48 60 8 5 0 0.00 0.0 0 11.6 24 160 M M 4 35 160
17 79 52 66 14 0 1 1.06 0.0 0 16.4 38 170 M M 10 13 60 170
18 52 31 42 -10 23 0 0.00 0.0 0 8.2 18 350 M M 7 27 330
19 62 28 45 -8 20 0 0.00 0.0 0 2.6 16 30 M M 0 1 27 40
20 69 31 50 -3 15 0 0.00 0.0 0 5.8 17 170 M M 3 23 170
21 69 55 62 9 3 0 0.06 0.0 0 9.4 16 170 M M 10 3 24 200
22 84 68 76 23 0 11 T 0.0 0 13.7 25 190 M M 8 39 190
23 76 54 65 11 0 0 0.01 0.0 0 7.2 20 200 M M 8 26 190
24 83 54 69 15 0 4 T 0.0 0 8.2 22 180 M M 7 18 30 190
25 71 42 57 3 8 0 0.31 0.0 0 11.8 20 310 M M 10 1 29 310
26 50 40 45 -9 20 0 0.00 0.0 0 7.8 15 360 M M 10 19 360
27 51 43 47 -8 18 0 0.04 0.0 0 7.4 15 330 M M 10 1 19 350
28 65 37 51 -4 14 0 0.00 0.0 0 6.3 17 350 M M 1 23 360
================================================================================
SM 1825 1077 379 16 4.57 0.0 205.7 M 131
================================================================================
AV 65.2 38.5 7.3 FASTST M M 5 MAX(MPH)
MISC ----> 38 170 60 170
================================================================================
NOTES:
# LAST OF SEVERAL OCCURRENCES
COLUMN 17 PEAK WIND IN M.P.H.
PRELIMINARY LOCAL CLIMATOLOGICAL DATA (WS FORM: F-6) , PAGE 2
STATION: MERIDIAN
MONTH: FEBRUARY
YEAR: 2022
LATITUDE: 32 19 N
LONGITUDE: 88 45 W
[TEMPERATURE DATA] [PRECIPITATION DATA] SYMBOLS USED IN COLUMN 16
AVERAGE MONTHLY: 51.8 TOTAL FOR MONTH: 4.57 1 = FOG OR MIST
DPTR FM NORMAL: 0.1 DPTR FM NORMAL: -0.78 2 = FOG REDUCING VISIBILITY
HIGHEST: 84 ON 22 GRTST 24HR 2.91 ON 3- 4 TO 1/4 MILE OR LESS
LOWEST: 24 ON 6 3 = THUNDER
SNOW, ICE PELLETS, HAIL 4 = ICE PELLETS
TOTAL MONTH: 0.0 INCH 5 = HAIL
GRTST 24HR 0.0 6 = FREEZING RAIN OR DRIZZLE
GRTST DEPTH: 0 7 = DUSTSTORM OR SANDSTORM:
VSBY 1/2 MILE OR LESS
8 = SMOKE OR HAZE
[NO. OF DAYS WITH] [WEATHER - DAYS WITH] 9 = BLOWING SNOW
X = TORNADO
MAX 32 OR BELOW: 0 0.01 INCH OR MORE: 8
MAX 90 OR ABOVE: 0 0.10 INCH OR MORE: 4
MIN 32 OR BELOW: 13 0.50 INCH OR MORE: 2
MIN 0 OR BELOW: 0 1.00 INCH OR MORE: 2
[HDD (BASE 65) ]
TOTAL THIS MO. 379 CLEAR (SCALE 0-3) 13
DPTR FM NORMAL -3 PTCLDY (SCALE 4-7) 7
TOTAL FM JUL 1 1576 CLOUDY (SCALE 8-10) 8
DPTR FM NORMAL -207
[CDD (BASE 65) ]
TOTAL THIS MO. 16
DPTR FM NORMAL 5 [PRESSURE DATA]
TOTAL FM JAN 1 29 HIGHEST SLP 30.52 ON 5
DPTR FM NORMAL 19 LOWEST SLP 29.75 ON 17
[REMARKS]
#FINAL-02-22#