000
CXUS54 KLZK 011330
CF6MEZ
PRELIMINARY LOCAL CLIMATOLOGICAL DATA (WS FORM: F-6)
STATION: MENA AIRPORT
MONTH: DECEMBER
YEAR: 2022
LATITUDE: 34 9 N
LONGITUDE: 94 15 W
TEMPERATURE IN F: :PCPN: SNOW: WIND :SUNSHINE: SKY :PK WND
================================================================================
1 2 3 4 5 6A 6B 7 8 9 10 11 12 13 14 15 16 17 18
12Z AVG MX 2MIN
DY MAX MIN AVG DEP HDD CDD WTR SNW DPTH SPD SPD DIR MIN PSBL S-S WX SPD DR
================================================================================
1 50 23 37 -7 28 0 T M M 2.3 7 99 M M 4 M M
2 63 43 53 9 12 0 0.01 M M 5.5 15 250 M M 10 1 25 230
3 64 32 48 5 17 0 T M M 5.3 18 320 M M 2 1 24 320
4 41 30 36 -7 29 0 0.02 M M 0.7 5 70 M M 8 1 M M
5 66 41 54 11 11 0 0.02 M M 2.4 7 260 M M 10 1 M M
6 69 62 66 24 0 1 0.02 M M 3.7 8 250 M M 7 1 17 230
7 69 58 64 22 1 0 0.04 M M 1.3 5 100 M M 9 12 M M
8 67 58 63 21 2 0 0.05 M M 2.3 9 250 M M 9 12 22 230
9 64 51 58 16 7 0 0.00 M M 1.6 7 350 M M 4 12 M M
10 63 53 58 17 7 0 0.18 M M 1.9 6 350 M M 9 13 M M
11 53 49 51 10 14 0 0.00 M M 6.1 9 90 M M 9 1 M M
12 51 48 50 9 15 0 T M M 6.7 12 90 M M 6 1 M M
13 61 48 55 15 10 0 0.21 M M 4.5 10 140 M M 8 123 30 M
14 52 30 41 1 24 0 T M M 3.1 13 280 M M 1 12 17 260
15 47 27 37 -3 28 0 0.00 M M 7.6 18 290 M M 0 26 290
16 42 24 33 -7 32 0 0.00 M M 4.8 14 280 M M 1 M M
17 44 22 33 -7 32 0 0.00 M M 5.7 20 300 M M 0 28 300
18 51 19 35 -5 30 0 0.00 M M 0.7 6 90 M M 0 M M
19 44 35 40 0 25 0 T M M 3.2 8 140 M M 6 M M
20 50 26 38 -1 27 0 0.00 M M 3.2 8 40 M M 3 M M
21 50 22 36 -3 29 0 0.00 M M 1.2 6 240 M M 2 M M
22 43 1 22 -17 43 0 0.02 M M 7.3 23 290 M M 7 1 30 M
23 16 1 9 -30 56 0 0.00 M M 12.2 17 300 M M 0 24 290
24 32 11 22 -17 43 0 0.00 M M 5.1 9 270 M M 0 M M
25 42 15 29 -10 36 0 0.00 M M 2.6 8 280 M M 1 M M
26 49 21 35 -4 30 0 0.00 M M 8.0 14 300 M M 4 23 300
27 45 14 30 -9 35 0 0.00 M M 2.4 9 350 M M 0 M M
28 63 38 51 12 14 0 0.00 M M 5.6 12 230 M M 3 20 230
29 69 55 62 23 3 0 T M M 4.2 9 230 M M 2 1 20 99
30 60 38 49 11 16 0 0.02 M M 1.1 7 270 M M 3 1 M M
31 60 38 49 11 16 0 0.00 M M 1.7 6 99 M M 5 12 M M
================================================================================
SM 1640 1033 672 1 0.59 M 124.1 M 133
================================================================================
AV 52.9 33.3 4.0 FASTST M M 4 MAX(MPH)
MISC ----> 23 290 30 9999
================================================================================
NOTES:
# LAST OF SEVERAL OCCURRENCES
COLUMN 17 PEAK WIND IN M.P.H.
PRELIMINARY LOCAL CLIMATOLOGICAL DATA (WS FORM: F-6) , PAGE 2
STATION: MENA AIRPORT
MONTH: DECEMBER
YEAR: 2022
LATITUDE: 34 9 N
LONGITUDE: 94 15 W
[TEMPERATURE DATA] [PRECIPITATION DATA] SYMBOLS USED IN COLUMN 16
AVERAGE MONTHLY: 43.1 TOTAL FOR MONTH: 0.59 1 = FOG OR MIST
DPTR FM NORMAL: 2.7 DPTR FM NORMAL: -4.58 2 = FOG REDUCING VISIBILITY
HIGHEST: 69 ON 29, 7 GRTST 24HR 0.21 ON 13-13 TO 1/4 MILE OR LESS
LOWEST: 1 ON 23,22 3 = THUNDER
SNOW, ICE PELLETS, HAIL 4 = ICE PELLETS
TOTAL MONTH: M 5 = HAIL
GRTST 24HR M ON M 6 = FREEZING RAIN OR DRIZZLE
GRTST DEPTH: M ON M 7 = DUSTSTORM OR SANDSTORM:
VSBY 1/2 MILE OR LESS
8 = SMOKE OR HAZE
[NO. OF DAYS WITH] [WEATHER - DAYS WITH] 9 = BLOWING SNOW
X = TORNADO
MAX 32 OR BELOW: 2 0.01 INCH OR MORE: 10
MAX 90 OR ABOVE: 0 0.10 INCH OR MORE: 2
MIN 32 OR BELOW: 16 0.50 INCH OR MORE: 0
MIN 0 OR BELOW: 0 1.00 INCH OR MORE: 0
[HDD (BASE 65) ]
TOTAL THIS MO. 672 CLEAR (SCALE 0-3) 14
DPTR FM NORMAL -91 PTCLDY (SCALE 4-7) 10
TOTAL FM JUL 1 1386 CLOUDY (SCALE 8-10) 7
DPTR FM NORMAL -54
[CDD (BASE 65) ]
TOTAL THIS MO. 1
DPTR FM NORMAL 0 [PRESSURE DATA]
TOTAL FM JAN 1 1708 HIGHEST SLP M ON M
DPTR FM NORMAL 190 LOWEST SLP M ON M
[REMARKS]
#FINAL-12-22#