000
CXUS54 KBRO 011007
CLMMFE
CLIMATE REPORT
NATIONAL WEATHER SERVICE BROWNSVILLE, TX
507 AM CDT SAT APR 01 2023
...................................
...THE MCALLEN CLIMATE SUMMARY FOR THE MONTH OF MARCH 2023...
CLIMATE NORMAL PERIOD 1991 TO 2020
CLIMATE RECORD PERIOD 1961 TO 2023
WEATHER OBSERVED NORMAL DEPART LAST YEAR`S
VALUE DATE(S) VALUE FROM VALUE DATE(S)
NORMAL
................................................................
TEMPERATURE (F)
HIGHEST 101 03/12 95 6 98 03/30
03/24
LOWEST 45 03/19 42 3 39 03/01
AVG. MAXIMUM 84.9 83.2 1.7
AVG. MINIMUM 64.6 62.7 1.9
MEAN 74.8 72.9 1.9 68.8
DAYS MAX >= 90 12 5.7 6.3
DAYS MAX <= 32 0 0.0 0.0
DAYS MIN <= 32 0 0.0 0.0
DAYS MIN <= 0 0 0.0 0.0
PRECIPITATION (INCHES)
TOTALS 3.56 1.38 2.18 0.02
DAILY AVG. 0.11 0.04 0.07 0.00
DAYS >= .01 7 4.4 2.6 1
DAYS >= .10 2 1.8 0.2 0
DAYS >= .50 1 0.5 0.5 0
DAYS >= 1.00 1 0.3 0.7 0
GREATEST
24 HR. TOTAL 3.32 03/28 TO 03/29
STORM TOTAL 2.91
(MM/DD(HH))
SNOWFALL (INCHES)
TOTALS 0.0 MM MM 0.0
SINCE 7/1 0.0 MM MM MM
DEGREE DAYS
HEATING TOTAL 35 28 7 56
SINCE 7/1 504 445 59 MM
COOLING TOTAL 347 274 73 185
SINCE 1/1 704 494 210 MM
................................................................
WIND (MPH)
AVERAGE WIND SPEED 12.5
HIGHEST WIND SPEED/DIRECTION 40/350 DATE 03/03
HIGHEST GUST SPEED/DIRECTION 58/360 DATE 03/17
SKY COVER
POSSIBLE SUNSHINE (PERCENT) MM
AVERAGE SKY COVER 0.55
NUMBER OF DAYS FAIR 10
NUMBER OF DAYS PC 13
NUMBER OF DAYS CLOUDY 8
AVERAGE RH (PERCENT) 66
WEATHER CONDITIONS. NUMBER OF DAYS WITH
THUNDERSTORM 2 MIXED PRECIP 0
HEAVY RAIN 3 RAIN 3
LIGHT RAIN 8 FREEZING RAIN 0
LT FREEZING RAIN 0 HAIL 0
HEAVY SNOW 0 SNOW 0
LIGHT SNOW 0 SLEET 0
FOG 13 FOG W/VIS <= 1/4 MILE 1
HAZE 12
- INDICATES NEGATIVE NUMBERS.
R INDICATES RECORD WAS SET OR TIED.
MM INDICATES DATA IS MISSING.
T INDICATES TRACE AMOUNT.
$$