000
CXUS53 KGRB 161219
CF6MFI
PRELIMINARY LOCAL CLIMATOLOGICAL DATA (WS FORM: F-6)
STATION: MARSHFIELD WI
MONTH: JULY
YEAR: 2021
LATITUDE: 44 37 N
LONGITUDE: 90 11 W
TEMPERATURE IN F: :PCPN: SNOW: WIND :SUNSHINE: SKY :PK WND
================================================================================
1 2 3 4 5 6A 6B 7 8 9 10 11 12 13 14 15 16 17 18
12Z AVG MX 2MIN
DY MAX MIN AVG DEP HDD CDD WTR SNW DPTH SPD SPD DIR MIN PSBL S-S WX SPD DR
================================================================================
1 81 59 70 2 0 5 0.00 0.0 0 6.5 14 30 M M 1 22 20
2 79 54 67 -1 0 2 0.00 0.0 0 5.4 13 70 M M 0 18 60
3 85 61 73 5 0 8 0.00 0.0 0 7.7 14 310 M M 0 19 290
4 87 63 75 7 0 10 0.00 0.0 0 8.9 17 230 M M 0 25 220
5 89 69 79 10 0 14 0.00 0.0 0 8.5 16 280 M M 1 3 22 290
6 87 63 75 6 0 10 1.42 0.0 0 4.7 43 340 M M 4 138 63 350
7 64 56 60 -9 5 0 0.02 0.0 0 9.8 16 80 M M 10 18 20 80
8 70 55 63 -6 2 0 T 0.0 0 5.9 12 290 M M 8 18 60
9 76 52 64 -5 1 0 0.00 0.0 0 3.2 9 190 M M 1 13 180
10 78 56 67 -2 0 2 0.00 0.0 0 6.0 15 120 M M 0 1 22 60
11 80 54 67 -2 0 2 0.00 0.0 0 6.2 15 70 M M 0 20 80
12 78 55 67 -2 0 2 0.00 0.0 0 4.8 15 110 M M 1 20 110
13 83 56 70 1 0 5 0.00 0.0 0 5.0 14 290 M M 1 12 20 290
14 78 61 70 1 0 5 0.68 0.0 0 5.0 20 280 M M 6 1238 30 250
15 79 58 69 0 0 4 T 0.0 0 6.6 14 350 M M 4 1 19 360
16 81 57 69 0 0 4 0.00 0.0 0 4.6 9 170 M M 3 128 13 160
17 81 56 69 0 0 4 T 0.0 0 3.5 12 60 M M 1 17 70
18 81 56 69 0 0 4 0.00 0.0 0 1.5 8 190 M M 0 1 13 220
19 83 59 71 2 0 6 0.00 0.0 0 4.8 13 300 M M 1 1 17 290
20 85 62 74 5 0 9 0.00 0.0 0 6.7 14 40 M M 2 18 21 70
21 75 59 67 -2 0 2 0.00 0.0 0 6.4 12 90 M M 7 18 19 160
22 83 61 72 3 0 7 T 0.0 0 5.9 15 290 M M 8 138 19 290
23 88 66 77 8 0 12 0.00 0.0 0 6.7 16 190 M M 2 128 24 180
24 85 63 74 5 0 9 0.69 0.0 0 8.5 23 240 M M 3 13 42 250
25 85 57 71 2 0 6 0.00 0.0 0 7.7 18 310 M M 0 25 300
26 88 60 74 5 0 9 0.03 0.0 0 7.3 28 20 M M 0 13 42 360
27 83 63 73 4 0 8 0.77 0.0 0 7.1 20 210 M M 5 13 33 30
28 82 64 73 4 0 8 0.08 0.0 0 5.4 21 50 M M 2 123 31 60
29 82 61 72 3 0 7 0.00 0.0 0 8.0 15 350 M M 5 18 21 50
30 74 56 65 -4 0 0 0.00 0.0 0 5.0 10 240 M M 0 18 14 110
31 77 60 69 0 0 4 T 0.0 0 7.1 16 290 M M 5 138 21 240
================================================================================
SM 2507 1832 8 168 3.69 0.0 190.4 M 81
================================================================================
AV 80.9 59.1 6.1 FASTST M M 3 MAX(MPH)
MISC ----> 43 340 63 350
================================================================================
NOTES:
# LAST OF SEVERAL OCCURRENCES
COLUMN 17 PEAK WIND IN M.P.H.
PRELIMINARY LOCAL CLIMATOLOGICAL DATA (WS FORM: F-6) , PAGE 2
STATION: MARSHFIELD WI
MONTH: JULY
YEAR: 2021
LATITUDE: 44 37 N
LONGITUDE: 90 11 W
[TEMPERATURE DATA] [PRECIPITATION DATA] SYMBOLS USED IN COLUMN 16
AVERAGE MONTHLY: 70.0 TOTAL FOR MONTH: 3.69 1 = FOG OR MIST
DPTR FM NORMAL: 1.0 DPTR FM NORMAL: 0.65 2 = FOG REDUCING VISIBILITY
HIGHEST: 89 ON 5 GRTST 24HR 1.44 ON 6- 7 TO 1/4 MILE OR LESS
LOWEST: 52 ON 9 3 = THUNDER
SNOW, ICE PELLETS, HAIL 4 = ICE PELLETS
TOTAL MONTH: 0.0 INCH 5 = HAIL
GRTST 24HR 0.0 6 = FREEZING RAIN OR DRIZZLE
GRTST DEPTH: 0 7 = DUSTSTORM OR SANDSTORM:
VSBY 1/2 MILE OR LESS
8 = SMOKE OR HAZE
[NO. OF DAYS WITH] [WEATHER - DAYS WITH] 9 = BLOWING SNOW
X = TORNADO
MAX 32 OR BELOW: 0 0.01 INCH OR MORE: 7
MAX 90 OR ABOVE: 0 0.10 INCH OR MORE: 4
MIN 32 OR BELOW: 0 0.50 INCH OR MORE: 4
MIN 0 OR BELOW: 0 1.00 INCH OR MORE: 1
[HDD (BASE 65) ]
TOTAL THIS MO. 8 CLEAR (SCALE 0-3) 21
DPTR FM NORMAL -15 PTCLDY (SCALE 4-7) 9
TOTAL FM JUL 1 8 CLOUDY (SCALE 8-10) 1
DPTR FM NORMAL -23
[CDD (BASE 65) ]
TOTAL THIS MO. 168
DPTR FM NORMAL 21 [PRESSURE DATA]
TOTAL FM JAN 1 365 HIGHEST SLP 30.29 ON 18
DPTR FM NORMAL 120 LOWEST SLP 29.77 ON 24
[REMARKS]
#FINAL-07-21#