000
CXUS53 KGRB 281328
CF6MFI
PRELIMINARY LOCAL CLIMATOLOGICAL DATA (WS FORM: F-6)
STATION: MARSHFIELD WI
MONTH: DECEMBER
YEAR: 2023
LATITUDE: 44 37 N
LONGITUDE: 90 11 W
TEMPERATURE IN F: :PCPN: SNOW: WIND :SUNSHINE: SKY :PK WND
================================================================================
1 2 3 4 5 6A 6B 7 8 9 10 11 12 13 14 15 16 17 18
12Z AVG MX 2MIN
DY MAX MIN AVG DEP HDD CDD WTR SNW DPTH SPD SPD DIR MIN PSBL S-S WX SPD DR
================================================================================
1 32 20 26 0 39 0 0.00 0.0 T 6.7 12 30 M M 0 17 70
2 37 20 29 3 36 0 0.00 0.0 0 7.3 14 130 M M 5 19 130
3 34 25 30 5 35 0 0.13 2.0 2 5.8 12 70 M M 10 18 16 70
4 35 27 31 6 34 0 0.00 0.0 2 4.1 10 250 M M 10 1 13 240
5 35 30 33 9 32 0 0.00 0.0 1 5.6 14 320 M M 10 1 18 320
6 37 24 31 7 34 0 0.00 0.0 1 8.3 16 190 M M 4 18 23 210
7 49 27 38 14 27 0 0.00 0.0 T 6.7 13 120 M M 2 17 120
8 51 35 43 20 22 0 0.00 0.0 0 8.0 17 240 M M 4 1 25 250
9 39 30 35 12 30 0 0.01 T T 8.4 21 320 M M 8 1 32 320
10 30 19 25 3 40 0 0.09 1.0 1 11.5 23 320 M M 10 1 31 320
11 24 17 21 -1 44 0 0.00 0.0 1 6.7 13 250 M M 8 1 19 250
12 26 15 21 -1 44 0 0.00 0.0 1 11.9 24 300 M M 2 36 320
13 34 16 25 4 40 0 0.00 0.0 T 5.8 10 260 M M 4 15 290
14 48 25 37 16 28 0 0.00 0.0 T 8.4 13 250 M M 0 19 260
15 46 31 39 18 26 0 T 0.0 T 5.2 10 60 M M 4 14 60
16 44 34 39 19 26 0 0.01 0.0 0 7.1 16 120 M M 9 128 21 120
17 38 30 34 14 31 0 T T T 10.2 20 300 M M 10 12 29 300
18 31 11 21 1 44 0 0.01 T T 16.1 33 330 M M 7 18 42 320
19 33 8 21 2 44 0 0.00 0.0 T 6.8 15 200 M M 0 20 190
20 39 21 30 11 35 0 0.00 0.0 0 6.7 14 110 M M 1 19 110
21 39 29 34 15 31 0 T 0.0 0 8.8 16 130 M M 8 18 20 130
22 39 33 36 18 29 0 0.00 0.0 0 4.6 8 120 M M 10 12 10 130
23 44 36 40 22 25 0 T 0.0 0 5.3 10 150 M M 10 12 14 150
24 49 40 45 27 20 0 T 0.0 0 10.7 21 150 M M 10 12 29 160
25 50 47 49 31 16 0 0.24 0.0 0 13.0 22 90 M M 10 1 35 80
26 48 31 40 22 25 0 0.17 0.0 0 9.2 20 90 M M 10 1 28 70
27 39 26 33 16 32 0 0.00 0.0 0 4.8 10 20 M M 2 1 17 30
28 35 28 32 15 33 0 0.03 0.0 0 11.3 20 340 M M 6 16 28 360
29 42 23 33 16 32 0 0.00 0.0 0 5.6 10 320 M M 0 16 340
30 30 21 26 9 39 0 T 0.0 0 6.6 13 310 M M 7 126 17 310
31 30 22 26 10 39 0 0.00 0.0 0 10.4 18 30 M M 10 1 28 40
================================================================================
SM 1187 801 1012 0 0.69 3.0 247.6 M 191
================================================================================
AV 38.3 25.8 8.0 FASTST M M 6 MAX(MPH)
MISC ----> 33 330 42 320
================================================================================
NOTES:
# LAST OF SEVERAL OCCURRENCES
COLUMN 17 PEAK WIND IN M.P.H.
PRELIMINARY LOCAL CLIMATOLOGICAL DATA (WS FORM: F-6) , PAGE 2
STATION: MARSHFIELD WI
MONTH: DECEMBER
YEAR: 2023
LATITUDE: 44 37 N
LONGITUDE: 90 11 W
[TEMPERATURE DATA] [PRECIPITATION DATA] SYMBOLS USED IN COLUMN 16
AVERAGE MONTHLY: 32.1 TOTAL FOR MONTH: 0.69 1 = FOG OR MIST
DPTR FM NORMAL: 11.5 DPTR FM NORMAL: -0.21 2 = FOG REDUCING VISIBILITY
HIGHEST: 51 ON 8 GRTST 24HR 0.37 ON 25-26 TO 1/4 MILE OR LESS
LOWEST: 8 ON 19 3 = THUNDER
SNOW, ICE PELLETS, HAIL 4 = ICE PELLETS
TOTAL MONTH: 3.0 INCHES 5 = HAIL
GRTST 24HR 2.0 ON 3- 3 6 = FREEZING RAIN OR DRIZZLE
GRTST DEPTH: 2 ON 4, 3 7 = DUSTSTORM OR SANDSTORM:
VSBY 1/2 MILE OR LESS
8 = SMOKE OR HAZE
[NO. OF DAYS WITH] [WEATHER - DAYS WITH] 9 = BLOWING SNOW
X = TORNADO
MAX 32 OR BELOW: 7 0.01 INCH OR MORE: 8
MAX 90 OR ABOVE: 0 0.10 INCH OR MORE: 3
MIN 32 OR BELOW: 25 0.50 INCH OR MORE: 0
MIN 0 OR BELOW: 0 1.00 INCH OR MORE: 0
[HDD (BASE 65) ]
TOTAL THIS MO. 1012 CLEAR (SCALE 0-3) 8
DPTR FM NORMAL -363 PTCLDY (SCALE 4-7) 9
TOTAL FM JUL 1 2601 CLOUDY (SCALE 8-10) 14
DPTR FM NORMAL -574
[CDD (BASE 65) ]
TOTAL THIS MO. 0
DPTR FM NORMAL 0 [PRESSURE DATA]
TOTAL FM JAN 1 520 HIGHEST SLP 30.61 ON 13
DPTR FM NORMAL 129 LOWEST SLP 29.47 ON 8
[REMARKS]
#FINAL-12-23#