000
CXUS56 KMFR 040849
CF6MFR
PRELIMINARY LOCAL CLIMATOLOGICAL DATA (WS FORM: F-6)
STATION: MEDFORD OR
MONTH: JANUARY
YEAR: 2022
LATITUDE: 42 22 N
LONGITUDE: 122 52 W
TEMPERATURE IN F: :PCPN: SNOW: WIND :SUNSHINE: SKY :PK WND
================================================================================
1 2 3 4 5 6A 6B 7 8 9 10 11 12 13 14 15 16 17 18
12Z AVG MX 2MIN
DY MAX MIN AVG DEP HDD CDD WTR SNW DPTH SPD SPD DIR MIN PSBL S-S WX SPD DR
================================================================================
1 40 28 34 -5 31 0 0.00 0.0 0 2.1 7 210 M M 5 1 8 350
2 47 27 37 -2 28 0 0.00 0.0 0 7.9 30 140 M M 4 12 39 140
3 53 42 48 9 17 0 0.51 0.0 0 10.2 26 210 M M 9 1 39 200
4 45 40 43 4 22 0 0.02 0.0 0 2.6 7 350 M M 10 10 360
5 51 41 46 7 19 0 0.01 0.0 0 0.9 6 320 M M 9 1 7 330
6 55 45 50 11 15 0 T 0.0 0 2.0 8 330 M M 8 1 12 320
7 52 40 46 7 19 0 0.07 0.0 0 5.2 20 150 M M 8 1 27 250
8 51 34 43 3 22 0 0.00 0.0 0 2.1 7 140 M M 4 9 170
9 55 25 40 0 25 0 0.00 0.0 0 2.1 7 260 M M 1 12 11 140
10 58 34 46 6 19 0 T 0.0 0 0.4 8 80 M M 3 10 90
11 54 37 46 6 19 0 0.00 0.0 0 0.9 9 250 M M 1 11 250
12 55 34 45 5 20 0 0.00 0.0 0 0.8 7 150 M M 0 1 8 160
13 56 33 45 5 20 0 0.00 0.0 0 3.0 9 320 M M 6 13 320
14 55 29 42 2 23 0 0.00 0.0 0 1.2 7 150 M M 2 12 8 190
15 56 28 42 2 23 0 0.00 0.0 0 1.0 7 140 M M 0 9 350
16 54 26 40 0 25 0 0.00 0.0 0 0.3 6 170 M M 0 1 7 260
17 52 26 39 -1 26 0 0.00 0.0 0 0.4 5 170 M M 2 12 6 340
18 53 30 42 2 23 0 T 0.0 0 2.4 8 320 M M 6 1 10 320
19 60 39 50 9 15 0 T 0.0 0 2.0 9 180 M M 5 12 170
20 57 36 47 6 18 0 T 0.0 0 2.6 12 140 M M 4 1 14 230
21 52 32 42 1 23 0 0.00 0.0 0 2.2 8 180 M M 4 12 10 190
22 53 26 40 -1 25 0 0.00 0.0 0 0.7 6 170 M M 3 12 9 360
23 60 25 43 2 22 0 0.00 0.0 0 1.2 5 160 M M 0 1 6 350
24 57 26 42 1 23 0 0.00 0.0 0 1.2 8 40 M M 0 1 9 200
25 60 25 43 2 22 0 0.00 0.0 0 1.1 8 360 M M 0 1 9 350
26 57 24 41 0 24 0 0.00 0.0 0 1.1 8 50 M M 0 12 30
27 61 23 42 0 23 0 0.00 0.0 0 0.9 7 160 M M 0 8 11 170
28 61 25 43 1 22 0 0.00 0.0 0 1.2 9 340 M M 0 14 330
29 58 24 41 -1 24 0 0.00 0.0 0 0.8 7 160 M M 0 8 160
30 54 25 40 -2 25 0 T 0.0 0 1.5 12 140 M M 3 13 140
31 49 29 39 -3 26 0 0.00 0.0 0 3.5 14 350 M M 4 19 350
================================================================================
SM 1681 958 688 0 0.61 0.0 65.5 M 101
================================================================================
AV 54.2 30.9 2.1 FASTST M M 3 MAX(MPH)
MISC ----> 30 140 # 39 140
================================================================================
NOTES:
# LAST OF SEVERAL OCCURRENCES
COLUMN 17 PEAK WIND IN M.P.H.
PRELIMINARY LOCAL CLIMATOLOGICAL DATA (WS FORM: F-6) , PAGE 2
STATION: MEDFORD OR
MONTH: JANUARY
YEAR: 2022
LATITUDE: 42 22 N
LONGITUDE: 122 52 W
[TEMPERATURE DATA] [PRECIPITATION DATA] SYMBOLS USED IN COLUMN 16
AVERAGE MONTHLY: 42.6 TOTAL FOR MONTH: 0.61 1 = FOG OR MIST
DPTR FM NORMAL: 2.2 DPTR FM NORMAL: -2.11 2 = FOG REDUCING VISIBILITY
HIGHEST: 61 ON 28,27 GRTST 24HR 1.71 ON 3- 3 TO 1/4 MILE OR LESS
LOWEST: 23 ON 27 3 = THUNDER
SNOW, ICE PELLETS, HAIL 4 = ICE PELLETS
TOTAL MONTH: 0.0 INCH 5 = HAIL
GRTST 24HR 0.0 6 = FREEZING RAIN OR DRIZZLE
GRTST DEPTH: 0 7 = DUSTSTORM OR SANDSTORM:
VSBY 1/2 MILE OR LESS
8 = SMOKE OR HAZE
[NO. OF DAYS WITH] [WEATHER - DAYS WITH] 9 = BLOWING SNOW
X = TORNADO
MAX 32 OR BELOW: 0 0.01 INCH OR MORE: 4
MAX 90 OR ABOVE: 0 0.10 INCH OR MORE: 1
MIN 32 OR BELOW: 19 0.50 INCH OR MORE: 1
MIN 0 OR BELOW: 0 1.00 INCH OR MORE: 0
[HDD (BASE 65) ]
TOTAL THIS MO. 688 CLEAR (SCALE 0-3) 16
DPTR FM NORMAL -76 PTCLDY (SCALE 4-7) 11
TOTAL FM JUL 1 2357 CLOUDY (SCALE 8-10) 4
DPTR FM NORMAL -140
[CDD (BASE 65) ]
TOTAL THIS MO. 0
DPTR FM NORMAL 0 [PRESSURE DATA]
TOTAL FM JAN 1 0 HIGHEST SLP 30.58 ON 21
DPTR FM NORMAL 0 LOWEST SLP 29.63 ON 7
[REMARKS]
#FINAL-01-22#