000
CXUS56 KMFR 010856
CLMMFR
CLIMATE REPORT
NATIONAL WEATHER SERVICE MEDFORD, OR
156 AM PDT FRI SEP 01 2023
...................................
...THE MEDFORD OR CLIMATE SUMMARY FOR THE MONTH OF AUGUST 2023...
CLIMATE NORMAL PERIOD 1991 TO 2020
CLIMATE RECORD PERIOD 1911 TO 2023
WEATHER OBSERVED NORMAL DEPART LAST YEAR`S
VALUE DATE(S) VALUE FROM VALUE DATE(S)
NORMAL
................................................................
TEMPERATURE (F)
RECORD
HIGH 114 08/08/1981
LOW 39 08/27/1962
HIGHEST 111 08/14 103 08/03
LOWEST 53 08/30 56 08/28
AVG. MAXIMUM 93.6 91.1 2.5 95.7
AVG. MINIMUM 63.2 57.9 5.3 62.4
MEAN 78.4 74.5 3.9 79.1
DAYS MAX >= 90 24 20.1 3.9 28
DAYS MAX <= 32 0 0.0 0.0 0
DAYS MIN <= 32 0 0.0 0.0 0
DAYS MIN <= 0 0 0.0 0.0 0
PRECIPITATION (INCHES)
RECORD
MAXIMUM 2.83 1976
TOTALS 0.07 0.33 -0.26 T
DAILY AVG. 0.00 0.01 -0.01 T
DAYS >= .01 1 1.6 -0.6 0
DAYS >= .10 0 0.8 -0.8 0
DAYS >= .50 0 0.2 -0.2 0
DAYS >= 1.00 0 0.0 0.0 0
GREATEST
24 HR. TOTAL 0.07 08/31 TO 08/31
SNOWFALL (INCHES)
RECORDS
TOTAL 0.0 2010
TOTALS 0.0 0.0 0.0 0.0
SINCE 7/1 0.0 0.0 0.0 MM
DEGREE DAYS
HEATING TOTAL 0 3 -3 0
SINCE 7/1 0 4 -4 MM
COOLING TOTAL 421 298 123 442
SINCE 1/1 1155 767 388 MM
FREEZE DATES
RECORD
EARLIEST 09/13/1921
LATEST 06/12/1952
EARLIEST MM
LATEST 04/13
................................................................
WIND (MPH)
AVERAGE WIND SPEED 4.2
HIGHEST WIND SPEED/DIRECTION 24/210 DATE 08/19
24/160 08/20
HIGHEST GUST SPEED/DIRECTION 38/200 DATE 08/19
SKY COVER
POSSIBLE SUNSHINE (PERCENT) MM
AVERAGE SKY COVER 0.17
NUMBER OF DAYS FAIR 25
NUMBER OF DAYS PC 2
NUMBER OF DAYS CLOUDY 3
AVERAGE RH (PERCENT) 43
WEATHER CONDITIONS. NUMBER OF DAYS WITH
THUNDERSTORM 2 MIXED PRECIP 0
HEAVY RAIN 0 RAIN 0
LIGHT RAIN 4 FREEZING RAIN 0
LT FREEZING RAIN 0 HAIL 0
HEAVY SNOW 0 SNOW 0
LIGHT SNOW 0 SLEET 0
FOG 1 FOG W/VIS <= 1/4 MILE 0
HAZE 28
- INDICATES NEGATIVE NUMBERS.
R INDICATES RECORD WAS SET OR TIED.
MM INDICATES DATA IS MISSING.
T INDICATES TRACE AMOUNT.
$$