855
CXUS51 KPBZ 010730
CF6MGW
PRELIMINARY LOCAL CLIMATOLOGICAL DATA (WS FORM: F-6)
STATION: MORGANTOWN WV
MONTH: APRIL
YEAR: 2020
LATITUDE: 39 39 N
LONGITUDE: 79 55 W
TEMPERATURE IN F: :PCPN: SNOW: WIND :SUNSHINE: SKY :PK WND
================================================================================
1 2 3 4 5 6A 6B 7 8 9 10 11 12 13 14 15 16 17 18
12Z AVG MX 2MIN
DY MAX MIN AVG DEP HDD CDD WTR SNW DPTH SPD SPD DIR MIN PSBL S-S WX SPD DR
================================================================================
1 52 37 45 -3 20 0 0.17 M M 3.1 17 350 M M 9 18 23 350
2 57 30 44 -4 21 0 0.00 M M 7.1 18 330 M M 2 25 310
3 64 33 49 1 16 0 0.00 M M 5.6 16 350 M M 0 23 330
4 65 34 50 1 15 0 0.00 M M 2.6 13 50 M M 0 15 50
5 69 46 58 9 7 0 0.06 M M 3.1 16 290 M M 8 22 290
6 67 45 56 6 9 0 0.00 M M 3.6 10 10 M M 4 13 360
7 67 50 59 9 6 0 0.35 M M 4.3 13 210 M M 7 1 20 200
8 70 51 61 11 4 0 0.62 M M 5.3 29 350 M M 5 13 43 10
9 56 40 48 -3 17 0 0.55 M M 9.7 24 290 M M 7 13 39 290
10 46 34 40 -11 25 0 0.01 M M 9.3 20 300 M M 7 8 29 290
11 55 37 46 -5 19 0 0.00 M M 5.5 15 220 M M 5 23 210
12 71 39 55 3 10 0 0.26 M M 7.0 22 160 M M 8 1 31 150
13 68 40 54 2 11 0 M M M 5.5 33 170 M M 7 51 160
14 45 33 39 -13 26 0 0.17 M M 4.5 9 220 M M 7 1 13 280
15 49 30 40 -13 25 0 0.03 M M 6.1 15 230 M M 6 1 24 250
16 47 32 40 -13 25 0 0.00 M M 6.2 14 280 M M 6 26 290
17 59 29 44 -9 21 0 0.62 M M 4.1 22 230 M M 6 1 33 220
18 50 36 43 -11 22 0 0.23 M M 5.9 13 330 M M 7 1 22 330
19 59 33 46 -8 19 0 T M M 4.7 13 200 M M 4 19 200
20 62 42 52 -2 13 0 0.00 M M 3.8 10 290 M M 1 17 280
21 55 38 47 -8 18 0 0.16 M M 9.8 24 290 M M 6 13 36 290
22 51 33 42 -13 23 0 0.00 M M 4.9 13 290 M M 5 23 290
23 63 38 51 -4 14 0 0.12 M M 4.6 14 160 M M 6 20 150
24 56 47 52 -4 13 0 0.37 M M 3.0 9 360 M M 9 1 14 330
25 70 44 57 1 8 0 0.21 M M 4.7 20 130 M M 6 12 25 150
26 57 41 49 -7 16 0 0.60 M M 8.0 18 120 M M 10 1 25 120
27 60 40 50 -6 15 0 0.04 M M 6.3 15 360 M M 7 1 20 320
28 60 45 53 -4 12 0 0.10 M M 4.3 10 170 M M 9 8 14 210
29 78 53 66 9 0 1 0.38 M M 10.6 31 160 M M 5 1 45 160
30 58 47 53 -4 12 0 0.47 M M 6.4 16 110 M M 9 18 24 110
================================================================================
SM 1786 1177 462 1 5.52 M 169.6 M 178
================================================================================
AV 59.5 39.2 5.7 FASTST M M 6 MAX(MPH)
MISC ----> 33 170 51 160
================================================================================
NOTES:
# LAST OF SEVERAL OCCURRENCES
COLUMN 17 PEAK WIND IN M.P.H.
PRELIMINARY LOCAL CLIMATOLOGICAL DATA (WS FORM: F-6) , PAGE 2
STATION: MORGANTOWN WV
MONTH: APRIL
YEAR: 2020
LATITUDE: 39 39 N
LONGITUDE: 79 55 W
[TEMPERATURE DATA] [PRECIPITATION DATA] SYMBOLS USED IN COLUMN 16
AVERAGE MONTHLY: 49.4 TOTAL FOR MONTH: 5.52 1 = FOG OR MIST
DPTR FM NORMAL: -3.3 DPTR FM NORMAL: 2.00 2 = FOG REDUCING VISIBILITY
HIGHEST: 78 ON 29 GRTST 24HR 0.97 ON 7- 8 TO 1/4 MILE OR LESS
LOWEST: 29 ON 17 3 = THUNDER
SNOW, ICE PELLETS, HAIL 4 = ICE PELLETS
TOTAL MONTH: M 5 = HAIL
GRTST 24HR M ON M 6 = FREEZING RAIN OR DRIZZLE
GRTST DEPTH: M ON M 7 = DUSTSTORM OR SANDSTORM:
VSBY 1/2 MILE OR LESS
8 = SMOKE OR HAZE
[NO. OF DAYS WITH] [WEATHER - DAYS WITH] 9 = BLOWING SNOW
X = TORNADO
MAX 32 OR BELOW: 0 0.01 INCH OR MORE: 20
MAX 90 OR ABOVE: 0 0.10 INCH OR MORE: 16
MIN 32 OR BELOW: 4 0.50 INCH OR MORE: 4
MIN 0 OR BELOW: 0 1.00 INCH OR MORE: 0
[HDD (BASE 65) ]
TOTAL THIS MO. 462 CLEAR (SCALE 0-3) 4
DPTR FM NORMAL 80 PTCLDY (SCALE 4-7) 21
TOTAL FM JUL 1 4308 CLOUDY (SCALE 8-10) 5
DPTR FM NORMAL -675
[CDD (BASE 65) ]
TOTAL THIS MO. 1
DPTR FM NORMAL -13 [PRESSURE DATA]
TOTAL FM JAN 1 12 HIGHEST SLP 30.32 ON 17
DPTR FM NORMAL -4 LOWEST SLP 29.41 ON 9
[REMARKS]
#FINAL-04-20#