000
CXUS51 KPBZ 011618
CLAMGW
CLIMATE REPORT
NATIONAL WEATHER SERVICE PITTSBURGH PA
1118 AM EST SUN JAN 01 2023
...................................
...THE MORGANTOWN WV CLIMATE SUMMARY FOR THE YEAR OF 2022...
CLIMATE NORMAL PERIOD 1991 TO 2020
CLIMATE RECORD PERIOD 1872 TO 2022
WEATHER OBSERVED NORMAL DEPART LAST YEAR`S
VALUE DATE(S) VALUE FROM VALUE DATE(S)
NORMAL
................................................................
TEMPERATURE (F)
RECORD
HIGH 105 08/26/1893
LOW -25 02/10/1899
HIGHEST 95 06/15 MM MM 93 06/29
06/22
08/12
LOWEST -2 12/23 MM MM 6 02/21
12/24
AVG. MAXIMUM 64.4 63.8 0.6 65.1
AVG. MINIMUM 44.1 43.9 0.2 45.8
MEAN 54.3 53.8 0.5 55.4
DAYS MAX >= 90 16 13.3 2.7 10
DAYS MAX <= 32 26 24.0 2.0 14
DAYS MIN <= 32 100 101.9 -1.9 103
DAYS MIN <= 0 2 1.4 0.6 0
PRECIPITATION (INCHES)
RECORD
MAXIMUM 60.91 2003
MINIMUM 25.15 1930
TOTALS 42.77 43.15 -0.38 47.27
DAILY AVG. 0.12 0.12 0.00 0.13
DAYS >= .01 148 155.0 -7.0 147
DAYS >= .10 92 92.5 -0.5 92
DAYS >= .50 30 28.3 1.7 23
DAYS >= 1.00 5 7.2 -2.2 7
DAYS >= %-5.2F 0 2
GREATEST
24 HR. TOTAL 1.63 11/11 TO 11/12
STORM TOTAL 1.61
(MM/DD(HH))
DEGREE DAYS
HEATING TOTAL 4841 4964 -123 4501
SINCE 7/1 1008 1877 -869 MM
COOLING TOTAL 1038 930 108 1160
SINCE 1/1 1049 929 120 MM
FREEZE DATES
RECORD
EARLIEST MM
LATEST MM
EARLIEST 10/21
LATEST 04/29
................................................................
WIND (MPH)
AVERAGE WIND SPEED 4.9
HIGHEST WIND SPEED/DIRECTION 32/180 DATE 02/18
HIGHEST GUST SPEED/DIRECTION 55/190 DATE 02/18
AVERAGE RH (PERCENT) 66
WEATHER CONDITIONS. NUMBER OF DAYS WITH
THUNDERSTORM 43 MIXED PRECIP 0
HEAVY RAIN 34 RAIN 66
LIGHT RAIN 140 FREEZING RAIN 0
LT FREEZING RAIN 2 HAIL 0
HEAVY SNOW 1 SNOW 6
LIGHT SNOW 37 SLEET 0
FOG 197 FOG W/VIS <= 1/4 MILE 36
HAZE 65
- INDICATES NEGATIVE NUMBERS.
R INDICATES RECORD WAS SET OR TIED.
MM INDICATES DATA IS MISSING.
T INDICATES TRACE AMOUNT.
$$