390
CXUS56 KMFR 011000
CF6MHS
PRELIMINARY LOCAL CLIMATOLOGICAL DATA (WS FORM: F-6)
STATION: MT SHASTA CITY CA
MONTH: JUNE
YEAR: 2020
LATITUDE: 41 19 N
LONGITUDE: 122 19 W
TEMPERATURE IN F: :PCPN: SNOW: WIND :SUNSHINE: SKY :PK WND
================================================================================
1 2 3 4 5 6A 6B 7 8 9 10 11 12 13 14 15 16 17 18
12Z AVG MX 2MIN
DY MAX MIN AVG DEP HDD CDD WTR SNW DPTH SPD SPD DIR MIN PSBL S-S WX SPD DR
================================================================================
1 71 51 61 3 4 0 0.01 M M 0.4 6 60 M M 7 9 70
2 85 47 66 8 0 1 0.00 M M 0.8 8 290 M M 0 12 300
3 87 50 69 10 0 4 0.00 M M 2.0 8 80 M M 0 20 60
4 84 56 70 11 0 5 0.00 M M 2.8 8 300 M M 0 14 320
5 80 51 66 7 0 1 0.00 M M 2.2 10 340 M M 2 19 320
6 66 39 53 -6 12 0 T M M 3.5 12 340 M M 3 21 340
7 55 37 46 -14 19 0 0.27 M M 3.7 12 340 M M 5 1 23 340
8 67 37 52 -8 13 0 0.00 M M 2.2 8 300 M M 2 14 290
9 78 39 59 -1 6 0 0.00 M M 0.6 5 70 M M 1 8 310
10 84 44 64 4 1 0 T M M 0.1 6 230 M M 1 14 140
11 80 49 65 5 0 0 0.00 M M 0.5 7 90 M M 0 12 140
12 74 46 60 -1 5 0 T M M 1.1 10 330 M M 3 8 20 300
13 57 44 51 -10 14 0 0.42 M M 0.8 6 70 M M 10 1 9 280
14 72 39 56 -5 9 0 T M M 0.4 6 70 M M 2 1 9 70
15 67 47 57 -4 8 0 T M M 1.1 7 330 M M 6 14 330
16 64 43 54 -8 11 0 0.00 M M 5.6 10 290 M M 2 22 320
17 72 44 58 -4 7 0 0.00 M M 3.9 9 290 M M 2 17 300
18 82 45 64 2 1 0 0.00 M M 1.3 8 300 M M 0 14 280
19 87 47 67 5 0 2 0.00 M M 0.5 6 120 M M 1 11 140
20 87 55 71 9 0 6 0.00 M M 1.6 8 330 M M 2 14 350
21 86 58 72 9 0 7 0.00 M M 3.7 8 330 M M 0 17 340
22 92 53 73 10 0 8 0.00 M M 1.6 8 290 M M 0 13 300
23 97 57 77 14 0 12 0.00 M M 1.9 8 350 M M 0 15 360
24 84 63 74 10 0 9 0.00 M M 4.5 10 340 M M 0 20 330
25 93 55 74 10 0 9 0.00 M M 2.4 8 300 M M 0 14 330
26 95 56 76 12 0 11 0.00 M M 2.2 8 300 M M 0 16 340
27 87 59 73 9 0 8 0.00 M M 4.8 13 330 M M 0 8 25 360
28 66 50 58 -7 7 0 0.00 M M 7.1 14 320 M M 0 27 310
29 73 47 60 -5 5 0 0.00 M M 5.4 12 290 M M 3 23 300
30 79 52 66 1 0 1 0.00 M M 4.5 10 340 M M 0 21 340
================================================================================
SM 2351 1460 122 84 0.70 M 73.2 M 52
================================================================================
AV 78.4 48.7 2.4 FASTST M M 2 MAX(MPH)
MISC ----> # 14 320 # 27 310
================================================================================
NOTES:
# LAST OF SEVERAL OCCURRENCES
COLUMN 17 PEAK WIND IN M.P.H.
PRELIMINARY LOCAL CLIMATOLOGICAL DATA (WS FORM: F-6) , PAGE 2
STATION: MT SHASTA CITY CA
MONTH: JUNE
YEAR: 2020
LATITUDE: 41 19 N
LONGITUDE: 122 19 W
[TEMPERATURE DATA] [PRECIPITATION DATA] SYMBOLS USED IN COLUMN 16
AVERAGE MONTHLY: 63.5 TOTAL FOR MONTH: 0.70 1 = FOG OR MIST
DPTR FM NORMAL: 2.0 DPTR FM NORMAL: -0.50 2 = FOG REDUCING VISIBILITY
HIGHEST: 97 ON 23 GRTST 24HR 0.42 ON 13-13 TO 1/4 MILE OR LESS
LOWEST: 37 ON 8, 7 3 = THUNDER
SNOW, ICE PELLETS, HAIL 4 = ICE PELLETS
TOTAL MONTH: M 5 = HAIL
GRTST 24HR M ON M 6 = FREEZING RAIN OR DRIZZLE
GRTST DEPTH: M ON M 7 = DUSTSTORM OR SANDSTORM:
VSBY 1/2 MILE OR LESS
8 = SMOKE OR HAZE
[NO. OF DAYS WITH] [WEATHER - DAYS WITH] 9 = BLOWING SNOW
X = TORNADO
MAX 32 OR BELOW: 0 0.01 INCH OR MORE: 3
MAX 90 OR ABOVE: 4 0.10 INCH OR MORE: 2
MIN 32 OR BELOW: 0 0.50 INCH OR MORE: 0
MIN 0 OR BELOW: 0 1.00 INCH OR MORE: 0
[HDD (BASE 65) ]
TOTAL THIS MO. 122 CLEAR (SCALE 0-3) 26
DPTR FM NORMAL -20 PTCLDY (SCALE 4-7) 3
TOTAL FM JUL 1 5350 CLOUDY (SCALE 8-10) 1
DPTR FM NORMAL -344
[CDD (BASE 65) ]
TOTAL THIS MO. 84
DPTR FM NORMAL 47 [PRESSURE DATA]
TOTAL FM JAN 1 108 HIGHEST SLP 30.14 ON 29
DPTR FM NORMAL 63 LOWEST SLP 29.98 ON 28
[REMARKS]
#FINAL-06-20#