000
CXUS52 KMFL 011030
CF6MIA
PRELIMINARY LOCAL CLIMATOLOGICAL DATA (WS FORM: F-6)
STATION: MIAMI
MONTH: APRIL
YEAR: 2023
LATITUDE: 25 49 N
LONGITUDE: 80 17 W
TEMPERATURE IN F: :PCPN: SNOW: WIND :SUNSHINE: SKY :PK WND
================================================================================
1 2 3 4 5 6A 6B 7 8 9 10 11 12 13 14 15 16 17 18
12Z AVG MX 2MIN
DY MAX MIN AVG DEP HDD CDD WTR SNW DPTH SPD SPD DIR MIN PSBL S-S WX SPD DR
================================================================================
1 86 73 80 5 0 15 0.51 0.0 0 9.1 18 120 M M 6 18 25 130
2 90 72 81 6 0 16 0.00 0.0 0 5.0 15 120 M M 3 18 21 150
3 86 73 80 5 0 15 0.00 0.0 0 6.7 15 120 M M 4 21 160
4 86 76 81 6 0 16 0.00 0.0 0 10.2 17 100 M M 3 22 140
5 87 77 82 7 0 17 T 0.0 0 14.0 23 80 M M 5 27 80
6 87 77 82 7 0 17 T 0.0 0 14.4 23 90 M M 5 30 90
7 85 77 81 5 0 16 0.00 0.0 0 10.7 17 120 M M 5 23 80
8 86 75 81 5 0 16 0.04 0.0 0 9.1 16 100 M M 5 23 130
9 88 72 80 4 0 15 T 0.0 0 5.3 16 340 M M 7 3 22 330
10 80 70 75 -1 0 10 2.47 0.0 0 8.6 20 70 M M 9 13 27 60
11 77 68 73 -3 0 8 2.76 0.0 0 14.5 28 80 M M 10 18 33 80
12 76 69 73 -3 0 8 2.15 0.0 0 11.2 24 80 M M 9 13 30 80
13 87 73 80 4 0 15 0.00 0.0 0 8.2 17 130 M M 6 3 26 180
14 89 73 81 4 0 16 0.20 0.0 0 4.5 17 270 M M 5 3 26 280
15 89 75 82 5 0 17 0.00 0.0 0 6.0 16 120 M M 3 22 140
16 88 73 81 4 0 16 0.07 0.0 0 6.7 20 120 M M 7 13 28 140
17 89 69 79 2 0 14 0.25 0.0 0 7.8 22 230 M M 8 13 28 230
18 85 67 76 -1 0 11 0.00 0.0 0 8.0 22 90 M M 3 25 100
19 83 70 77 0 0 12 0.00 0.0 0 7.5 18 80 M M 7 27 90
20 85 70 78 1 0 13 0.00 0.0 0 8.3 18 80 M M 5 29 90
21 85 72 79 1 0 14 0.20 0.0 0 5.5 16 100 M M 6 3 19 100
22 89 72 81 3 0 16 0.01 0.0 0 4.5 21 110 M M 5 3 33 50
23 87 73 80 2 0 15 0.00 0.0 0 6.3 16 80 M M 4 21 70
24 82 74 78 0 0 13 0.98 0.0 0 7.3 16 120 M M 7 13 23 150
25 87 69 78 0 0 13 0.23 0.0 0 7.7 21 150 M M 6 138 28 150
26 88 72 80 2 0 15 T 0.0 0 6.0 21 40 M M 5 3 27 40
27 89 73 81 3 0 16 0.00 0.0 0 7.8 20 120 M M 4 25 110
28 88 75 82 4 0 17 0.00 0.0 0 6.6 21 170 M M 6 3 28 180
29 91 78 85 7 0 20 0.08 0.0 0 9.0 20 180 M M 8 13 31 200
30 86 73 80 2 0 15 T 0.0 0 12.3 22 270 M M 5 3 31 270
================================================================================
SM 2581 2180 0 437 9.95 0.0 248.8 M 171
================================================================================
AV 86.0 72.7 8.3 FASTST M M 6 MAX(MPH)
MISC ----> 28 80 # 33 80
================================================================================
NOTES:
# LAST OF SEVERAL OCCURRENCES
COLUMN 17 PEAK WIND IN M.P.H.
PRELIMINARY LOCAL CLIMATOLOGICAL DATA (WS FORM: F-6) , PAGE 2
STATION: MIAMI
MONTH: APRIL
YEAR: 2023
LATITUDE: 25 49 N
LONGITUDE: 80 17 W
[TEMPERATURE DATA] [PRECIPITATION DATA] SYMBOLS USED IN COLUMN 16
AVERAGE MONTHLY: 79.4 TOTAL FOR MONTH: 9.95 1 = FOG OR MIST
DPTR FM NORMAL: 2.7 DPTR FM NORMAL: 6.59 2 = FOG REDUCING VISIBILITY
HIGHEST: 91 ON 29 GRTST 24HR 3.69 ON 10-11 TO 1/4 MILE OR LESS
LOWEST: 67 ON 18 3 = THUNDER
SNOW, ICE PELLETS, HAIL 4 = ICE PELLETS
TOTAL MONTH: 0.0 INCH 5 = HAIL
GRTST 24HR 0.0 6 = FREEZING RAIN OR DRIZZLE
GRTST DEPTH: 0 7 = DUSTSTORM OR SANDSTORM:
VSBY 1/2 MILE OR LESS
8 = SMOKE OR HAZE
[NO. OF DAYS WITH] [WEATHER - DAYS WITH] 9 = BLOWING SNOW
X = TORNADO
MAX 32 OR BELOW: 0 0.01 INCH OR MORE: 13
MAX 90 OR ABOVE: 2 0.10 INCH OR MORE: 9
MIN 32 OR BELOW: 0 0.50 INCH OR MORE: 5
MIN 0 OR BELOW: 0 1.00 INCH OR MORE: 3
[HDD (BASE 65) ]
TOTAL THIS MO. 0 CLEAR (SCALE 0-3) 3
DPTR FM NORMAL 0 PTCLDY (SCALE 4-7) 24
TOTAL FM JUL 1 67 CLOUDY (SCALE 8-10) 3
DPTR FM NORMAL -36
[CDD (BASE 65) ]
TOTAL THIS MO. 437
DPTR FM NORMAL 85 [PRESSURE DATA]
TOTAL FM JAN 1 1366 HIGHEST SLP 30.18 ON 6
DPTR FM NORMAL 416 LOWEST SLP 29.74 ON 30
[REMARKS]
#FINAL-04-23#