000
CXUS53 KIND 010700
CF6MIE
PRELIMINARY LOCAL CLIMATOLOGICAL DATA (WS FORM: F-6)
STATION: MUNCIE IN
MONTH: DECEMBER
YEAR: 2021
LATITUDE: 40 13 N
LONGITUDE: 85 23 W
TEMPERATURE IN F: :PCPN: SNOW: WIND :SUNSHINE: SKY :PK WND
================================================================================
1 2 3 4 5 6A 6B 7 8 9 10 11 12 13 14 15 16 17 18
12Z AVG MX 2MIN
DY MAX MIN AVG DEP HDD CDD WTR SNW DPTH SPD SPD DIR MIN PSBL S-S WX SPD DR
================================================================================
1 49 32 41 3 24 0 0.04 M M 7.4 15 230 M M 7 18 22 240
2 59 38 49 11 16 0 T M M 11.3 21 250 M M 3 18 30 320
3 56 31 44 7 21 0 0.00 M M 5.8 14 130 M M 1 19 150
4 49 28 39 2 26 0 0.00 M M 5.0 14 40 M M 5 128 16 320
5 62 29 46 9 19 0 0.15 M M 12.0 24 220 M M 6 37 220
6 59 25 42 6 23 0 0.10 M M 17.8 31 290 M M 6 48 280
7 26 19 23 -13 42 0 0.00 M M 5.3 17 290 M M 4 26 280
8 40 25 33 -3 32 0 T M M 7.2 17 270 M M 5 24 270
9 52 24 38 2 27 0 0.00 M M 8.8 22 180 M M 5 33 170
10 63 46 55 20 10 0 0.09 M M 8.5 22 180 M M 9 128 38 170
11 67 34 51 16 14 0 0.57 M M 17.9 38 270 M M 6 13 59 260
12 49 32 41 6 24 0 0.00 M M 9.4 18 230 M M 0 26 240
13 52 36 44 10 21 0 0.00 M M 7.9 15 220 M M 0 23 220
14 57 30 44 10 21 0 0.00 M M 7.5 16 180 M M 3 25 180
15 65 52 59 25 6 0 0.01 M M 15.5 24 200 M M 7 45 210
16 61 38 50 16 15 0 0.26 M M 13.8 26 210 M M 5 18 45 210
17 40 27 34 1 31 0 0.03 M M 5.2 15 110 M M 4 18 17 100
18 44 34 39 6 26 0 0.21 M M 10.7 21 340 M M 9 18 28 350
19 35 29 32 -1 33 0 0.00 M M 4.4 10 20 M M 8 8 14 10
20 43 26 35 2 30 0 0.00 M M 6.2 16 210 M M 0 26 220
21 44 28 36 4 29 0 0.00 M M 8.1 21 280 M M 3 8 29 290
22 35 25 30 -2 35 0 0.00 M M 10.0 22 310 M M 2 32 290
23 49 22 36 4 29 0 0.00 M M 9.9 22 210 M M 2 37 200
24 62 46 54 22 11 0 0.00 M M 10.8 20 200 M M 8 34 190
25 64 46 55 23 10 0 0.67 M M 9.5 17 340 M M 10 13 25 230
26 49 34 42 11 23 0 T M M 5.6 18 130 M M 5 128 28 120
27 66 43 55 24 10 0 0.28 M M 11.9 24 280 M M 7 138 37 280
28 44 38 41 10 24 0 0.72 M M 7.2 32 90 M M 7 18 45 80
29 44 37 41 10 24 0 T M M 7.3 15 330 M M 10 128 19 330
30 48 37 43 13 22 0 T M M 5.7 12 250 M M 10 18 17 200
31 59 41 50 20 15 0 0.00 M M 6.5 16 270 M M 7 128 24 290
================================================================================
SM 1592 1032 693 0 3.13 M 280.1 M 164
================================================================================
AV 51.4 33.3 9.0 FASTST M M 5 MAX(MPH)
MISC ----> 38 270 59 260
================================================================================
NOTES:
# LAST OF SEVERAL OCCURRENCES
COLUMN 17 PEAK WIND IN M.P.H.
PRELIMINARY LOCAL CLIMATOLOGICAL DATA (WS FORM: F-6) , PAGE 2
STATION: MUNCIE IN
MONTH: DECEMBER
YEAR: 2021
LATITUDE: 40 13 N
LONGITUDE: 85 23 W
[TEMPERATURE DATA] [PRECIPITATION DATA] SYMBOLS USED IN COLUMN 16
AVERAGE MONTHLY: 42.3 TOTAL FOR MONTH: 3.13 1 = FOG OR MIST
DPTR FM NORMAL: 8.5 DPTR FM NORMAL: 0.56 2 = FOG REDUCING VISIBILITY
HIGHEST: 67 ON 11 GRTST 24HR 0.72 ON 28-28 TO 1/4 MILE OR LESS
LOWEST: 19 ON 7 3 = THUNDER
SNOW, ICE PELLETS, HAIL 4 = ICE PELLETS
TOTAL MONTH: M 5 = HAIL
GRTST 24HR M ON M 6 = FREEZING RAIN OR DRIZZLE
GRTST DEPTH: M ON M 7 = DUSTSTORM OR SANDSTORM:
VSBY 1/2 MILE OR LESS
8 = SMOKE OR HAZE
[NO. OF DAYS WITH] [WEATHER - DAYS WITH] 9 = BLOWING SNOW
X = TORNADO
MAX 32 OR BELOW: 1 0.01 INCH OR MORE: 12
MAX 90 OR ABOVE: 0 0.10 INCH OR MORE: 8
MIN 32 OR BELOW: 16 0.50 INCH OR MORE: 3
MIN 0 OR BELOW: 0 1.00 INCH OR MORE: 0
[HDD (BASE 65) ]
TOTAL THIS MO. 693 CLEAR (SCALE 0-3) 9
DPTR FM NORMAL -274 PTCLDY (SCALE 4-7) 17
TOTAL FM JUL 1 1529 CLOUDY (SCALE 8-10) 5
DPTR FM NORMAL -454
[CDD (BASE 65) ]
TOTAL THIS MO. 0
DPTR FM NORMAL 0 [PRESSURE DATA]
TOTAL FM JAN 1 1445 HIGHEST SLP M ON M
DPTR FM NORMAL 273 LOWEST SLP 29.36 ON 11
[REMARKS]
#FINAL-12-21#