000
CXUS53 KEAX 250736
CF6MKC
PRELIMINARY LOCAL CLIMATOLOGICAL DATA (WS FORM: F-6)
STATION: DOWNTOWN KANSAS CITY MO
MONTH: APRIL
YEAR: 2024
LATITUDE: 39 7 N
LONGITUDE: 94 36 W
TEMPERATURE IN F: :PCPN: SNOW: WIND :SUNSHINE: SKY :PK WND
================================================================================
1 2 3 4 5 6A 6B 7 8 9 10 11 12 13 14 15 16 17 18
12Z AVG MX 2MIN
DY MAX MIN AVG DEP HDD CDD WTR SNW DPTH SPD SPD DIR MIN PSBL S-S WX SPD DR
================================================================================
1 77 53 65 13 0 0 0.45 M M 9.1 22 190 M M 8 13 28 200
2 53 41 47 -5 18 0 0.02 M M 12.5 24 320 M M 8 1 34 310
3 56 39 48 -5 17 0 0.01 M M M 33 300 M M M 46 300
4 61 38 50 -3 15 0 0.00 M M 9.0 20 320 M M 0 28 290
5 65 39 52 -1 13 0 0.00 M M 7.7 15 100 M M 0 24 100
6 72 45 59 5 6 0 0.14 M M 14.7 26 100 M M 2 41 100
7 72 55 64 10 1 0 0.00 M M 17.3 39 220 M M 3 8 52 240
8 70 43 57 3 8 0 0.00 M M 3.7 15 240 M M 0 22 230
9 68 46 57 2 8 0 0.00 M M 3.8 10 350 M M 0 17 320
10 69 45 57 2 8 0 0.00 M M 4.5 15 10 M M 1 22 20
11 65 49 57 2 8 0 0.00 M M 14.9 26 300 M M 1 43 290
12 70 43 57 1 8 0 0.00 M M 5.2 16 340 M M 0 22 340
13 87 51 69 13 0 4 0.00 M M 12.2 25 200 M M 0 37 210
14 86 61 74 18 0 9 0.00 M M 4.9 18 200 M M 0 26 210
15 84 64 74 18 0 9 0.00 M M 9.2 20 180 M M 4 29 120
16 82 63 73 16 0 8 0.23 M M 19.4 41 220 M M 5 13 56 220
17 80 59 70 13 0 5 0.00 M M 10.2 21 280 M M 0 3 32 270
18 68 46 57 0 8 0 0.87 M M 12.1 31 330 M M 8 13 42 280
19 61 41 51 -7 14 0 0.00 M M 5.3 15 340 M M 3 21 350
20 56 42 49 -9 16 0 0.00 M M 9.3 18 320 M M 3 27 340
21 61 38 50 -8 15 0 0.00 M M 6.7 14 320 M M 2 21 350
22 72 42 57 -1 8 0 0.00 M M 14.5 28 200 M M 0 38 200
23 76 54 65 6 0 0 T M M 7.4 20 200 M M 1 28 220
24 75 46 61 2 4 0 0.00 M M 3.1 12 100 M M 1 19 80
================================================================================
SM 1686 1143 175 35 1.72 M 216.7 M 50
================================================================================
AV 70.3 47.6 9.4 FASTST M M 2 MAX(MPH)
MISC ----> 41 220 56 220
================================================================================
NOTES:
# LAST OF SEVERAL OCCURRENCES
COLUMN 17 PEAK WIND IN M.P.H.
PRELIMINARY LOCAL CLIMATOLOGICAL DATA (WS FORM: F-6) , PAGE 2
STATION: DOWNTOWN KANSAS CITY MO
MONTH: APRIL
YEAR: 2024
LATITUDE: 39 7 N
LONGITUDE: 94 36 W
[TEMPERATURE DATA] [PRECIPITATION DATA] SYMBOLS USED IN COLUMN 16
AVERAGE MONTHLY: 58.9 TOTAL FOR MONTH: 1.72 1 = FOG OR MIST
DPTR FM NORMAL: 3.3 DPTR FM NORMAL: -1.19 2 = FOG REDUCING VISIBILITY
HIGHEST: 87 ON 13 GRTST 24HR 0.87 ON 18-18 TO 1/4 MILE OR LESS
LOWEST: 38 ON 21, 4 3 = THUNDER
SNOW, ICE PELLETS, HAIL 4 = ICE PELLETS
TOTAL MONTH: M 5 = HAIL
GRTST 24HR M ON M 6 = FREEZING RAIN OR DRIZZLE
GRTST DEPTH: M ON M 7 = DUSTSTORM OR SANDSTORM:
VSBY 1/2 MILE OR LESS
8 = SMOKE OR HAZE
[NO. OF DAYS WITH] [WEATHER - DAYS WITH] 9 = BLOWING SNOW
X = TORNADO
MAX 32 OR BELOW: 0 0.01 INCH OR MORE: 6
MAX 90 OR ABOVE: 0 0.10 INCH OR MORE: 4
MIN 32 OR BELOW: 0 0.50 INCH OR MORE: 1
MIN 0 OR BELOW: 0 1.00 INCH OR MORE: 0
[HDD (BASE 65) ]
TOTAL THIS MO. 175 CLEAR (SCALE 0-3) 18
DPTR FM NORMAL -70 PTCLDY (SCALE 4-7) 5
TOTAL FM JUL 1 3739 CLOUDY (SCALE 8-10) 1
DPTR FM NORMAL -754
[CDD (BASE 65) ]
TOTAL THIS MO. 35
DPTR FM NORMAL 15 [PRESSURE DATA]
TOTAL FM JAN 1 42 HIGHEST SLP M ON M
DPTR FM NORMAL 16 LOWEST SLP 29.43 ON 16
[REMARKS]