000
CXUS53 KGRR 011010
CF6MKG
PRELIMINARY LOCAL CLIMATOLOGICAL DATA (WS FORM: F-6)
STATION: MUSKEGON
MONTH: JANUARY
YEAR: 2023
LATITUDE: 43 10 N
LONGITUDE: 86 14 W
TEMPERATURE IN F: :PCPN: SNOW: WIND :SUNSHINE: SKY :PK WND
================================================================================
1 2 3 4 5 6A 6B 7 8 9 10 11 12 13 14 15 16 17 18
12Z AVG MX 2MIN
DY MAX MIN AVG DEP HDD CDD WTR SNW DPTH SPD SPD DIR MIN PSBL S-S WX SPD DR
================================================================================
1 43 34 39 11 26 0 0.12 0.0 0 7.4 13 130 M M 10 18 18 230
2 41 32 37 9 28 0 0.00 0.0 0 3.5 12 80 M M 10 128 15 80
3 43 38 41 13 24 0 0.32 0.0 0 11.2 18 70 M M 10 138 24 90
4 46 36 41 13 24 0 0.03 T 0 7.2 14 220 M M 9 128 20 270
5 37 35 36 8 29 0 0.11 T 0 5.8 14 210 M M 10 18 20 220
6 37 33 35 7 30 0 0.02 0.1 0 4.6 12 280 M M 10 18 15 290
7 36 32 34 6 31 0 0.00 0.0 0 5.4 14 320 M M 10 16 20
8 35 31 33 6 32 0 T T 0 6.0 12 230 M M 10 18 15 220
9 41 31 36 9 29 0 0.00 0.0 0 9.9 17 220 M M 8 18 23 220
10 44 33 39 12 26 0 T 0.0 0 9.8 16 120 M M 6 18 20 120
11 50 35 43 16 22 0 0.01 0.0 0 6.7 12 80 M M 8 18 17 150
12 43 36 40 13 25 0 T T 0 9.9 20 360 M M 9 18 31 10
13 37 28 33 6 32 0 0.00 0.0 0 14.1 23 10 M M 10 34 350
14 33 25 29 3 36 0 0.00 0.0 0 5.2 10 160 M M 10 14 30
15 43 26 35 9 30 0 0.00 0.0 0 11.3 21 130 M M 6 8 29 140
16 44 37 41 15 24 0 0.43 0.0 0 13.1 20 120 M M 9 1 26 120
17 50 39 45 19 20 0 0.21 0.0 0 12.4 18 190 M M 10 1 28 190
18 40 37 39 13 26 0 T T 0 7.2 20 70 M M 10 1 26 70
19 42 35 39 13 26 0 0.38 T 0 11.7 30 100 M M 10 1 45 110
20 37 32 35 9 30 0 0.02 0.2 T 8.7 17 290 M M 10 18 30 290
21 35 31 33 7 32 0 0.00 0.0 0 8.8 15 210 M M 10 21 220
22 35 31 33 7 32 0 0.13 1.7 1 3.3 10 160 M M 10 128 15 180
23 35 27 31 5 34 0 T T 1 12.2 25 240 M M 10 18 35 240
24 36 33 35 9 30 0 0.01 0.1 T 8.8 18 270 M M 10 8 26 270
25 34 31 33 7 32 0 0.19 3.0 T 8.4 13 340 M M 10 128 18 60
26 36 29 33 7 32 0 0.22 2.3 3 4.8 15 330 M M 10 128 20 260
27 38 21 30 4 35 0 0.12 1.3 5 17.0 29 220 M M 9 189 38 220
28 32 26 29 3 36 0 0.26 3.9 5 7.2 20 260 M M 10 18 32 270
29 30 20 25 -1 40 0 0.14 2.3 11 7.9 15 10 M M 9 18 20 360
30 25 13 19 -7 46 0 0.02 0.7 9 11.0 20 310 M M 10 89 29 320
31 19 11 15 -11 50 0 0.06 1.1 10 7.7 18 280 M M 9 18 25 290
================================================================================
SM 1177 938 949 0 2.80 16.7 268.2 M 292
================================================================================
AV 38.0 30.3 8.7 FASTST M M 9 MAX(MPH)
MISC ----> 30 100 45 110
================================================================================
NOTES:
# LAST OF SEVERAL OCCURRENCES
COLUMN 17 PEAK WIND IN M.P.H.
PRELIMINARY LOCAL CLIMATOLOGICAL DATA (WS FORM: F-6) , PAGE 2
STATION: MUSKEGON
MONTH: JANUARY
YEAR: 2023
LATITUDE: 43 10 N
LONGITUDE: 86 14 W
[TEMPERATURE DATA] [PRECIPITATION DATA] SYMBOLS USED IN COLUMN 16
AVERAGE MONTHLY: 34.1 TOTAL FOR MONTH: 2.80 1 = FOG OR MIST
DPTR FM NORMAL: 7.5 DPTR FM NORMAL: 0.38 2 = FOG REDUCING VISIBILITY
HIGHEST: 50 ON 17,11 GRTST 24HR 0.60 ON 3- 4 TO 1/4 MILE OR LESS
LOWEST: 11 ON 31 3 = THUNDER
SNOW, ICE PELLETS, HAIL 4 = ICE PELLETS
TOTAL MONTH: 16.7 INCHES 5 = HAIL
GRTST 24HR 3.9 ON 28-28 6 = FREEZING RAIN OR DRIZZLE
GRTST DEPTH: 11 ON 29 7 = DUSTSTORM OR SANDSTORM:
VSBY 1/2 MILE OR LESS
8 = SMOKE OR HAZE
[NO. OF DAYS WITH] [WEATHER - DAYS WITH] 9 = BLOWING SNOW
X = TORNADO
MAX 32 OR BELOW: 4 0.01 INCH OR MORE: 19
MAX 90 OR ABOVE: 0 0.10 INCH OR MORE: 12
MIN 32 OR BELOW: 18 0.50 INCH OR MORE: 0
MIN 0 OR BELOW: 0 1.00 INCH OR MORE: 0
[HDD (BASE 65) ]
TOTAL THIS MO. 949 CLEAR (SCALE 0-3) 0
DPTR FM NORMAL -241 PTCLDY (SCALE 4-7) 4
TOTAL FM JUL 1 3067 CLOUDY (SCALE 8-10) 27
DPTR FM NORMAL -422
[CDD (BASE 65) ]
TOTAL THIS MO. 0
DPTR FM NORMAL 0 [PRESSURE DATA]
TOTAL FM JAN 1 0 HIGHEST SLP 30.44 ON 31
DPTR FM NORMAL 0 LOWEST SLP 29.42 ON 17
[REMARKS]
#FINAL-01-23#