000
CXUS54 KMEG 010900
CF6MKL
PRELIMINARY LOCAL CLIMATOLOGICAL DATA (WS FORM: F-6)
STATION: JACKSON
MONTH: AUGUST
YEAR: 2021
LATITUDE: 35 35 N
LONGITUDE: 88 55 W
TEMPERATURE IN F: :PCPN: SNOW: WIND :SUNSHINE: SKY :PK WND
================================================================================
1 2 3 4 5 6A 6B 7 8 9 10 11 12 13 14 15 16 17 18
12Z AVG MX 2MIN
DY MAX MIN AVG DEP HDD CDD WTR SNW DPTH SPD SPD DIR MIN PSBL S-S WX SPD DR
================================================================================
1 82 68 75 -5 0 10 1.43 M M 4.2 18 360 M M 7 1238 24 10
2 84 64 74 -6 0 9 0.00 M M 3.6 15 30 M M 2 128 17 360
3 84 61 73 -6 0 8 0.00 M M 4.6 13 360 M M 0 1 20 330
4 85 62 74 -5 0 9 0.00 M M 4.0 14 20 M M 3 1 17 350
5 86 58 72 -7 0 7 0.00 M M 1.2 8 20 M M 0 1 13 360
6 85 64 75 -4 0 10 0.00 M M 2.2 9 170 M M 0 1 14 180
7 87 64 76 -3 0 11 0.00 M M 1.0 7 170 M M 0 1 9 290
8 89 65 77 -2 0 12 0.00 M M 4.3 13 200 M M 1 1 18 200
9 94 74 84 5 0 19 0.00 M M 8.1 16 200 M M 0 21 240
10 94 76 85 6 0 20 0.00 M M 7.1 15 200 M M 1 19 190
11 94 75 85 6 0 20 0.00 M M 7.2 13 170 M M 1 20 170
12 94 72 83 4 0 18 0.00 M M 5.2 12 170 M M 1 19 180
13 92 70 81 2 0 16 2.39 M M 4.7 28 300 M M 4 123 33 300
14 88 69 79 0 0 14 0.01 M M 2.8 16 340 M M 5 123 20 350
15 83 71 77 -2 0 12 0.01 M M 3.7 10 40 M M 5 1 13 40
16 88 67 78 -1 0 13 0.00 M M 1.2 6 100 M M 5 12 8 70
17 88 69 79 1 0 14 0.00 M M 2.2 12 350 M M 2 12 13 350
18 85 72 79 1 0 14 0.50 M M 2.4 18 200 M M 5 13 23 200
19 88 72 80 2 0 15 0.76 M M 3.2 10 190 M M 6 13 15 200
20 83 73 78 0 0 13 0.18 M M 4.0 10 210 M M 6 1 13 210
21 89 74 82 4 0 17 0.21 M M 6.7 16 270 M M 4 13 24 270
22 89 71 80 2 0 15 0.00 M M 3.9 12 290 M M 2 1 15 300
23 92 68 80 2 0 15 0.00 M M 0.8 6 170 M M 1 1 9 340
24 92 70 81 3 0 16 0.00 M M 1.4 8 100 M M 1 1 10 100
25 94 70 82 5 0 17 0.00 M M 1.0 6 70 M M 0 1 8 50
26 94 71 83 6 0 18 0.00 M M 1.9 9 100 M M 1 13 11 160
27 92 71 82 5 0 17 0.00 M M 2.3 9 180 M M 0 1 12 210
28 91 71 81 4 0 16 0.00 M M 2.6 9 100 M M 0 12 13 100
29 91 72 82 5 0 17 0.00 M M 3.7 10 160 M M 1 1 15 180
30 80 70 75 -1 0 10 0.24 M M 7.0 22 70 M M 5 1 27 50
31 85 68 77 1 0 12 1.37 M M 11.7 22 360 M M 7 1 29 350
================================================================================
SM 2742 2142 0 434 7.10 M 119.9 M 76
================================================================================
AV 88.5 69.1 3.9 FASTST M M 2 MAX(MPH)
MISC ----> 28 300 33 300
================================================================================
NOTES:
# LAST OF SEVERAL OCCURRENCES
COLUMN 17 PEAK WIND IN M.P.H.
PRELIMINARY LOCAL CLIMATOLOGICAL DATA (WS FORM: F-6) , PAGE 2
STATION: JACKSON
MONTH: AUGUST
YEAR: 2021
LATITUDE: 35 35 N
LONGITUDE: 88 55 W
[TEMPERATURE DATA] [PRECIPITATION DATA] SYMBOLS USED IN COLUMN 16
AVERAGE MONTHLY: 78.8 TOTAL FOR MONTH: 7.10 1 = FOG OR MIST
DPTR FM NORMAL: 0.5 DPTR FM NORMAL: 3.57 2 = FOG REDUCING VISIBILITY
HIGHEST: 94 ON 26,25 GRTST 24HR 2.39 ON 13-13 TO 1/4 MILE OR LESS
LOWEST: 58 ON 5 3 = THUNDER
SNOW, ICE PELLETS, HAIL 4 = ICE PELLETS
TOTAL MONTH: M 5 = HAIL
GRTST 24HR M ON M 6 = FREEZING RAIN OR DRIZZLE
GRTST DEPTH: M ON M 7 = DUSTSTORM OR SANDSTORM:
VSBY 1/2 MILE OR LESS
8 = SMOKE OR HAZE
[NO. OF DAYS WITH] [WEATHER - DAYS WITH] 9 = BLOWING SNOW
X = TORNADO
MAX 32 OR BELOW: 0 0.01 INCH OR MORE: 10
MAX 90 OR ABOVE: 12 0.10 INCH OR MORE: 8
MIN 32 OR BELOW: 0 0.50 INCH OR MORE: 5
MIN 0 OR BELOW: 0 1.00 INCH OR MORE: 3
[HDD (BASE 65) ]
TOTAL THIS MO. 0 CLEAR (SCALE 0-3) 20
DPTR FM NORMAL 0 PTCLDY (SCALE 4-7) 11
TOTAL FM JUL 1 0 CLOUDY (SCALE 8-10) 0
DPTR FM NORMAL 0
[CDD (BASE 65) ]
TOTAL THIS MO. 434
DPTR FM NORMAL 22 [PRESSURE DATA]
TOTAL FM JAN 1 1344 HIGHEST SLP 30.19 ON 13
DPTR FM NORMAL -89 LOWEST SLP 29.57 ON 31
[REMARKS]
#FINAL-08-21#