000
CXUS54 KFWD 010730
CF6MKN
PRELIMINARY LOCAL CLIMATOLOGICAL DATA (WS FORM: F-6)
STATION: COMANCHE
MONTH: JULY
YEAR: 2023
LATITUDE: 31 55 N
LONGITUDE: 98 36 W
TEMPERATURE IN F: :PCPN: SNOW: WIND :SUNSHINE: SKY :PK WND
================================================================================
1 2 3 4 5 6A 6B 7 8 9 10 11 12 13 14 15 16 17 18
12Z AVG MX 2MIN
DY MAX MIN AVG DEP HDD CDD WTR SNW DPTH SPD SPD DIR MIN PSBL S-S WX SPD DR
================================================================================
1 91 69 80 M 0 15 0.07 M M 6.9 16 200 M M 0 25 230
2 98 69 84 M 0 19 0.00 M M 3.6 10 190 M M 0 M M
3 104 69 87 M 0 22 0.00 M M 5.2 14 200 M M 0 18 200
4 103 73 88 M 0 23 0.57 M M 5.9 14 20 M M 0 3 23 20
5 101 76 89 M 0 24 0.17 M M 7.5 13 210 M M 0 21 140
6 103 73 88 M 0 23 0.00 M M 5.3 13 170 M M 0 18 170
7 99 72 86 M 0 21 0.00 M M 9.5 16 190 M M 0 24 190
8 103 75 89 M 0 24 0.00 M M 6.0 15 200 M M 0 24 220
9 108 80 94 M 0 29 0.00 M M 7.0 14 210 M M 0 22 60
10 111 74 93 M 0 28 0.00 M M 5.7 12 130 M M 0 17 110
11 107 83 95 M 0 30 0.00 M M 7.7 14 190 M M 0 24 190
12 112 82 97 M 0 32 0.00 M M 11.9 18 200 M M 0 30 200
13 112 81 97 M 0 32 0.00 M M 11.0 14 190 M M 0 22 210
14 111 81 96 M 0 31 0.00 M M 10.0 17 190 M M 0 26 190
15 107 79 93 M 0 28 0.00 M M 7.3 15 170 M M 0 21 30
16 108 75 92 M 0 27 0.08 M M 3.8 10 310 M M 1 16 310
17 113 76 95 M 0 30 0.00 M M 8.5 13 210 M M 0 20 210
18 112 81 97 M 0 32 0.00 M M 12.9 18 210 M M 0 25 200
19 112 80 96 M 0 31 0.00 M M 11.0 20 210 M M 0 26 210
20 113 80 97 M 0 32 0.00 M M 9.4 15 200 M M 0 20 190
21 107 76 92 M 0 27 0.00 M M 5.6 14 190 M M 1 21 190
22 100 75 88 M 0 23 0.00 M M 3.9 7 70 M M 2 17 10
23 106 69 88 M 0 23 0.00 M M 4.3 8 110 M M 0 M M
24 110 71 91 M 0 26 0.00 M M 5.2 10 140 M M 0 8 23 110
25 108 79 94 M 0 29 0.00 M M 10.0 13 140 M M 0 25 130
26 109 76 93 M 0 28 0.00 M M 7.6 14 210 M M 1 8 18 190
27 108 75 92 M 0 27 0.00 M M 8.0 14 130 M M 1 20 120
28 106 76 91 M 0 26 0.00 M M 8.2 15 200 M M 0 17 210
29 108 74 91 M 0 26 0.00 M M 6.8 10 190 M M 1 8 17 190
30 110 73 92 M 0 27 0.00 M M 5.1 12 90 M M 1 20 190
31 110 76 93 M 0 28 0.00 M M 7.3 17 180 M M 2 20 210
================================================================================
SM 3310 2348 0 823 0.89 M 227.9 M 10
================================================================================
AV106.8 75.7 7.4 FASTST M M 0 MAX(MPH)
MISC ----> 20 210 30 200
================================================================================
NOTES:
# LAST OF SEVERAL OCCURRENCES
COLUMN 17 PEAK WIND IN M.P.H.
PRELIMINARY LOCAL CLIMATOLOGICAL DATA (WS FORM: F-6) , PAGE 2
STATION: COMANCHE
MONTH: JULY
YEAR: 2023
LATITUDE: 31 55 N
LONGITUDE: 98 36 W
[TEMPERATURE DATA] [PRECIPITATION DATA] SYMBOLS USED IN COLUMN 16
AVERAGE MONTHLY: 91.3 TOTAL FOR MONTH: 0.89 1 = FOG OR MIST
DPTR FM NORMAL: 0.0 DPTR FM NORMAL: -1.09 2 = FOG REDUCING VISIBILITY
HIGHEST: 113 ON 20,17 GRTST 24HR 0.57 ON 4- 4 TO 1/4 MILE OR LESS
LOWEST: 69 ON 23, 3 3 = THUNDER
SNOW, ICE PELLETS, HAIL 4 = ICE PELLETS
TOTAL MONTH: M 5 = HAIL
GRTST 24HR M ON M 6 = FREEZING RAIN OR DRIZZLE
GRTST DEPTH: M ON M 7 = DUSTSTORM OR SANDSTORM:
VSBY 1/2 MILE OR LESS
8 = SMOKE OR HAZE
[NO. OF DAYS WITH] [WEATHER - DAYS WITH] 9 = BLOWING SNOW
X = TORNADO
MAX 32 OR BELOW: 0 0.01 INCH OR MORE: 4
MAX 90 OR ABOVE: 31 0.10 INCH OR MORE: 2
MIN 32 OR BELOW: 0 0.50 INCH OR MORE: 1
MIN 0 OR BELOW: 0 1.00 INCH OR MORE: 0
[HDD (BASE 65) ]
TOTAL THIS MO. 0 CLEAR (SCALE 0-3) 31
DPTR FM NORMAL M PTCLDY (SCALE 4-7) 0
TOTAL FM JUL 1 0 CLOUDY (SCALE 8-10) 0
DPTR FM NORMAL M
[CDD (BASE 65) ]
TOTAL THIS MO. 823
DPTR FM NORMAL M [PRESSURE DATA]
TOTAL FM JAN 1 1953 HIGHEST SLP M ON M
DPTR FM NORMAL M LOWEST SLP M ON M
[REMARKS]
#FINAL-07-23#