000
CXUS54 KFWD 072147
CF6MKN
PRELIMINARY LOCAL CLIMATOLOGICAL DATA (WS FORM: F-6)
STATION: COMANCHE
MONTH: JUNE
YEAR: 2022
LATITUDE: 31 55 N
LONGITUDE: 98 36 W
TEMPERATURE IN F: :PCPN: SNOW: WIND :SUNSHINE: SKY :PK WND
================================================================================
1 2 3 4 5 6A 6B 7 8 9 10 11 12 13 14 15 16 17 18
12Z AVG MX 2MIN
DY MAX MIN AVG DEP HDD CDD WTR SNW DPTH SPD SPD DIR MIN PSBL S-S WX SPD DR
================================================================================
1 100 73 87 M 0 22 0.00 M M 10.5 17 170 M M 4 28 160
2 91 66 79 M 0 14 0.07 M M 5.8 18 330 M M 4 3 29 170
3 82 66 74 M 0 9 0.06 M M 5.4 12 280 M M 1 3 25 320
4 97 64 81 M 0 16 0.00 M M 4.9 13 130 M M 1 17 110
5 99 72 86 M 0 21 0.00 M M 12.4 18 190 M M 0 26 160
6 104 72 88 M 0 23 0.00 M M 12.4 17 190 M M 0 24 180
7 100 73 87 M 0 22 0.00 M M 10.9 15 150 M M 0 21 150
8 95 72 84 M 0 19 0.00 M M 9.9 17 20 M M 0 30 20
9 100 70 85 M 0 20 0.00 M M 4.2 10 180 M M 1 M M
10 104 73 89 M 0 24 0.00 M M 6.7 12 200 M M 0 17 200
11 108 75 92 M 0 27 0.00 M M 9.7 16 210 M M 0 25 210
12 108 81 95 M 0 30 0.00 M M 13.2 18 200 M M 0 24 200
13 104 75 90 M 0 25 0.00 M M 15.3 20 180 M M 0 31 170
14 100 75 88 M 0 23 0.00 M M 18.9 24 170 M M 0 38 180
15 99 75 87 M 0 22 0.00 M M 15.1 23 190 M M 0 32 180
16 104 73 89 M 0 24 0.00 M M 9.3 13 190 M M 0 21 210
17 104 72 88 M 0 23 0.00 M M 6.3 12 110 M M 1 18 130
18 102 72 87 M 0 22 0.00 M M 6.7 15 170 M M 1 18 160
19 102 72 87 M 0 22 0.00 M M 7.9 14 130 M M 2 23 160
20 106 72 89 M 0 24 0.00 M M 8.3 18 140 M M 0 23 190
21 106 73 90 M 0 25 0.00 M M 6.7 14 130 M M 0 21 90
22 106 73 90 M 0 25 0.00 M M 6.7 13 140 M M 1 16 120
23 109 73 91 M 0 26 0.00 M M 5.8 12 170 M M 1 9 170
24 108 79 94 M 0 29 0.00 M M 10.5 15 170 M M 0 22 170
25 108 77 93 M 0 28 0.00 M M 6.8 13 120 M M 0 18 230
26 106 77 92 M 0 27 0.00 M M 7.4 16 30 M M 2 26 80
27 97 70 84 M 0 19 0.04 M M 9.0 14 30 M M 3 3 23 190
28 90 72 81 M 0 16 M M M 4.9 20 20 M M 1 25 20
29 99 66 83 M 0 18 0.00 M M 3.5 10 20 M M 0 M M
30 106 66 86 M 0 21 0.00 M M 4.9 10 50 M M 0 16 50
================================================================================
SM 3044 2169 0 666 0.17 M 259.8 M 23
================================================================================
AV101.5 72.3 8.7 FASTST M M 1 MAX(MPH)
MISC ----> 24 170 38 180
================================================================================
NOTES:
# LAST OF SEVERAL OCCURRENCES
COLUMN 17 PEAK WIND IN M.P.H.
PRELIMINARY LOCAL CLIMATOLOGICAL DATA (WS FORM: F-6) , PAGE 2
STATION: COMANCHE
MONTH: JUNE
YEAR: 2022
LATITUDE: 31 55 N
LONGITUDE: 98 36 W
[TEMPERATURE DATA] [PRECIPITATION DATA] SYMBOLS USED IN COLUMN 16
AVERAGE MONTHLY: 86.9 TOTAL FOR MONTH: 0.17 1 = FOG OR MIST
DPTR FM NORMAL: 0.0 DPTR FM NORMAL: -4.53 2 = FOG REDUCING VISIBILITY
HIGHEST: 109 ON 23 GRTST 24HR 0.07 ON 2- 2 TO 1/4 MILE OR LESS
LOWEST: 64 ON 4 3 = THUNDER
SNOW, ICE PELLETS, HAIL 4 = ICE PELLETS
TOTAL MONTH: M 5 = HAIL
GRTST 24HR M ON M 6 = FREEZING RAIN OR DRIZZLE
GRTST DEPTH: M ON M 7 = DUSTSTORM OR SANDSTORM:
VSBY 1/2 MILE OR LESS
8 = SMOKE OR HAZE
[NO. OF DAYS WITH] [WEATHER - DAYS WITH] 9 = BLOWING SNOW
X = TORNADO
MAX 32 OR BELOW: 0 0.01 INCH OR MORE: 3
MAX 90 OR ABOVE: 29 0.10 INCH OR MORE: 0
MIN 32 OR BELOW: 0 0.50 INCH OR MORE: 0
MIN 0 OR BELOW: 0 1.00 INCH OR MORE: 0
[HDD (BASE 65) ]
TOTAL THIS MO. 0 CLEAR (SCALE 0-3) 28
DPTR FM NORMAL M PTCLDY (SCALE 4-7) 2
TOTAL FM JUL 1 1749 CLOUDY (SCALE 8-10) 0
DPTR FM NORMAL M
[CDD (BASE 65) ]
TOTAL THIS MO. 666
DPTR FM NORMAL M [PRESSURE DATA]
TOTAL FM JAN 1 1410 HIGHEST SLP M ON M
DPTR FM NORMAL M LOWEST SLP M ON M
[REMARKS]
#FINAL-06-22#