000
CXUS53 KMPX 021741
CF6MKT
PRELIMINARY LOCAL CLIMATOLOGICAL DATA (WS FORM: F-6)
STATION: MANKATO MN
MONTH: JUNE
YEAR: 2021
LATITUDE: 44 13 N
LONGITUDE: 93 55 W
TEMPERATURE IN F: :PCPN: SNOW: WIND :SUNSHINE: SKY :PK WND
================================================================================
1 2 3 4 5 6A 6B 7 8 9 10 11 12 13 14 15 16 17 18
12Z AVG MX 2MIN
DY MAX MIN AVG DEP HDD CDD WTR SNW DPTH SPD SPD DIR MIN PSBL S-S WX SPD DR
================================================================================
1 79 51 65 1 0 0 0.00 M M 3.2 8 110 M M 0 8 M M
2 84 57 71 7 0 6 0.00 M M 7.1 15 250 M M 3 21 99
3 91 66 79 15 0 14 0.00 M M 12.7 23 230 M M 2 23 260
4 96 72 84 19 0 19 0.00 M M 14.5 20 230 M M 0 25 220
5 99 72 86 21 0 21 0.00 M M 14.3 22 200 M M 0 31 180
6 92 71 82 17 0 17 0.00 M M 17.5 23 200 M M 1 39 210
7 94 71 83 17 0 18 0.00 M M 9.9 15 190 M M 2 20 190
8 94 70 82 16 0 17 0.00 M M 5.9 10 140 M M 2 16 140
9 95 70 83 17 0 18 0.00 M M 6.6 13 170 M M 1 20 160
10 97 72 85 18 0 20 0.00 M M 6.5 9 160 M M 1 M M
11 84 67 76 9 0 11 0.25 M M 9.9 28 290 M M 1 13 36 270
12 84 62 73 6 0 8 0.00 M M 9.4 16 330 M M 0 25 320
13 94 58 76 8 0 11 0.00 M M 9.2 20 280 M M 0 27 280
14 85 61 73 5 0 8 0.00 M M 7.1 18 360 M M 0 22 360
15 82 62 72 4 0 7 0.00 M M 7.0 12 80 M M 0 M M
16 89 61 75 7 0 10 0.00 M M 10.4 16 150 M M 1 18 160
17 88 67 78 9 0 13 0.00 M M 10.2 18 220 M M 2 20 200
18 89 60 75 6 0 10 0.00 M M 5.7 14 300 M M 1 22 300
19 79 61 70 1 0 5 0.00 M M 8.1 16 350 M M 0 27 350
20 80 59 70 1 0 5 0.01 M M 13.0 29 330 M M 6 3 43 320
21 66 50 58 -12 7 0 0.00 M M 13.9 24 340 M M 3 31 340
22 76 52 64 -6 1 0 0.00 M M 7.0 13 100 M M 3 16 140
23 89 56 73 3 0 8 0.00 M M 9.2 14 190 M M 0 22 190
24 87 69 78 8 0 13 0.00 M M 10.3 17 260 M M 0 24 260
25 84 62 73 2 0 8 0.00 M M 7.5 13 80 M M 0 17 70
26 73 65 69 -2 0 4 0.95 M M 7.1 14 330 M M 6 1 M M
27 79 62 71 0 0 6 0.01 M M 4.3 14 100 M M 7 1 M M
28 81 63 72 1 0 7 0.28 M M 5.2 10 320 M M 5 1 21 10
29 81 66 74 3 0 9 0.01 M M 5.3 13 280 M M 4 1 M M
30 83 63 73 2 0 8 0.00 M M 3.6 9 350 M M 1 M M
================================================================================
SM 2574 1898 8 301 1.51 M 261.6 M 52
================================================================================
AV 85.8 63.3 8.7 FASTST M M 2 MAX(MPH)
MISC ----> 29 330 43 320
================================================================================
NOTES:
# LAST OF SEVERAL OCCURRENCES
COLUMN 17 PEAK WIND IN M.P.H.
PRELIMINARY LOCAL CLIMATOLOGICAL DATA (WS FORM: F-6) , PAGE 2
STATION: MANKATO MN
MONTH: JUNE
YEAR: 2021
LATITUDE: 44 13 N
LONGITUDE: 93 55 W
[TEMPERATURE DATA] [PRECIPITATION DATA] SYMBOLS USED IN COLUMN 16
AVERAGE MONTHLY: 74.5 TOTAL FOR MONTH: 1.51 1 = FOG OR MIST
DPTR FM NORMAL: 6.5 DPTR FM NORMAL: -3.58 2 = FOG REDUCING VISIBILITY
HIGHEST: 99 ON 5 GRTST 24HR 0.95 ON 26-26 TO 1/4 MILE OR LESS
LOWEST: 50 ON 21 3 = THUNDER
SNOW, ICE PELLETS, HAIL 4 = ICE PELLETS
TOTAL MONTH: M 5 = HAIL
GRTST 24HR M ON M 6 = FREEZING RAIN OR DRIZZLE
GRTST DEPTH: M ON M 7 = DUSTSTORM OR SANDSTORM:
VSBY 1/2 MILE OR LESS
8 = SMOKE OR HAZE
[NO. OF DAYS WITH] [WEATHER - DAYS WITH] 9 = BLOWING SNOW
X = TORNADO
MAX 32 OR BELOW: 0 0.01 INCH OR MORE: 6
MAX 90 OR ABOVE: 9 0.10 INCH OR MORE: 3
MIN 32 OR BELOW: 0 0.50 INCH OR MORE: 1
MIN 0 OR BELOW: 0 1.00 INCH OR MORE: 0
[HDD (BASE 65) ]
TOTAL THIS MO. 8 CLEAR (SCALE 0-3) 25
DPTR FM NORMAL -43 PTCLDY (SCALE 4-7) 5
TOTAL FM JUL 1 7196 CLOUDY (SCALE 8-10) 0
DPTR FM NORMAL -619
[CDD (BASE 65) ]
TOTAL THIS MO. 301
DPTR FM NORMAL 160 [PRESSURE DATA]
TOTAL FM JAN 1 366 HIGHEST SLP M ON M
DPTR FM NORMAL 181 LOWEST SLP M ON M
[REMARKS]
#FINAL-06-21#