000
CXUS55 KBYZ 011000
CF6MLS
PRELIMINARY LOCAL CLIMATOLOGICAL DATA (WS FORM: F-6)
STATION: MILES CITY MT
MONTH: AUGUST
YEAR: 2022
LATITUDE: 46 25 N
LONGITUDE: 105 53 W
TEMPERATURE IN F: :PCPN: SNOW: WIND :SUNSHINE: SKY :PK WND
================================================================================
1 2 3 4 5 6A 6B 7 8 9 10 11 12 13 14 15 16 17 18
12Z AVG MX 2MIN
DY MAX MIN AVG DEP HDD CDD WTR SNW DPTH SPD SPD DIR MIN PSBL S-S WX SPD DR
================================================================================
1 102 66 84 8 0 19 0.00 M M 11.8 26 300 M M 0 35 270
2 101 68 85 9 0 20 0.00 M M 12.5 28 340 M M 0 36 310
3 95 57 76 0 0 11 0.00 M M 7.9 25 270 M M 0 36 240
4 105 58 82 6 0 17 T M M 9.5 44 200 M M 0 53 190
5 90 67 79 4 0 14 0.00 M M 11.3 22 320 M M 2 26 330
6 70 54 62 -13 3 0 0.28 M M 9.1 21 40 M M 10 1 26 30
7 83 55 69 -6 0 4 0.00 M M 6.9 14 280 M M 4 18 310
8 96 59 78 3 0 13 0.00 M M 9.4 18 230 M M 0 22 230
9 93 58 76 1 0 11 0.00 M M 11.0 21 40 M M 0 26 40
10 97 63 80 6 0 15 0.00 M M 13.2 21 70 M M 0 26 70
11 93 69 81 7 0 16 T M M 9.5 20 60 M M 0 23 60
12 100 63 82 8 0 17 0.00 M M 5.5 18 340 M M 0 25 360
13 97 73 85 11 0 20 T M M 8.1 29 270 M M 0 34 260
14 96 67 82 8 0 17 0.50 M M 7.8 51 250 M M 1 3 68 250
15 94 67 81 8 0 16 0.06 M M 6.9 21 120 M M 1 3 26 110
16 94 69 82 9 0 17 T M M 7.3 20 290 M M 1 3 24 290
17 92 69 81 8 0 16 T M M 9.8 25 30 M M 0 3 31 30
18 87 64 76 4 0 11 0.00 M M 7.6 18 350 M M 1 24 340
19 84 55 70 -2 0 5 0.00 M M 6.6 17 70 M M 0 22 80
20 91 62 77 5 0 12 0.00 M M 11.3 23 140 M M 0 28 130
21 97 65 81 10 0 16 0.00 M M 7.6 18 150 M M 0 23 150
22 95 68 82 11 0 17 0.06 M M 5.8 24 30 M M 2 3 28 40
23 87 63 75 4 0 10 T M M 10.0 26 330 M M 2 32 330
24 82 57 70 0 0 5 T M M 10.6 18 40 M M 1 3 22 40
25 79 61 70 0 0 5 T M M 11.3 22 60 M M 6 13 25 170
26 90 62 76 6 0 11 0.00 M M 9.1 25 330 M M 1 29 340
27 95 57 76 7 0 11 T M M 11.7 36 280 M M 1 3 44 260
28 80 58 69 0 0 4 0.04 M M 13.9 35 290 M M 4 43 280
29 83 48 66 -2 0 1 0.00 M M 6.3 14 340 M M 0 21 350
30 95 58 77 9 0 12 0.00 M M 7.1 14 20 M M 0 20 320
31 97 57 77 9 0 12 0.00 M M 5.9 16 160 M M 0 20 150
================================================================================
SM 2840 1917 3 375 0.94 M 282.3 M 37
================================================================================
AV 91.6 61.8 9.1 FASTST M M 1 MAX(MPH)
MISC ----> 51 250 68 250
================================================================================
NOTES:
# LAST OF SEVERAL OCCURRENCES
COLUMN 17 PEAK WIND IN M.P.H.
PRELIMINARY LOCAL CLIMATOLOGICAL DATA (WS FORM: F-6) , PAGE 2
STATION: MILES CITY MT
MONTH: AUGUST
YEAR: 2022
LATITUDE: 46 25 N
LONGITUDE: 105 53 W
[TEMPERATURE DATA] [PRECIPITATION DATA] SYMBOLS USED IN COLUMN 16
AVERAGE MONTHLY: 76.7 TOTAL FOR MONTH: 0.94 1 = FOG OR MIST
DPTR FM NORMAL: 4.2 DPTR FM NORMAL: 0.03 2 = FOG REDUCING VISIBILITY
HIGHEST: 105 ON 4 GRTST 24HR 0.56 ON 14-15 TO 1/4 MILE OR LESS
LOWEST: 48 ON 29 3 = THUNDER
SNOW, ICE PELLETS, HAIL 4 = ICE PELLETS
TOTAL MONTH: M 5 = HAIL
GRTST 24HR M ON M 6 = FREEZING RAIN OR DRIZZLE
GRTST DEPTH: M ON M 7 = DUSTSTORM OR SANDSTORM:
VSBY 1/2 MILE OR LESS
8 = SMOKE OR HAZE
[NO. OF DAYS WITH] [WEATHER - DAYS WITH] 9 = BLOWING SNOW
X = TORNADO
MAX 32 OR BELOW: 0 0.01 INCH OR MORE: 5
MAX 90 OR ABOVE: 22 0.10 INCH OR MORE: 2
MIN 32 OR BELOW: 0 0.50 INCH OR MORE: 1
MIN 0 OR BELOW: 0 1.00 INCH OR MORE: 0
[HDD (BASE 65) ]
TOTAL THIS MO. 3 CLEAR (SCALE 0-3) 27
DPTR FM NORMAL -21 PTCLDY (SCALE 4-7) 3
TOTAL FM JUL 1 3 CLOUDY (SCALE 8-10) 1
DPTR FM NORMAL -28
[CDD (BASE 65) ]
TOTAL THIS MO. 375
DPTR FM NORMAL 119 [PRESSURE DATA]
TOTAL FM JAN 1 814 HIGHEST SLP 30.20 ON 6
DPTR FM NORMAL 151 LOWEST SLP 29.44 ON 27
[REMARKS]
#FINAL-08-22#