000
CXUS54 KSHV 011400
CF6MLU
PRELIMINARY LOCAL CLIMATOLOGICAL DATA (WS FORM: F-6)
STATION: MONROE
MONTH: DECEMBER
YEAR: 2021
LATITUDE: 32 30 N
LONGITUDE: 92 2 W
TEMPERATURE IN F: :PCPN: SNOW: WIND :SUNSHINE: SKY :PK WND
================================================================================
1 2 3 4 5 6A 6B 7 8 9 10 11 12 13 14 15 16 17 18
12Z AVG MX 2MIN
DY MAX MIN AVG DEP HDD CDD WTR SNW DPTH SPD SPD DIR MIN PSBL S-S WX SPD DR
================================================================================
1 76 44 60 9 5 0 0.00 0.0 0 6.5 18 220 M M 0 1 22 220
2 78 45 62 11 3 0 0.00 0.0 0 2.3 10 260 M M 1 12 13 250
3 72 50 61 10 4 0 0.00 0.0 0 3.8 12 200 M M 7 12 14 210
4 80 58 69 18 0 4 0.01 0.0 0 3.0 9 230 M M 5 1 12 220
5 80 58 69 18 0 4 0.00 0.0 0 7.4 18 210 M M 4 1 24 180
6 70 43 57 7 8 0 1.03 0.0 0 11.8 28 360 M M 7 13 35 360
7 47 43 45 -5 20 0 0.00 0.0 0 6.6 16 40 M M 10 22 30
8 61 38 50 0 15 0 0.00 0.0 0 3.4 12 70 M M 2 15 50
9 71 45 58 8 7 0 0.00 0.0 0 5.2 13 200 M M 9 18 17 200
10 83 68 76 26 0 11 0.00 0.0 0 12.2 25 210 M M 9 1 31 200
11 77 38 58 9 7 0 0.91 0.0 0 11.8 26 300 M M 5 13 37 290
12 58 34 46 -3 19 0 0.00 0.0 0 2.9 13 80 M M 0 17 80
13 68 32 50 1 15 0 0.00 0.0 0 1.9 8 80 M M 1 1 11 70
14 73 50 62 13 3 0 0.03 0.0 0 3.4 9 160 M M 7 1 15 150
15 77 66 72 23 0 7 0.00 0.0 0 8.4 15 200 M M 7 22 160
16 79 66 73 24 0 8 0.00 0.0 0 6.8 18 190 M M 7 1 24 210
17 77 58 68 20 0 3 0.00 0.0 0 4.5 15 200 M M 7 1 21 200
18 71 45 58 10 7 0 0.63 0.0 0 10.4 24 10 M M 9 1 32 10
19 47 38 43 -5 22 0 0.00 0.0 0 10.4 20 20 M M 9 27 20
20 44 36 40 -8 25 0 0.09 0.0 0 4.8 10 20 M M 7 1 12 20
21 59 37 48 0 17 0 0.00 0.0 0 3.4 9 260 M M 4 18 13 290
22 62 34 48 0 17 0 0.00 0.0 0 2.3 14 40 M M 0 1 16 40
23 71 33 52 4 13 0 0.00 0.0 0 6.5 16 190 M M 1 1 23 190
24 79 55 67 19 0 2 0.00 0.0 0 13.7 28 210 M M 1 36 220
25 78 60 69 22 0 4 0.00 0.0 0 10.3 24 240 M M 6 1 29 230
26 77 65 71 24 0 6 0.00 0.0 0 8.6 18 190 M M 7 1 25 210
27 82 65 74 27 0 9 0.00 0.0 0 10.3 23 230 M M 6 27 230
28 84 64 74 27 0 9 0.00 0.0 0 10.9 33 220 M M 3 42 220
29 82 65 74 27 0 9 0.10 0.0 0 8.8 23 220 M M 6 1 29 220
30 74 60 67 20 0 2 0.10 0.0 0 2.1 9 360 M M 5 12 11 360
31 83 62 73 26 0 8 0.00 0.0 0 9.5 18 190 M M 5 18 24 190
================================================================================
SM 2220 1555 207 86 2.90 0.0 213.9 M 157
================================================================================
AV 71.6 50.2 6.9 FASTST M M 5 MAX(MPH)
MISC ----> 33 220 42 220
================================================================================
NOTES:
# LAST OF SEVERAL OCCURRENCES
COLUMN 17 PEAK WIND IN M.P.H.
PRELIMINARY LOCAL CLIMATOLOGICAL DATA (WS FORM: F-6) , PAGE 2
STATION: MONROE
MONTH: DECEMBER
YEAR: 2021
LATITUDE: 32 30 N
LONGITUDE: 92 2 W
[TEMPERATURE DATA] [PRECIPITATION DATA] SYMBOLS USED IN COLUMN 16
AVERAGE MONTHLY: 60.9 TOTAL FOR MONTH: 2.90 1 = FOG OR MIST
DPTR FM NORMAL: 12.1 DPTR FM NORMAL: -2.32 2 = FOG REDUCING VISIBILITY
HIGHEST: 84 ON 28 GRTST 24HR 1.03 ON 6- 6 TO 1/4 MILE OR LESS
LOWEST: 32 ON 13 3 = THUNDER
SNOW, ICE PELLETS, HAIL 4 = ICE PELLETS
TOTAL MONTH: 0.0 INCH 5 = HAIL
GRTST 24HR 0.0 6 = FREEZING RAIN OR DRIZZLE
GRTST DEPTH: 0 7 = DUSTSTORM OR SANDSTORM:
VSBY 1/2 MILE OR LESS
8 = SMOKE OR HAZE
[NO. OF DAYS WITH] [WEATHER - DAYS WITH] 9 = BLOWING SNOW
X = TORNADO
MAX 32 OR BELOW: 0 0.01 INCH OR MORE: 8
MAX 90 OR ABOVE: 0 0.10 INCH OR MORE: 5
MIN 32 OR BELOW: 1 0.50 INCH OR MORE: 3
MIN 0 OR BELOW: 0 1.00 INCH OR MORE: 1
[HDD (BASE 65) ]
TOTAL THIS MO. 207 CLEAR (SCALE 0-3) 8
DPTR FM NORMAL -303 PTCLDY (SCALE 4-7) 18
TOTAL FM JUL 1 568 CLOUDY (SCALE 8-10) 5
DPTR FM NORMAL -330
[CDD (BASE 65) ]
TOTAL THIS MO. 86
DPTR FM NORMAL 78 [PRESSURE DATA]
TOTAL FM JAN 1 2706 HIGHEST SLP 30.40 ON 12
DPTR FM NORMAL 211 LOWEST SLP 29.66 ON 28
[REMARKS]
#FINAL-12-21#