000
CXUS54 KMOB 010629
CF6MOB
PRELIMINARY LOCAL CLIMATOLOGICAL DATA (WS FORM: F-6)
STATION: MOBILE
MONTH: JUNE
YEAR: 2022
LATITUDE: 30 40 N
LONGITUDE: 88 15 W
TEMPERATURE IN F: :PCPN: SNOW: WIND :SUNSHINE: SKY :PK WND
================================================================================
1 2 3 4 5 6A 6B 7 8 9 10 11 12 13 14 15 16 17 18
12Z AVG MX 2MIN
DY MAX MIN AVG DEP HDD CDD WTR SNW DPTH SPD SPD DIR MIN PSBL S-S WX SPD DR
================================================================================
1 94 69 82 4 0 17 0.02 0.0 0 3.9 13 190 M M 4 1238 16 200
2 91 71 81 3 0 16 0.00 0.0 0 4.6 14 200 M M 4 1 17 200
3 88 70 79 1 0 14 0.00 0.0 0 7.1 15 20 M M 5 21 20
4 91 71 81 2 0 16 0.00 0.0 0 6.7 12 340 M M 2 1 16 350
5 91 68 80 1 0 15 0.00 0.0 0 3.6 13 180 M M 5 3 16 180
6 92 73 83 4 0 18 0.00 0.0 0 6.1 16 160 M M 3 24 180
7 92 71 82 3 0 17 0.00 0.0 0 7.1 17 180 M M 4 24 200
8 94 74 84 5 0 19 0.00 0.0 0 5.8 16 190 M M 4 22 180
9 93 75 84 5 0 19 0.01 0.0 0 4.1 13 310 M M 6 3 19 260
10 92 72 82 2 0 17 T 0.0 0 6.3 24 330 M M 6 1 40 320
11 92 70 81 1 0 16 0.00 0.0 0 4.1 13 260 M M 5 22 250
12 94 75 85 5 0 20 0.05 0.0 0 5.8 20 200 M M 5 138 25 200
13 96 78 87 7 0 22 0.00 0.0 0 5.7 16 170 M M 5 1 23 170
14 98 76 87 7 0 22 0.79 0.0 0 5.8 17 150 M M 5 13 21 60
15 96 75 86 6 0 21 0.00 0.0 0 4.0 10 30 M M 5 13 40
16 97 77 87 7 0 22 0.00 0.0 0 3.2 17 30 M M 5 3 24 40
17 98 76 87 7 0 22 0.00 0.0 0 3.0 10 70 M M 3 3 18 60
18 101 79 90 9 0 25 0.00 0.0 0 5.8 14 360 M M 4 3 19 360
19 97 76 87 6 0 22 0.00 0.0 0 7.3 17 40 M M 2 23 350
20 95 76 86 5 0 21 T 0.0 0 6.8 15 60 M M 4 20 170
21 95 76 86 5 0 21 0.12 0.0 0 2.6 17 160 M M 4 38 24 100
22 101 74 88 7 0 23 0.01 0.0 0 4.1 13 200 M M 3 3 17 330
23 102 75 89 8 0 24 0.08 0.0 0 4.0 26 40 M M 3 3 33 30
24 101 75 88 7 0 23 T 0.0 0 3.3 23 100 M M 3 38 29 110
25 96 75 86 5 0 21 0.59 0.0 0 5.8 25 120 M M 6 13 35 120
26 88 77 83 2 0 18 0.00 0.0 0 5.0 17 180 M M 7 138 23 160
27 95 74 85 4 0 20 0.00 0.0 0 4.2 16 10 M M 6 3 21 350
28 95 73 84 3 0 19 0.00 0.0 0 7.6 25 80 M M 4 33 80
29 86 74 80 -1 0 15 0.32 0.0 0 5.9 14 160 M M 6 13 22 170
30 85 73 79 -2 0 14 1.27 0.0 0 7.2 14 110 M M 6 138 22 230
================================================================================
SM 2826 2218 0 579 3.26 0.0 156.5 M 134
================================================================================
AV 94.2 73.9 5.2 FASTST M M 4 MAX(MPH)
MISC ----> 26 40 40 320
================================================================================
NOTES:
# LAST OF SEVERAL OCCURRENCES
COLUMN 17 PEAK WIND IN M.P.H.
PRELIMINARY LOCAL CLIMATOLOGICAL DATA (WS FORM: F-6) , PAGE 2
STATION: MOBILE
MONTH: JUNE
YEAR: 2022
LATITUDE: 30 40 N
LONGITUDE: 88 15 W
[TEMPERATURE DATA] [PRECIPITATION DATA] SYMBOLS USED IN COLUMN 16
AVERAGE MONTHLY: 84.1 TOTAL FOR MONTH: 3.26 1 = FOG OR MIST
DPTR FM NORMAL: 4.0 DPTR FM NORMAL: -3.29 2 = FOG REDUCING VISIBILITY
HIGHEST: 102 ON 23 GRTST 24HR 1.46 ON 29-30 TO 1/4 MILE OR LESS
LOWEST: 68 ON 5 3 = THUNDER
SNOW, ICE PELLETS, HAIL 4 = ICE PELLETS
TOTAL MONTH: 0.0 INCH 5 = HAIL
GRTST 24HR 0.0 6 = FREEZING RAIN OR DRIZZLE
GRTST DEPTH: 0 7 = DUSTSTORM OR SANDSTORM:
VSBY 1/2 MILE OR LESS
8 = SMOKE OR HAZE
[NO. OF DAYS WITH] [WEATHER - DAYS WITH] 9 = BLOWING SNOW
X = TORNADO
MAX 32 OR BELOW: 0 0.01 INCH OR MORE: 10
MAX 90 OR ABOVE: 26 0.10 INCH OR MORE: 5
MIN 32 OR BELOW: 0 0.50 INCH OR MORE: 3
MIN 0 OR BELOW: 0 1.00 INCH OR MORE: 1
[HDD (BASE 65) ]
TOTAL THIS MO. 0 CLEAR (SCALE 0-3) 4
DPTR FM NORMAL 0 PTCLDY (SCALE 4-7) 26
TOTAL FM JUL 1 1508 CLOUDY (SCALE 8-10) 0
DPTR FM NORMAL -109
[CDD (BASE 65) ]
TOTAL THIS MO. 579
DPTR FM NORMAL 126 [PRESSURE DATA]
TOTAL FM JAN 1 1201 HIGHEST SLP 30.20 ON 21
DPTR FM NORMAL 271 LOWEST SLP 29.75 ON 5
[REMARKS]
#FINAL-06-22#