000
CXUS54 KMOB 010659
CF6MOB
PRELIMINARY LOCAL CLIMATOLOGICAL DATA (WS FORM: F-6)
STATION: MOBILE
MONTH: MARCH
YEAR: 2020
LATITUDE: 30 40 N
LONGITUDE: 88 15 W
TEMPERATURE IN F: :PCPN: SNOW: WIND :SUNSHINE: SKY :PK WND
================================================================================
1 2 3 4 5 6A 6B 7 8 9 10 11 12 13 14 15 16 17 18
12Z AVG MX 2MIN
DY MAX MIN AVG DEP HDD CDD WTR SNW DPTH SPD SPD DIR MIN PSBL S-S WX SPD DR
================================================================================
1 69 41 55 -2 10 0 0.00 0.0 0 8.1 23 160 M M 4 29 150
2 75 60 68 11 0 3 0.00 0.0 0 12.2 23 210 M M 8 32 190
3 77 65 71 13 0 6 0.00 0.0 0 8.3 17 200 M M 9 1 23 180
4 71 54 63 5 2 0 0.55 0.0 0 12.6 30 40 M M 10 123 40 40
5 64 50 57 -1 8 0 0.01 0.0 0 10.1 20 340 M M 9 1 25 330
6 68 47 58 0 7 0 0.00 0.0 0 12.5 26 350 M M 2 36 350
7 66 38 52 -6 13 0 0.00 0.0 0 7.8 16 360 M M 4 20 40
8 67 46 57 -2 8 0 0.00 0.0 0 10.1 22 120 M M 4 32 120
9 72 50 61 2 4 0 T 0.0 0 11.6 29 130 M M 6 37 130
10 72 60 66 7 0 1 0.04 0.0 0 4.7 15 200 M M 8 18 18 180
11 76 62 69 10 0 4 0.00 0.0 0 7.4 18 200 M M 9 18 26 200
12 78 61 70 11 0 5 0.00 0.0 0 9.3 18 180 M M 7 1 23 210
13 79 61 70 10 0 5 0.00 0.0 0 5.6 16 180 M M 6 1 19 180
14 82 61 72 12 0 7 0.00 0.0 0 6.6 15 190 M M 6 128 19 190
15 85 55 70 10 0 5 0.00 0.0 0 4.2 15 160 M M 3 17 160
16 80 59 70 10 0 5 0.00 0.0 0 5.0 13 160 M M 5 128 14 170
17 78 57 68 8 0 3 0.04 0.0 0 2.9 15 150 M M 6 1 18 170
18 80 64 72 11 0 7 T 0.0 0 9.5 17 140 M M 9 128 21 150
19 82 69 76 15 0 11 0.00 0.0 0 10.8 22 180 M M 8 18 30 170
20 82 69 76 15 0 11 0.00 0.0 0 9.0 20 200 M M 7 1 23 180
21 76 60 68 7 0 3 0.21 0.0 0 8.9 16 10 M M 9 1 20 360
22 77 58 68 7 0 3 0.00 0.0 0 6.6 14 340 M M 7 12 16 330
23 84 67 76 14 0 11 0.00 0.0 0 9.4 21 200 M M 7 128 27 210
24 82 65 74 12 0 9 0.00 0.0 0 10.4 24 210 M M 5 1 33 190
25 86 66 76 14 0 11 0.00 0.0 0 5.8 15 190 M M 6 18 18 230
26 86 66 76 14 0 11 0.00 0.0 0 5.9 16 190 M M 6 128 22 180
27 84 63 74 12 0 9 0.00 0.0 0 8.2 21 290 M M 3 1 34 320
28 84 69 77 15 0 12 0.00 0.0 0 11.1 22 190 M M 6 18 29 200
29 87 65 76 13 0 11 0.00 0.0 0 6.6 14 350 M M 6 1 22 340
30 83 63 73 10 0 8 0.00 0.0 0 5.8 14 40 M M 6 18 30
31 79 51 65 2 0 0 0.12 0.0 0 13.6 24 340 M M 5 18 38 350
================================================================================
SM 2411 1822 52 161 0.97 0.0 260.6 M 196
================================================================================
AV 77.8 58.8 8.4 FASTST M M 6 MAX(MPH)
MISC ----> # 30 40 # 40 40
================================================================================
NOTES:
# LAST OF SEVERAL OCCURRENCES
COLUMN 17 PEAK WIND IN M.P.H.
PRELIMINARY LOCAL CLIMATOLOGICAL DATA (WS FORM: F-6) , PAGE 2
STATION: MOBILE
MONTH: MARCH
YEAR: 2020
LATITUDE: 30 40 N
LONGITUDE: 88 15 W
[TEMPERATURE DATA] [PRECIPITATION DATA] SYMBOLS USED IN COLUMN 16
AVERAGE MONTHLY: 68.3 TOTAL FOR MONTH: 0.97 1 = FOG OR MIST
DPTR FM NORMAL: 8.1 DPTR FM NORMAL: -5.17 2 = FOG REDUCING VISIBILITY
HIGHEST: 87 ON 29 GRTST 24HR 0.55 ON 4- 4 TO 1/4 MILE OR LESS
LOWEST: 38 ON 7 3 = THUNDER
SNOW, ICE PELLETS, HAIL 4 = ICE PELLETS
TOTAL MONTH: 0.0 INCH 5 = HAIL
GRTST 24HR 0.0 6 = FREEZING RAIN OR DRIZZLE
GRTST DEPTH: 0 7 = DUSTSTORM OR SANDSTORM:
VSBY 1/2 MILE OR LESS
8 = SMOKE OR HAZE
[NO. OF DAYS WITH] [WEATHER - DAYS WITH] 9 = BLOWING SNOW
X = TORNADO
MAX 32 OR BELOW: 0 0.01 INCH OR MORE: 6
MAX 90 OR ABOVE: 0 0.10 INCH OR MORE: 3
MIN 32 OR BELOW: 0 0.50 INCH OR MORE: 1
MIN 0 OR BELOW: 0 1.00 INCH OR MORE: 0
[HDD (BASE 65) ]
TOTAL THIS MO. 52 CLEAR (SCALE 0-3) 2
DPTR FM NORMAL -137 PTCLDY (SCALE 4-7) 23
TOTAL FM JUL 1 1269 CLOUDY (SCALE 8-10) 6
DPTR FM NORMAL -362
[CDD (BASE 65) ]
TOTAL THIS MO. 161
DPTR FM NORMAL 122 [PRESSURE DATA]
TOTAL FM JAN 1 192 HIGHEST SLP 30.50 ON 8
DPTR FM NORMAL 137 LOWEST SLP 29.73 ON 31
[REMARKS]
#FINAL-03-20#