000
CXUS51 KBTV 011159
CF6MPV
PRELIMINARY LOCAL CLIMATOLOGICAL DATA (WS FORM: F-6)
STATION: MONTPELIER VT
MONTH: FEBRUARY
YEAR: 2023
LATITUDE: 44 12 N
LONGITUDE: 72 34 W
TEMPERATURE IN F: :PCPN: SNOW: WIND :SUNSHINE: SKY :PK WND
================================================================================
1 2 3 4 5 6A 6B 7 8 9 10 11 12 13 14 15 16 17 18
12Z AVG MX 2MIN
DY MAX MIN AVG DEP HDD CDD WTR SNW DPTH SPD SPD DIR MIN PSBL S-S WX SPD DR
================================================================================
1 26 2 14 -2 51 0 T M M 1.7 13 250 M M 4 17 290
2 34 16 25 9 40 0 T M M 9.5 20 210 M M 9 30 220
3 32 -12 10 -6 55 0 T M M 18.2 32 320 M M 10 89 46 310
4 11 -14 -1 -18 66 0 T M M 9.6 25 320 M M 5 8 34 310
5 45 11 28 11 37 0 0.00 M M 7.0 23 160 M M 7 26 150
6 44 19 32 15 33 0 T M M 7.5 15 350 M M 6 8 23 330
7 37 8 23 6 42 0 0.04 M M 6.7 23 180 M M 3 29 170
8 43 30 37 20 28 0 T M M 6.2 16 310 M M 8 8 23 300
9 37 22 30 13 35 0 0.31 M M 6.3 17 180 M M 5 1 24 170
10 45 33 39 21 26 0 0.04 M M 10.1 22 270 M M 10 13 37 270
11 34 22 28 10 37 0 T M M 9.9 23 310 M M 4 1 31 310
12 42 16 29 11 36 0 T M M 2.0 13 190 M M M 15 190
13 42 16 29 11 36 0 T M M 3.0 12 160 M M M 15 160
14 40 22 31 13 34 0 T M M 7.1 22 300 M M 4 18 34 300
15 56 22 39 20 26 0 T M M 7.5 22 250 M M 3 33 240
16 55 35 45 26 20 0 T M M 4.4 20 260 M M 4 26 260
17 44 14 29 10 36 0 0.15 M M 9.8 28 170 M M 10 168 35 160
18 32 11 22 2 43 0 T M M 3.9 15 310 M M 5 1 21 340
19 39 28 34 14 31 0 0.00 M M 9.1 23 170 M M 6 30 160
20 45 26 36 16 29 0 0.01 M M 5.6 20 300 M M 7 28 280
21 37 19 28 8 37 0 0.02 M M 6.1 22 170 M M 5 1 28 160
22 34 22 28 7 37 0 T M M 8.2 14 320 M M 9 21 320
23 24 16 20 -1 45 0 0.33 M M 5.0 15 170 M M M 20 170
24 25 2 14 -7 51 0 T M M 11.0 26 310 M M M 35 310
25 11 -9 1 -21 64 0 T M M 3.0 13 170 M M M 15 180
26 24 -7 9 -13 56 0 0.03 M M 3.0 16 160 M M M 19 160
27 26 13 20 -2 45 0 T M M 4.0 21 310 M M M 28 310
28 33 21 27 5 38 0 0.07 M M 9.0 18 180 M M 10 1268 25 180
================================================================================
SM 997 404 1114 0 1.00 M 194.4 M 134
================================================================================
AV 35.6 14.4 6.9 FASTST M M 6 MAX(MPH)
MISC ----> 32 320 46 310
================================================================================
NOTES:
# LAST OF SEVERAL OCCURRENCES
COLUMN 17 PEAK WIND IN M.P.H.
PRELIMINARY LOCAL CLIMATOLOGICAL DATA (WS FORM: F-6) , PAGE 2
STATION: MONTPELIER VT
MONTH: FEBRUARY
YEAR: 2023
LATITUDE: 44 12 N
LONGITUDE: 72 34 W
[TEMPERATURE DATA] [PRECIPITATION DATA] SYMBOLS USED IN COLUMN 16
AVERAGE MONTHLY: 25.0 TOTAL FOR MONTH: 1.00 1 = FOG OR MIST
DPTR FM NORMAL: 6.1 DPTR FM NORMAL: -1.06 2 = FOG REDUCING VISIBILITY
HIGHEST: 56 ON 15 GRTST 24HR 0.35 ON 9-10 TO 1/4 MILE OR LESS
LOWEST: -14 ON 4 3 = THUNDER
SNOW, ICE PELLETS, HAIL 4 = ICE PELLETS
TOTAL MONTH: M 5 = HAIL
GRTST 24HR M ON M 6 = FREEZING RAIN OR DRIZZLE
GRTST DEPTH: M ON M 7 = DUSTSTORM OR SANDSTORM:
VSBY 1/2 MILE OR LESS
8 = SMOKE OR HAZE
[NO. OF DAYS WITH] [WEATHER - DAYS WITH] 9 = BLOWING SNOW
X = TORNADO
MAX 32 OR BELOW: 9 0.01 INCH OR MORE: 9
MAX 90 OR ABOVE: 0 0.10 INCH OR MORE: 3
MIN 32 OR BELOW: 26 0.50 INCH OR MORE: 0
MIN 0 OR BELOW: 4 1.00 INCH OR MORE: 0
[HDD (BASE 65) ]
TOTAL THIS MO. 1114 CLEAR (SCALE 0-3) 1
DPTR FM NORMAL -177 PTCLDY (SCALE 4-7) 14
TOTAL FM JUL 1 4698 CLOUDY (SCALE 8-10) 13
DPTR FM NORMAL -1270
[CDD (BASE 65) ]
TOTAL THIS MO. 0
DPTR FM NORMAL 0 [PRESSURE DATA]
TOTAL FM JAN 1 0 HIGHEST SLP 30.61 ON 25
DPTR FM NORMAL 0 LOWEST SLP 29.42 ON 17
[REMARKS]
#FINAL-02-23#