000
CXUS51 KBTV 111457
CF6MPV
PRELIMINARY LOCAL CLIMATOLOGICAL DATA (WS FORM: F-6)
STATION: MONTPELIER VT
MONTH: MARCH
YEAR: 2022
LATITUDE: 44 12 N
LONGITUDE: 72 34 W
TEMPERATURE IN F: :PCPN: SNOW: WIND :SUNSHINE: SKY :PK WND
================================================================================
1 2 3 4 5 6A 6B 7 8 9 10 11 12 13 14 15 16 17 18
12Z AVG MX 2MIN
DY MAX MIN AVG DEP HDD CDD WTR SNW DPTH SPD SPD DIR MIN PSBL S-S WX SPD DR
================================================================================
1 31 -2 15 -8 50 0 0.06 M M 5.7 21 180 M M 9 1 26 170
2 31 17 24 1 41 0 0.02 M M 8.3 21 310 M M 6 18 29 300
3 27 6 17 -6 48 0 0.03 M M 10.2 23 310 M M 6 18 30 300
4 26 -5 11 -13 54 0 0.00 M M 6.2 18 300 M M 3 26 290
5 37 12 25 1 40 0 T M M 3.6 15 150 M M 6 18 150
6 68 35 52 28 13 0 0.10 M M 10.5 29 270 M M 6 12 51 300
7 52 38 45 20 20 0 0.23 M M 5.7 31 300 M M 8 18 44 290
8 38 21 30 5 35 0 T M M 13.0 30 300 M M 6 50 300
9 37 19 28 3 37 0 T M M 5.2 14 180 M M 4 20 170
10 46 21 34 8 31 0 T M M 3.6 14 250 M M 1 19 260
11 46 23 35 9 30 0 T M M 6.7 16 180 M M 6 22 180
12 41 17 29 3 36 0 0.34 M M 11.6 24 310 M M 10 12 33 290
13 27 16 22 -5 43 0 T M M 10.9 22 310 M M 9 1 33 280
14 45 25 35 8 30 0 T M M 6.5 15 170 M M 8 8 23 200
15 46 35 41 14 24 0 0.05 M M 2.7 12 170 M M 8 1 14 300
16 58 34 46 18 19 0 T M M 2.3 13 160 M M 5 12 15 160
17 63 36 50 22 15 0 0.00 M M 6.9 21 160 M M 2 1 27 170
18 66 33 50 22 15 0 T M M 2.8 15 320 M M 7 12 20 320
19 47 39 43 14 22 0 0.27 M M 3.5 12 170 M M 9 18 15 180
20 50 37 44 15 21 0 0.03 M M 7.0 18 310 M M 9 12 27 310
21 47 31 39 9 26 0 T M M 13.0 26 310 M M 6 39 310
22 40 27 34 4 31 0 T M M 12.4 24 310 M M 4 32 300
23 49 20 35 5 30 0 T M M 3.7 10 160 M M 2 M M
24 42 34 38 7 27 0 0.11 M M 9.5 21 170 M M 10 1 27 170
25 51 36 44 13 21 0 0.18 M M 3.7 15 250 M M 10 1 22 230
26 46 36 41 10 24 0 T M M 3.6 12 230 M M 10 16 220
27 39 19 29 -3 36 0 0.01 M M 9.6 21 310 M M 10 1 27 310
28 19 12 16 -16 49 0 T M M 13.6 22 310 M M 10 8 30 310
29 30 15 23 -10 42 0 T M M 12.3 17 310 M M 10 31 350
30 41 20 31 -2 34 0 T M M M 18 310 M M M 25 310
31 57 34 46 12 19 0 0.30 M M M 18 160 M M M 1 22 160
================================================================================
SM 1343 741 963 0 1.73 M 214.3 M 200
================================================================================
AV 43.3 23.9 7.4 FASTST M M 7 MAX(MPH)
MISC ----> 31 300 51 300
================================================================================
NOTES:
# LAST OF SEVERAL OCCURRENCES
COLUMN 17 PEAK WIND IN M.P.H.
PRELIMINARY LOCAL CLIMATOLOGICAL DATA (WS FORM: F-6) , PAGE 2
STATION: MONTPELIER VT
MONTH: MARCH
YEAR: 2022
LATITUDE: 44 12 N
LONGITUDE: 72 34 W
[TEMPERATURE DATA] [PRECIPITATION DATA] SYMBOLS USED IN COLUMN 16
AVERAGE MONTHLY: 33.6 TOTAL FOR MONTH: 1.73 1 = FOG OR MIST
DPTR FM NORMAL: 5.7 DPTR FM NORMAL: -0.76 2 = FOG REDUCING VISIBILITY
HIGHEST: 68 ON 6 GRTST 24HR 0.34 ON 12-12 TO 1/4 MILE OR LESS
LOWEST: -5 ON 4 3 = THUNDER
SNOW, ICE PELLETS, HAIL 4 = ICE PELLETS
TOTAL MONTH: M 5 = HAIL
GRTST 24HR M ON M 6 = FREEZING RAIN OR DRIZZLE
GRTST DEPTH: M ON M 7 = DUSTSTORM OR SANDSTORM:
VSBY 1/2 MILE OR LESS
8 = SMOKE OR HAZE
[NO. OF DAYS WITH] [WEATHER - DAYS WITH] 9 = BLOWING SNOW
X = TORNADO
MAX 32 OR BELOW: 7 0.01 INCH OR MORE: 13
MAX 90 OR ABOVE: 0 0.10 INCH OR MORE: 7
MIN 32 OR BELOW: 19 0.50 INCH OR MORE: 0
MIN 0 OR BELOW: 2 1.00 INCH OR MORE: 0
[HDD (BASE 65) ]
TOTAL THIS MO. 963 CLEAR (SCALE 0-3) 4
DPTR FM NORMAL -189 PTCLDY (SCALE 4-7) 12
TOTAL FM JUL 1 6250 CLOUDY (SCALE 8-10) 15
DPTR FM NORMAL -872
[CDD (BASE 65) ]
TOTAL THIS MO. 0
DPTR FM NORMAL 0 [PRESSURE DATA]
TOTAL FM JAN 1 0 HIGHEST SLP M ON M
DPTR FM NORMAL 0 LOWEST SLP 29.27 ON 7
[REMARKS]
#FINAL-03-22#