000
CXUS51 KBTV 010700
CF6MPV
PRELIMINARY LOCAL CLIMATOLOGICAL DATA (WS FORM: F-6)
STATION: MONTPELIER VT
MONTH: OCTOBER
YEAR: 2023
LATITUDE: 44 12 N
LONGITUDE: 72 34 W
TEMPERATURE IN F: :PCPN: SNOW: WIND :SUNSHINE: SKY :PK WND
================================================================================
1 2 3 4 5 6A 6B 7 8 9 10 11 12 13 14 15 16 17 18
12Z AVG MX 2MIN
DY MAX MIN AVG DEP HDD CDD WTR SNW DPTH SPD SPD DIR MIN PSBL S-S WX SPD DR
================================================================================
1 76 48 62 11 3 0 0.00 M M 3.0 13 360 M M 5 12 17 30
2 73 46 60 9 5 0 T M M 1.1 7 10 M M 3 12 9 10
3 80 46 63 13 2 0 0.00 M M 2.1 12 300 M M 0 1 15 340
4 85 51 68 18 0 3 0.00 M M 2.4 12 160 M M 3 12 14 150
5 81 53 67 17 0 2 0.00 M M 6.0 18 170 M M 2 12 24 150
6 70 56 63 14 2 0 T M M 9.7 18 170 M M 7 25 160
7 68 46 57 8 8 0 1.27 M M 9.1 21 130 M M 10 18 33 150
8 56 43 50 2 15 0 0.22 M M 7.8 20 210 M M 8 1 30 180
9 56 45 51 3 14 0 0.00 M M 7.9 17 190 M M 7 29 230
10 57 41 49 1 16 0 T M M 4.8 14 160 M M 9 18 150
11 56 40 48 1 17 0 T M M 3.7 15 240 M M 9 1 23 250
12 58 40 49 2 16 0 0.02 M M 3.3 17 310 M M 7 12 22 310
13 55 37 46 0 19 0 0.00 M M 7.7 17 330 M M 7 26 340
14 54 42 48 2 17 0 T M M 4.6 13 310 M M 7 18 310
15 49 38 44 -2 21 0 0.04 M M 5.3 14 310 M M 8 1 20 330
16 53 45 49 4 16 0 0.02 M M 7.1 15 350 M M 10 1 23 340
17 53 44 49 4 16 0 T M M 2.1 12 300 M M 10 1 15 300
18 57 45 51 6 14 0 0.00 M M 2.6 12 280 M M 9 12 18 290
19 60 45 53 9 12 0 0.00 M M 5.1 15 180 M M 7 20 160
20 56 48 52 8 13 0 0.42 M M 8.1 20 170 M M 8 1 26 160
21 55 48 52 8 13 0 0.85 M M 5.4 16 300 M M 10 1 23 300
22 48 39 44 1 21 0 0.07 M M 7.5 14 320 M M 10 1 19 290
23 45 33 39 -4 26 0 T M M 5.0 15 310 M M 9 12 22 320
24 50 34 42 -1 23 0 T M M 1.9 9 170 M M 9 12 13 170
25 68 39 54 12 11 0 T M M 2.3 12 280 M M 5 1 19 290
26 66 53 60 18 5 0 T M M 1.7 9 170 M M 9 1 12 160
27 71 47 59 17 6 0 0.00 M M 4.7 15 170 M M 7 12 20 230
28 72 43 58 17 7 0 0.05 M M 9.2 21 320 M M 5 1 29 310
29 43 37 40 -1 25 0 T M M 1.5 7 20 M M 7 1 9 20
30 45 33 39 -1 26 0 0.41 M M 5.0 14 310 M M 10 1 18 320
31 40 24 32 -8 33 0 0.00 M M 4.4 15 300 M M 2 20 300
================================================================================
SM 1856 1329 422 5 3.37 M 152.1 M 219
================================================================================
AV 59.9 42.9 4.9 FASTST M M 7 MAX(MPH)
MISC ----> # 21 130 33 150
================================================================================
NOTES:
# LAST OF SEVERAL OCCURRENCES
COLUMN 17 PEAK WIND IN M.P.H.
PRELIMINARY LOCAL CLIMATOLOGICAL DATA (WS FORM: F-6) , PAGE 2
STATION: MONTPELIER VT
MONTH: OCTOBER
YEAR: 2023
LATITUDE: 44 12 N
LONGITUDE: 72 34 W
[TEMPERATURE DATA] [PRECIPITATION DATA] SYMBOLS USED IN COLUMN 16
AVERAGE MONTHLY: 51.4 TOTAL FOR MONTH: 3.37 1 = FOG OR MIST
DPTR FM NORMAL: 5.9 DPTR FM NORMAL: -0.50 2 = FOG REDUCING VISIBILITY
HIGHEST: 85 ON 4 GRTST 24HR 1.49 ON 7- 8 TO 1/4 MILE OR LESS
LOWEST: 24 ON 31 3 = THUNDER
SNOW, ICE PELLETS, HAIL 4 = ICE PELLETS
TOTAL MONTH: M 5 = HAIL
GRTST 24HR M ON M 6 = FREEZING RAIN OR DRIZZLE
GRTST DEPTH: M ON M 7 = DUSTSTORM OR SANDSTORM:
VSBY 1/2 MILE OR LESS
8 = SMOKE OR HAZE
[NO. OF DAYS WITH] [WEATHER - DAYS WITH] 9 = BLOWING SNOW
X = TORNADO
MAX 32 OR BELOW: 0 0.01 INCH OR MORE: 10
MAX 90 OR ABOVE: 0 0.10 INCH OR MORE: 5
MIN 32 OR BELOW: 1 0.50 INCH OR MORE: 2
MIN 0 OR BELOW: 0 1.00 INCH OR MORE: 1
[HDD (BASE 65) ]
TOTAL THIS MO. 422 CLEAR (SCALE 0-3) 5
DPTR FM NORMAL -183 PTCLDY (SCALE 4-7) 13
TOTAL FM JUL 1 646 CLOUDY (SCALE 8-10) 13
DPTR FM NORMAL -316
[CDD (BASE 65) ]
TOTAL THIS MO. 5
DPTR FM NORMAL 5 [PRESSURE DATA]
TOTAL FM JAN 1 326 HIGHEST SLP M ON M
DPTR FM NORMAL 99 LOWEST SLP 29.21 ON 21
[REMARKS]
#FINAL-10-23#