000
CXUS51 KBTV 011506
CLMMPV
CLIMATE REPORT
NATIONAL WEATHER SERVICE BURLINGTON VT
1106 AM EDT MON APR 01 2024
...................................
...THE MONTPELIER VT CLIMATE SUMMARY FOR THE MONTH OF MARCH 2024...
CLIMATE NORMAL PERIOD: 1991 TO 2020
CLIMATE RECORD PERIOD: 1948 TO 2024
WEATHER OBSERVED NORMAL DEPART LAST YEAR`S
VALUE DATE(S) VALUE FROM VALUE DATE(S)
NORMAL
................................................................
TEMPERATURE (F)
RECORD
HIGH 82
LOW -18
HIGHEST 51 03/13 MM MM 50 03/22
03/14
LOWEST 7 03/25 MM MM 12 03/12
AVG. MAXIMUM 41.2 37.6 3.6 37.8
AVG. MINIMUM 25.4 18.1 7.3 23.6
MEAN 33.3 27.9 5.4 30.7
DAYS MAX >= 90 0 0.0 0.0 0
DAYS MAX <= 32 4 9.8 -5.8 6
DAYS MIN <= 32 25 27.8 -2.8 29
DAYS MIN <= 0 0 2.3 -2.3 0
PRECIPITATION (INCHES)
RECORD
MAXIMUM 5.13 2013
MINIMUM 0.38 1965
TOTALS 5.09 2.49 2.60 1.68
DAILY AVG. 0.19 0.08 0.11 0.06
DAYS >= .01 11 12.7 -1.7 12
DAYS >= .10 10 6.4 3.6 6
DAYS >= .50 5 1.3 3.7 0
DAYS >= 1.00 1 0.4 0.6 0
GREATEST
24 HR. TOTAL 1.55 03/06 TO 03/07 0.48 03/04 TO 03/04
STORM TOTAL 1.14 0.48
(MM/DD(HH)) MM
DEGREE DAYS
HEATING TOTAL 779 1152 -373 1055
SINCE 7/1 5813 7122 -1309 MM
COOLING TOTAL 0 0 0 0
SINCE 1/1 0 0 0 MM
................................................................
WIND (MPH)
AVERAGE WIND SPEED 6.5
HIGHEST WIND SPEED/DIRECTION 32/330 DATE 03/29
HIGHEST GUST SPEED/DIRECTION 49/320 DATE 03/29
SKY COVER
POSSIBLE SUNSHINE (PERCENT) MM
AVERAGE SKY COVER 0.61
NUMBER OF DAYS FAIR 7
NUMBER OF DAYS PC 7
NUMBER OF DAYS CLOUDY 11
AVERAGE RH (PERCENT) 70
WEATHER CONDITIONS. NUMBER OF DAYS WITH
THUNDERSTORM 0 MIXED PRECIP 0
HEAVY RAIN 0 RAIN 5
LIGHT RAIN 9 FREEZING RAIN 0
LT FREEZING RAIN 0 HAIL 0
HEAVY SNOW 0 SNOW 3
LIGHT SNOW 6 SLEET 0
FOG 15 FOG W/VIS <= 1/4 MILE 8
HAZE 3
- INDICATES NEGATIVE NUMBERS.
R INDICATES RECORD WAS SET OR TIED.
MM INDICATES DATA IS MISSING.
T INDICATES TRACE AMOUNT.
$$