000
CXUS53 KMPX 010910
CF6MPX
PRELIMINARY LOCAL CLIMATOLOGICAL DATA (WS FORM: F-6)
STATION: CHANHASSEN MN
MONTH: MARCH
YEAR: 2022
LATITUDE: 44 50 N
LONGITUDE: 93 34 W
TEMPERATURE IN F: :PCPN: SNOW: WIND :SUNSHINE: SKY :PK WND
================================================================================
1 2 3 4 5 6A 6B 7 8 9 10 11 12 13 14 15 16 17 18
12Z AVG MX 2MIN
DY MAX MIN AVG DEP HDD CDD WTR SNW DPTH SPD SPD DIR MIN PSBL S-S WX SPD DR
================================================================================
1 38 25 32 8 33 0 0.00 0.0 4 M M M M M M M M
2 32 21 27 3 38 0 T T 3 M M M M M M M M
3 24 15 20 -5 45 0 0.00 0.0 3 M M M M M M M M
4 35 21 28 3 37 0 T 0.0 2 M M M M M M M M
5 33 28 31 5 34 0 0.67 0.1 2 M M M M M M M M
6 28 18 23 -3 42 0 0.25 3.1 5 M M M M M M M M
7 28 12 20 -7 45 0 0.00 0.0 5 M M M M M M M M
8 34 19 27 0 38 0 T T 5 M M M M M M M M
9 22 5 14 -14 51 0 T T 4 M M M M M M M M
10 25 1 13 -15 52 0 0.00 0.0 4 M M M M M M M M
11 22 0 11 -17 54 0 0.00 0.0 4 M M M M M M M M
12 28 -4 12 -17 53 0 0.00 0.0 4 M M M M M M M M
13 40 23 32 2 33 0 0.00 0.0 4 M M M M M M M M
14 38 24 31 1 34 0 0.04 0.6 2 M M M M M M M M
15 50 19 35 5 30 0 0.00 0.0 2 M M M M M M M M
16 52 35 44 13 21 0 0.00 0.0 T M M M M M M M M
17 45 34 40 8 25 0 0.00 0.0 T M M M M M M M M
18 45 27 36 4 29 0 0.00 0.0 T M M M M M M M M
19 53 23 38 6 27 0 0.00 0.0 0 M M M M M M M M
20 60 24 42 9 23 0 0.00 0.0 0 M M M M M M M M
21 65 45 55 22 10 0 T 0.0 0 M M M M M M M M
22 46 33 40 6 25 0 0.98 0.0 0 M M M M M M M M
23 35 31 33 -1 32 0 0.09 0.6 T M M M M M M M M
24 43 32 38 3 27 0 T T 0 M M M M M M M M
25 41 24 33 -2 32 0 T T 0 M M M M M M M M
26 30 18 24 -12 41 0 0.00 0.0 0 M M M M M M M M
27 29 12 21 -15 44 0 0.00 0.0 0 M M M M M M M M
28 36 14 25 -12 40 0 0.00 0.0 0 M M M M M M M M
29 43 31 37 0 28 0 0.11 0.0 0 M M M M M M M M
30 33 30 32 -6 33 0 0.22 0.2 T M M M M M M M M
31 35 23 29 -9 36 0 T T 0 M M M M M M M M
================================================================================
SM 1168 663 1092 0 2.36 4.6 M M M
================================================================================
AV 37.7 21.4 M FASTST M M M MAX(MPH)
MISC ----> M M M M
================================================================================
NOTES:
# LAST OF SEVERAL OCCURRENCES
COLUMN 17 PEAK WIND IN M.P.H.
PRELIMINARY LOCAL CLIMATOLOGICAL DATA (WS FORM: F-6) , PAGE 2
STATION: CHANHASSEN MN
MONTH: MARCH
YEAR: 2022
LATITUDE: 44 50 N
LONGITUDE: 93 34 W
[TEMPERATURE DATA] [PRECIPITATION DATA] SYMBOLS USED IN COLUMN 16
AVERAGE MONTHLY: 29.5 TOTAL FOR MONTH: 2.36 1 = FOG OR MIST
DPTR FM NORMAL: -1.5 DPTR FM NORMAL: 0.80 2 = FOG REDUCING VISIBILITY
HIGHEST: 65 ON 21 GRTST 24HR 0.98 ON 22-22 TO 1/4 MILE OR LESS
LOWEST: -4 ON 12 3 = THUNDER
SNOW, ICE PELLETS, HAIL 4 = ICE PELLETS
TOTAL MONTH: 4.6 INCHES 5 = HAIL
GRTST 24HR 3.1 ON 6- 6 6 = FREEZING RAIN OR DRIZZLE
GRTST DEPTH: 5 ON 8, 7 7 = DUSTSTORM OR SANDSTORM:
VSBY 1/2 MILE OR LESS
8 = SMOKE OR HAZE
[NO. OF DAYS WITH] [WEATHER - DAYS WITH] 9 = BLOWING SNOW
X = TORNADO
MAX 32 OR BELOW: 10 0.01 INCH OR MORE: 7
MAX 90 OR ABOVE: 0 0.10 INCH OR MORE: 5
MIN 32 OR BELOW: 27 0.50 INCH OR MORE: 2
MIN 0 OR BELOW: 2 1.00 INCH OR MORE: 0
[HDD (BASE 65) ]
TOTAL THIS MO. 1092 CLEAR (SCALE 0-3) 0
DPTR FM NORMAL 36 PTCLDY (SCALE 4-7) 0
TOTAL FM JUL 1 7001 CLOUDY (SCALE 8-10) 31
DPTR FM NORMAL -63
[CDD (BASE 65) ]
TOTAL THIS MO. 0
DPTR FM NORMAL 0 [PRESSURE DATA]
TOTAL FM JAN 1 0 HIGHEST SLP M ON M
DPTR FM NORMAL 0 LOWEST SLP M ON M
[REMARKS]
#FINAL-03-22#