000
CXUS54 KMAF 011110
CF6MRF
PRELIMINARY LOCAL CLIMATOLOGICAL DATA (WS FORM: F-6)
STATION: MARFA
MONTH: AUGUST
YEAR: 2022
LATITUDE: 30 22 N
LONGITUDE: 104 1 W
TEMPERATURE IN F: :PCPN: SNOW: WIND :SUNSHINE: SKY :PK WND
================================================================================
1 2 3 4 5 6A 6B 7 8 9 10 11 12 13 14 15 16 17 18
12Z AVG MX 2MIN
DY MAX MIN AVG DEP HDD CDD WTR SNW DPTH SPD SPD DIR MIN PSBL S-S WX SPD DR
================================================================================
1 94 59 77 M 0 12 M M M 6.0 14 120 M M 1 M M
2 95 60 78 M 0 13 M M M 5.5 13 130 M M 0 M M
3 97 66 82 M 0 17 0.07 M M 5.9 16 90 M M 2 3 35 40
4 95 64 80 M 0 15 M M M 6.6 15 170 M M 1 3 20 50
5 94 65 80 M 0 15 M M M 6.7 15 90 M M 1 25 80
6 91 58 75 M 0 10 M M M 7.4 17 110 M M 2 21 90
7 87 65 76 M 0 11 0.04 M M 7.5 17 60 M M 3 M M
8 87 64 76 M 0 11 T M M 6.7 18 90 M M 3 3 18 360
9 91 60 76 M 0 11 M M M 7.9 15 60 M M 1 20 100
10 92 61 77 M 0 12 M M M 9.8 20 50 M M 1 31 90
11 87 61 74 M 0 9 0.01 M M 9.3 22 10 M M 2 3 33 350
12 88 65 77 M 0 12 M M M 6.6 12 50 M M 2 M M
13 90 59 75 M 0 10 M M M 7.2 13 70 M M 2 21 10
14 92 64 78 M 0 13 M M M 7.9 16 60 M M 2 22 40
15 86 60 73 M 0 8 M M M 10.6 21 40 M M 1 31 70
16 75 63 69 M 0 4 2.83 M M 13.2 25 30 M M 9 13 35 30
17 81 64 73 M 0 8 0.01 M M 8.6 15 70 M M 5 20 140
18 81 66 74 M 0 9 0.01 M M 5.7 14 50 M M 4 3 M M
19 83 63 73 M 0 8 0.05 M M 7.4 22 120 M M 4 13 31 120
20 84 64 74 M 0 9 T M M 7.9 15 190 M M 4 24 170
21 85 64 75 M 0 10 0.06 M M 5.9 18 10 M M 4 22 40
22 78 65 72 M 0 7 T M M 7.8 16 20 M M 5 20 50
23 77 63 70 M 0 5 T M M 7.7 15 50 M M 8 M M
24 81 66 74 M 0 9 T M M 7.8 16 60 M M 9 M M
25 82 63 73 M 0 8 M M M 8.5 16 70 M M 8 17 50
26 82 59 71 M 0 6 T M M 6.0 14 110 M M 2 17 90
27 85 57 71 M 0 6 T M M 5.4 20 350 M M 1 M M
28 89 62 76 M 0 11 0.25 M M 4.4 10 320 M M 2 3 47 80
29 85 60 73 M 0 8 0.12 M M 6.2 35 100 M M 3 13 54 110
30 78 60 69 M 0 4 T M M 13.3 28 50 M M 7 13 35 50
31 69 63 66 M 0 1 0.40 M M 8.2 18 50 M M 8 1 M M
================================================================================
SM 2661 1933 0 292 3.85 M 235.4 M 107
================================================================================
AV 85.8 62.4 7.6 FASTST M M 3 MAX(MPH)
MISC ----> 35 100 54 110
================================================================================
NOTES:
# LAST OF SEVERAL OCCURRENCES
COLUMN 17 PEAK WIND IN M.P.H.
PRELIMINARY LOCAL CLIMATOLOGICAL DATA (WS FORM: F-6) , PAGE 2
STATION: MARFA
MONTH: AUGUST
YEAR: 2022
LATITUDE: 30 22 N
LONGITUDE: 104 1 W
[TEMPERATURE DATA] [PRECIPITATION DATA] SYMBOLS USED IN COLUMN 16
AVERAGE MONTHLY: 74.1 TOTAL FOR MONTH: 3.85 1 = FOG OR MIST
DPTR FM NORMAL: 0.0 DPTR FM NORMAL: M 2 = FOG REDUCING VISIBILITY
HIGHEST: 97 ON 3 GRTST 24HR 2.83 ON 16-16 TO 1/4 MILE OR LESS
LOWEST: 57 ON 27 3 = THUNDER
SNOW, ICE PELLETS, HAIL 4 = ICE PELLETS
TOTAL MONTH: M 5 = HAIL
GRTST 24HR M ON M 6 = FREEZING RAIN OR DRIZZLE
GRTST DEPTH: M ON M 7 = DUSTSTORM OR SANDSTORM:
VSBY 1/2 MILE OR LESS
8 = SMOKE OR HAZE
[NO. OF DAYS WITH] [WEATHER - DAYS WITH] 9 = BLOWING SNOW
X = TORNADO
MAX 32 OR BELOW: 0 0.01 INCH OR MORE: 11
MAX 90 OR ABOVE: 10 0.10 INCH OR MORE: 4
MIN 32 OR BELOW: 0 0.50 INCH OR MORE: 1
MIN 0 OR BELOW: 0 1.00 INCH OR MORE: 1
[HDD (BASE 65) ]
TOTAL THIS MO. 0 CLEAR (SCALE 0-3) 17
DPTR FM NORMAL M PTCLDY (SCALE 4-7) 12
TOTAL FM JUL 1 0 CLOUDY (SCALE 8-10) 2
DPTR FM NORMAL M
[CDD (BASE 65) ]
TOTAL THIS MO. 292
DPTR FM NORMAL M [PRESSURE DATA]
TOTAL FM JAN 1 1248 HIGHEST SLP M ON M
DPTR FM NORMAL M LOWEST SLP M ON M
[REMARKS]
#FINAL-08-22#